{"id":10230,"date":"2022-05-23T16:28:53","date_gmt":"2022-05-23T21:28:53","guid":{"rendered":"https:\/\/acuariosupremus.com\/?post_type=product&#038;p=10230"},"modified":"2026-01-01T16:02:12","modified_gmt":"2026-01-01T22:02:12","slug":"dymax-niche-blue-mat-esponja-retencion-de-bacterias-larga-duracion","status":"publish","type":"product","link":"https:\/\/acuariosupremus.com\/?product=dymax-niche-blue-mat-esponja-retencion-de-bacterias-larga-duracion","title":{"rendered":"DYMAX NICHE BLUE MAT, esponja retenci\u00f3n de bacterias larga duraci\u00f3n."},"content":{"rendered":"<p>Este material es muy duradero y qu\u00edmicamente inerte al agua, por lo que es totalmente seguro para todas las especies acu\u00e1ticas, obteniendo un agua muy transparente en pocos minutos. Puede lavar varias veces este medio filtrante enjuag\u00e1ndolo brevemente en agua limpia.<\/p>\n<p>Producto: NICHE BLUE MAT Peso Neto: 55 (grs.) Peso total: 55 (grs)\u00a0 Tama\u00f1o: 40 x 120 x 320 mm (l x a x h)<\/p>\n","protected":false},"excerpt":{"rendered":"<p>Serie de esponjas filtrantes para agua dulce y salada basadas en unas fibras sint\u00e9ticas que combinan las etapas de filtraci\u00f3n mec\u00e1nica y biol\u00f3gica. Niche Blue Mat y Niche Bio-Sponge est\u00e1n dise\u00f1adas para albergar una gran cantidad de bacterias filtrantes y retener part\u00edculas s\u00f3lidas, siendo el material Bio-Sponge el m\u00e1s fino de ambos.<\/p>\n<p>Al combinar de forma ordenada estos tres materiales en un filtro de cualquier tipo producimos un efecto sin\u00e9rgico de filtraci\u00f3n biol\u00f3gica y mec\u00e1nica, obteniendo una gran calidad de agua y una alta transparencia.<\/p>\n","protected":false},"featured_media":10231,"template":"","meta":[],"product_brand":[126],"product_cat":[40,48],"product_tag":[264],"class_list":{"0":"post-10230","1":"product","2":"type-product","3":"status-publish","4":"has-post-thumbnail","6":"product_brand-dymax","7":"product_cat-peces","8":"product_cat-material-filtrante","9":"product_tag-material-filtrante","11":"first","12":"instock","13":"sale","14":"shipping-taxable","15":"purchasable","16":"product-type-simple"},"yoast_head":"<!-- This site is optimized with the Yoast SEO plugin v27.4 - https:\/\/yoast.com\/product\/yoast-seo-wordpress\/ -->\n<title>DYMAX NICHE BLUE MAT, esponja retenci\u00f3n de bacterias larga duraci\u00f3n. | Acuario Supremus<\/title>\n<meta name=\"description\" content=\"Niche Blue Mat est\u00e1 dise\u00f1ada para albergar una gran cantidad de bacterias filtrantes y retener part\u00edculas s\u00f3lidas.\" \/>\n<meta name=\"robots\" content=\"index, follow, max-snippet:-1, max-image-preview:large, max-video-preview:-1\" \/>\n<link rel=\"canonical\" href=\"https:\/\/acuariosupremus.com\/?product=dymax-niche-blue-mat-esponja-retencion-de-bacterias-larga-duracion\" \/>\n<meta property=\"og:locale\" content=\"es_MX\" \/>\n<meta property=\"og:type\" content=\"article\" \/>\n<meta property=\"og:title\" content=\"DYMAX NICHE BLUE MAT, esponja retenci\u00f3n de bacterias larga duraci\u00f3n. | Acuario Supremus\" \/>\n<meta property=\"og:description\" content=\"Niche Blue Mat est\u00e1 dise\u00f1ada para albergar una gran cantidad de bacterias filtrantes y retener part\u00edculas s\u00f3lidas.\" \/>\n<meta property=\"og:url\" content=\"https:\/\/acuariosupremus.com\/?product=dymax-niche-blue-mat-esponja-retencion-de-bacterias-larga-duracion\" \/>\n<meta property=\"og:site_name\" content=\"Acuario Supremus\" \/>\n<meta property=\"article:publisher\" content=\"https:\/\/www.facebook.com\/AcuarioSupremus\" \/>\n<meta property=\"article:modified_time\" content=\"2026-01-01T22:02:12+00:00\" \/>\n<meta property=\"og:image\" content=\"https:\/\/acuariosupremus.com\/wp-content\/uploads\/2022\/05\/esponja_filtrante_dymax_niche_blue_mat_01.jpg\" \/>\n\t<meta property=\"og:image:width\" content=\"1250\" \/>\n\t<meta property=\"og:image:height\" content=\"1250\" \/>\n\t<meta property=\"og:image:type\" content=\"image\/jpeg\" \/>\n<meta name=\"twitter:card\" content=\"summary_large_image\" \/>\n<meta name=\"twitter:site\" content=\"@AcuarioSupremus\" \/>\n<meta name=\"twitter:label1\" content=\"Tiempo de lectura\" \/>\n\t<meta name=\"twitter:data1\" content=\"1 minuto\" \/>\n<script type=\"application\/ld+json\" class=\"yoast-schema-graph\">{\"@context\":\"https:\\\/\\\/schema.org\",\"@graph\":[{\"@type\":\"WebPage\",\"@id\":\"https:\\\/\\\/acuariosupremus.com\\\/?product=dymax-niche-blue-mat-esponja-retencion-de-bacterias-larga-duracion\",\"url\":\"https:\\\/\\\/acuariosupremus.com\\\/?product=dymax-niche-blue-mat-esponja-retencion-de-bacterias-larga-duracion\",\"name\":\"DYMAX NICHE BLUE MAT, esponja retenci\u00f3n de bacterias larga duraci\u00f3n. | Acuario Supremus\",\"isPartOf\":{\"@id\":\"https:\\\/\\\/acuariosupremus.com\\\/#website\"},\"primaryImageOfPage\":{\"@id\":\"https:\\\/\\\/acuariosupremus.com\\\/?product=dymax-niche-blue-mat-esponja-retencion-de-bacterias-larga-duracion#primaryimage\"},\"image\":{\"@id\":\"https:\\\/\\\/acuariosupremus.com\\\/?product=dymax-niche-blue-mat-esponja-retencion-de-bacterias-larga-duracion#primaryimage\"},\"thumbnailUrl\":\"https:\\\/\\\/acuariosupremus.com\\\/wp-content\\\/uploads\\\/2022\\\/05\\\/esponja_filtrante_dymax_niche_blue_mat_01.jpg\",\"datePublished\":\"2022-05-23T21:28:53+00:00\",\"dateModified\":\"2026-01-01T22:02:12+00:00\",\"description\":\"Niche Blue Mat est\u00e1 dise\u00f1ada para albergar una gran cantidad de bacterias filtrantes y retener part\u00edculas s\u00f3lidas.\",\"breadcrumb\":{\"@id\":\"https:\\\/\\\/acuariosupremus.com\\\/?product=dymax-niche-blue-mat-esponja-retencion-de-bacterias-larga-duracion#breadcrumb\"},\"inLanguage\":\"es\",\"potentialAction\":[{\"@type\":\"ReadAction\",\"target\":[\"https:\\\/\\\/acuariosupremus.com\\\/?product=dymax-niche-blue-mat-esponja-retencion-de-bacterias-larga-duracion\"]}]},{\"@type\":\"ImageObject\",\"inLanguage\":\"es\",\"@id\":\"https:\\\/\\\/acuariosupremus.com\\\/?product=dymax-niche-blue-mat-esponja-retencion-de-bacterias-larga-duracion#primaryimage\",\"url\":\"https:\\\/\\\/acuariosupremus.com\\\/wp-content\\\/uploads\\\/2022\\\/05\\\/esponja_filtrante_dymax_niche_blue_mat_01.jpg\",\"contentUrl\":\"https:\\\/\\\/acuariosupremus.com\\\/wp-content\\\/uploads\\\/2022\\\/05\\\/esponja_filtrante_dymax_niche_blue_mat_01.jpg\",\"width\":1250,\"height\":1250},{\"@type\":\"BreadcrumbList\",\"@id\":\"https:\\\/\\\/acuariosupremus.com\\\/?product=dymax-niche-blue-mat-esponja-retencion-de-bacterias-larga-duracion#breadcrumb\",\"itemListElement\":[{\"@type\":\"ListItem\",\"position\":1,\"name\":\"Portada\",\"item\":\"https:\\\/\\\/acuariosupremus.com\\\/\"},{\"@type\":\"ListItem\",\"position\":2,\"name\":\"Tienda\",\"item\":\"https:\\\/\\\/acuariosupremus.com\\\/tienda\\\/\"},{\"@type\":\"ListItem\",\"position\":3,\"name\":\"DYMAX NICHE BLUE MAT, esponja retenci\u00f3n de bacterias larga duraci\u00f3n.\"}]},{\"@type\":\"WebSite\",\"@id\":\"https:\\\/\\\/acuariosupremus.com\\\/#website\",\"url\":\"https:\\\/\\\/acuariosupremus.com\\\/\",\"name\":\"Acuario Supremus\",\"description\":\"Peces, Peceras y Mascotas.\",\"publisher\":{\"@id\":\"https:\\\/\\\/acuariosupremus.com\\\/#organization\"},\"potentialAction\":[{\"@type\":\"SearchAction\",\"target\":{\"@type\":\"EntryPoint\",\"urlTemplate\":\"https:\\\/\\\/acuariosupremus.com\\\/?s={search_term_string}\"},\"query-input\":{\"@type\":\"PropertyValueSpecification\",\"valueRequired\":true,\"valueName\":\"search_term_string\"}}],\"inLanguage\":\"es\"},{\"@type\":\"Organization\",\"@id\":\"https:\\\/\\\/acuariosupremus.com\\\/#organization\",\"name\":\"Acuario Supremus\",\"url\":\"https:\\\/\\\/acuariosupremus.com\\\/\",\"logo\":{\"@type\":\"ImageObject\",\"inLanguage\":\"es\",\"@id\":\"https:\\\/\\\/acuariosupremus.com\\\/#\\\/schema\\\/logo\\\/image\\\/\",\"url\":\"https:\\\/\\\/acuariosupremus.com\\\/wp-content\\\/uploads\\\/2021\\\/12\\\/cropped-logo_acuario_supremus_fn-2.png\",\"contentUrl\":\"https:\\\/\\\/acuariosupremus.com\\\/wp-content\\\/uploads\\\/2021\\\/12\\\/cropped-logo_acuario_supremus_fn-2.png\",\"width\":1000,\"height\":318,\"caption\":\"Acuario Supremus\"},\"image\":{\"@id\":\"https:\\\/\\\/acuariosupremus.com\\\/#\\\/schema\\\/logo\\\/image\\\/\"},\"sameAs\":[\"https:\\\/\\\/www.facebook.com\\\/AcuarioSupremus\",\"https:\\\/\\\/x.com\\\/AcuarioSupremus\",\"https:\\\/\\\/www.instagram.com\\\/acuariosupremus\\\/?hl=es\"]}]}<\/script>\n<!-- \/ Yoast SEO plugin. -->","yoast_head_json":{"title":"DYMAX NICHE BLUE MAT, esponja retenci\u00f3n de bacterias larga duraci\u00f3n. | Acuario Supremus","description":"Niche Blue Mat est\u00e1 dise\u00f1ada para albergar una gran cantidad de bacterias filtrantes y retener part\u00edculas s\u00f3lidas.","robots":{"index":"index","follow":"follow","max-snippet":"max-snippet:-1","max-image-preview":"max-image-preview:large","max-video-preview":"max-video-preview:-1"},"canonical":"https:\/\/acuariosupremus.com\/?product=dymax-niche-blue-mat-esponja-retencion-de-bacterias-larga-duracion","og_locale":"es_MX","og_type":"article","og_title":"DYMAX NICHE BLUE MAT, esponja retenci\u00f3n de bacterias larga duraci\u00f3n. | Acuario Supremus","og_description":"Niche Blue Mat est\u00e1 dise\u00f1ada para albergar una gran cantidad de bacterias filtrantes y retener part\u00edculas s\u00f3lidas.","og_url":"https:\/\/acuariosupremus.com\/?product=dymax-niche-blue-mat-esponja-retencion-de-bacterias-larga-duracion","og_site_name":"Acuario Supremus","article_publisher":"https:\/\/www.facebook.com\/AcuarioSupremus","article_modified_time":"2026-01-01T22:02:12+00:00","og_image":[{"width":1250,"height":1250,"url":"https:\/\/acuariosupremus.com\/wp-content\/uploads\/2022\/05\/esponja_filtrante_dymax_niche_blue_mat_01.jpg","type":"image\/jpeg"}],"twitter_card":"summary_large_image","twitter_site":"@AcuarioSupremus","twitter_misc":{"Tiempo de lectura":"1 minuto"},"schema":{"@context":"https:\/\/schema.org","@graph":[{"@type":"WebPage","@id":"https:\/\/acuariosupremus.com\/?product=dymax-niche-blue-mat-esponja-retencion-de-bacterias-larga-duracion","url":"https:\/\/acuariosupremus.com\/?product=dymax-niche-blue-mat-esponja-retencion-de-bacterias-larga-duracion","name":"DYMAX NICHE BLUE MAT, esponja retenci\u00f3n de bacterias larga duraci\u00f3n. | Acuario Supremus","isPartOf":{"@id":"https:\/\/acuariosupremus.com\/#website"},"primaryImageOfPage":{"@id":"https:\/\/acuariosupremus.com\/?product=dymax-niche-blue-mat-esponja-retencion-de-bacterias-larga-duracion#primaryimage"},"image":{"@id":"https:\/\/acuariosupremus.com\/?product=dymax-niche-blue-mat-esponja-retencion-de-bacterias-larga-duracion#primaryimage"},"thumbnailUrl":"https:\/\/acuariosupremus.com\/wp-content\/uploads\/2022\/05\/esponja_filtrante_dymax_niche_blue_mat_01.jpg","datePublished":"2022-05-23T21:28:53+00:00","dateModified":"2026-01-01T22:02:12+00:00","description":"Niche Blue Mat est\u00e1 dise\u00f1ada para albergar una gran cantidad de bacterias filtrantes y retener part\u00edculas s\u00f3lidas.","breadcrumb":{"@id":"https:\/\/acuariosupremus.com\/?product=dymax-niche-blue-mat-esponja-retencion-de-bacterias-larga-duracion#breadcrumb"},"inLanguage":"es","potentialAction":[{"@type":"ReadAction","target":["https:\/\/acuariosupremus.com\/?product=dymax-niche-blue-mat-esponja-retencion-de-bacterias-larga-duracion"]}]},{"@type":"ImageObject","inLanguage":"es","@id":"https:\/\/acuariosupremus.com\/?product=dymax-niche-blue-mat-esponja-retencion-de-bacterias-larga-duracion#primaryimage","url":"https:\/\/acuariosupremus.com\/wp-content\/uploads\/2022\/05\/esponja_filtrante_dymax_niche_blue_mat_01.jpg","contentUrl":"https:\/\/acuariosupremus.com\/wp-content\/uploads\/2022\/05\/esponja_filtrante_dymax_niche_blue_mat_01.jpg","width":1250,"height":1250},{"@type":"BreadcrumbList","@id":"https:\/\/acuariosupremus.com\/?product=dymax-niche-blue-mat-esponja-retencion-de-bacterias-larga-duracion#breadcrumb","itemListElement":[{"@type":"ListItem","position":1,"name":"Portada","item":"https:\/\/acuariosupremus.com\/"},{"@type":"ListItem","position":2,"name":"Tienda","item":"https:\/\/acuariosupremus.com\/tienda\/"},{"@type":"ListItem","position":3,"name":"DYMAX NICHE BLUE MAT, esponja retenci\u00f3n de bacterias larga duraci\u00f3n."}]},{"@type":"WebSite","@id":"https:\/\/acuariosupremus.com\/#website","url":"https:\/\/acuariosupremus.com\/","name":"Acuario Supremus","description":"Peces, Peceras y Mascotas.","publisher":{"@id":"https:\/\/acuariosupremus.com\/#organization"},"potentialAction":[{"@type":"SearchAction","target":{"@type":"EntryPoint","urlTemplate":"https:\/\/acuariosupremus.com\/?s={search_term_string}"},"query-input":{"@type":"PropertyValueSpecification","valueRequired":true,"valueName":"search_term_string"}}],"inLanguage":"es"},{"@type":"Organization","@id":"https:\/\/acuariosupremus.com\/#organization","name":"Acuario Supremus","url":"https:\/\/acuariosupremus.com\/","logo":{"@type":"ImageObject","inLanguage":"es","@id":"https:\/\/acuariosupremus.com\/#\/schema\/logo\/image\/","url":"https:\/\/acuariosupremus.com\/wp-content\/uploads\/2021\/12\/cropped-logo_acuario_supremus_fn-2.png","contentUrl":"https:\/\/acuariosupremus.com\/wp-content\/uploads\/2021\/12\/cropped-logo_acuario_supremus_fn-2.png","width":1000,"height":318,"caption":"Acuario Supremus"},"image":{"@id":"https:\/\/acuariosupremus.com\/#\/schema\/logo\/image\/"},"sameAs":["https:\/\/www.facebook.com\/AcuarioSupremus","https:\/\/x.com\/AcuarioSupremus","https:\/\/www.instagram.com\/acuariosupremus\/?hl=es"]}]}},"jetpack_sharing_enabled":true,"_links":{"self":[{"href":"https:\/\/acuariosupremus.com\/index.php?rest_route=\/wp\/v2\/product\/10230","targetHints":{"allow":["GET"]}}],"collection":[{"href":"https:\/\/acuariosupremus.com\/index.php?rest_route=\/wp\/v2\/product"}],"about":[{"href":"https:\/\/acuariosupremus.com\/index.php?rest_route=\/wp\/v2\/types\/product"}],"wp:featuredmedia":[{"embeddable":true,"href":"https:\/\/acuariosupremus.com\/index.php?rest_route=\/wp\/v2\/media\/10231"}],"wp:attachment":[{"href":"https:\/\/acuariosupremus.com\/index.php?rest_route=%2Fwp%2Fv2%2Fmedia&parent=10230"}],"wp:term":[{"taxonomy":"product_brand","embeddable":true,"href":"https:\/\/acuariosupremus.com\/index.php?rest_route=%2Fwp%2Fv2%2Fproduct_brand&post=10230"},{"taxonomy":"product_cat","embeddable":true,"href":"https:\/\/acuariosupremus.com\/index.php?rest_route=%2Fwp%2Fv2%2Fproduct_cat&post=10230"},{"taxonomy":"product_tag","embeddable":true,"href":"https:\/\/acuariosupremus.com\/index.php?rest_route=%2Fwp%2Fv2%2Fproduct_tag&post=10230"}],"curies":[{"name":"wp","href":"https:\/\/api.w.org\/{rel}","templated":true}]}}