{"id":10232,"date":"2022-05-23T16:30:34","date_gmt":"2022-05-23T21:30:34","guid":{"rendered":"https:\/\/acuariosupremus.com\/?post_type=product&#038;p=10232"},"modified":"2026-01-01T16:02:27","modified_gmt":"2026-01-01T22:02:27","slug":"dymax-niche-hard-wool-esponja-blanca-para-filtracion-mecanica","status":"publish","type":"product","link":"https:\/\/acuariosupremus.com\/?product=dymax-niche-hard-wool-esponja-blanca-para-filtracion-mecanica","title":{"rendered":"DYMAX NICHE HARD WOOL, esponja blanca para filtraci\u00f3n mec\u00e1nica."},"content":{"rendered":"<p>Este material es muy duradero y qu\u00edmicamente inerte al agua, por lo que es totalmente seguro para todas las especies acu\u00e1ticas, obteniendo un agua muy transparente en pocos minutos. Puede lavar varias veces este medio filtrante enjuag\u00e1ndolo brevemente en agua limpia.<\/p>\n<p>Producto: NICHE HARD WOOL Peso Neto: 55 (grs.) Peso total: 55 (grs)\u00a0 Tama\u00f1o: 40 x 120 x 320 mm (l x a x h)<\/p>\n","protected":false},"excerpt":{"rendered":"<p>Serie de esponjas filtrantes para agua dulce y salada basadas en unas fibras sint\u00e9ticas que combinan las etapas de filtraci\u00f3n mec\u00e1nica y biol\u00f3gica. Niche Hard Wool posee unas micro-fibras de color blanco muy duraderas, pensadas para la retenci\u00f3n mec\u00e1nica de s\u00f3lidos que afectan negativamente a la transparencia del agua.<\/p>\n<p>Al combinar de forma ordenada estos tres materiales en un filtro de cualquier tipo producimos un efecto sin\u00e9rgico de filtraci\u00f3n biol\u00f3gica y mec\u00e1nica, obteniendo una gran calidad de agua y una alta transparencia<\/p>\n","protected":false},"featured_media":10233,"template":"","meta":[],"product_brand":[126],"product_cat":[40,48],"product_tag":[264],"class_list":{"0":"post-10232","1":"product","2":"type-product","3":"status-publish","4":"has-post-thumbnail","6":"product_brand-dymax","7":"product_cat-peces","8":"product_cat-material-filtrante","9":"product_tag-material-filtrante","11":"first","12":"instock","13":"sale","14":"shipping-taxable","15":"purchasable","16":"product-type-simple"},"yoast_head":"<!-- This site is optimized with the Yoast SEO plugin v27.4 - https:\/\/yoast.com\/product\/yoast-seo-wordpress\/ -->\n<title>DYMAX NICHE HARD WOOL, esponja blanca para filtraci\u00f3n mec\u00e1nica. | Acuario Supremus<\/title>\n<meta name=\"description\" content=\"Niche Hard Wool posee unas micro-fibras de color blanco muy duraderas, para la retenci\u00f3n mec\u00e1nica de s\u00f3lidos que afectan a la transparencia del agua.\" \/>\n<meta name=\"robots\" content=\"index, follow, max-snippet:-1, max-image-preview:large, max-video-preview:-1\" \/>\n<link rel=\"canonical\" href=\"https:\/\/acuariosupremus.com\/?product=dymax-niche-hard-wool-esponja-blanca-para-filtracion-mecanica\" \/>\n<meta property=\"og:locale\" content=\"es_MX\" \/>\n<meta property=\"og:type\" content=\"article\" \/>\n<meta property=\"og:title\" content=\"DYMAX NICHE HARD WOOL, esponja blanca para filtraci\u00f3n mec\u00e1nica. | Acuario Supremus\" \/>\n<meta property=\"og:description\" content=\"Niche Hard Wool posee unas micro-fibras de color blanco muy duraderas, para la retenci\u00f3n mec\u00e1nica de s\u00f3lidos que afectan a la transparencia del agua.\" \/>\n<meta property=\"og:url\" content=\"https:\/\/acuariosupremus.com\/?product=dymax-niche-hard-wool-esponja-blanca-para-filtracion-mecanica\" \/>\n<meta property=\"og:site_name\" content=\"Acuario Supremus\" \/>\n<meta property=\"article:publisher\" content=\"https:\/\/www.facebook.com\/AcuarioSupremus\" \/>\n<meta property=\"article:modified_time\" content=\"2026-01-01T22:02:27+00:00\" \/>\n<meta property=\"og:image\" content=\"https:\/\/acuariosupremus.com\/wp-content\/uploads\/2022\/05\/esponja_filtrante_dymax_niche_hard_wool_01.jpg\" \/>\n\t<meta property=\"og:image:width\" content=\"1250\" \/>\n\t<meta property=\"og:image:height\" content=\"1250\" \/>\n\t<meta property=\"og:image:type\" content=\"image\/jpeg\" \/>\n<meta name=\"twitter:card\" content=\"summary_large_image\" \/>\n<meta name=\"twitter:site\" content=\"@AcuarioSupremus\" \/>\n<meta name=\"twitter:label1\" content=\"Tiempo de lectura\" \/>\n\t<meta name=\"twitter:data1\" content=\"1 minuto\" \/>\n<script type=\"application\/ld+json\" class=\"yoast-schema-graph\">{\"@context\":\"https:\\\/\\\/schema.org\",\"@graph\":[{\"@type\":\"WebPage\",\"@id\":\"https:\\\/\\\/acuariosupremus.com\\\/?product=dymax-niche-hard-wool-esponja-blanca-para-filtracion-mecanica\",\"url\":\"https:\\\/\\\/acuariosupremus.com\\\/?product=dymax-niche-hard-wool-esponja-blanca-para-filtracion-mecanica\",\"name\":\"DYMAX NICHE HARD WOOL, esponja blanca para filtraci\u00f3n mec\u00e1nica. | Acuario Supremus\",\"isPartOf\":{\"@id\":\"https:\\\/\\\/acuariosupremus.com\\\/#website\"},\"primaryImageOfPage\":{\"@id\":\"https:\\\/\\\/acuariosupremus.com\\\/?product=dymax-niche-hard-wool-esponja-blanca-para-filtracion-mecanica#primaryimage\"},\"image\":{\"@id\":\"https:\\\/\\\/acuariosupremus.com\\\/?product=dymax-niche-hard-wool-esponja-blanca-para-filtracion-mecanica#primaryimage\"},\"thumbnailUrl\":\"https:\\\/\\\/acuariosupremus.com\\\/wp-content\\\/uploads\\\/2022\\\/05\\\/esponja_filtrante_dymax_niche_hard_wool_01.jpg\",\"datePublished\":\"2022-05-23T21:30:34+00:00\",\"dateModified\":\"2026-01-01T22:02:27+00:00\",\"description\":\"Niche Hard Wool posee unas micro-fibras de color blanco muy duraderas, para la retenci\u00f3n mec\u00e1nica de s\u00f3lidos que afectan a la transparencia del agua.\",\"breadcrumb\":{\"@id\":\"https:\\\/\\\/acuariosupremus.com\\\/?product=dymax-niche-hard-wool-esponja-blanca-para-filtracion-mecanica#breadcrumb\"},\"inLanguage\":\"es\",\"potentialAction\":[{\"@type\":\"ReadAction\",\"target\":[\"https:\\\/\\\/acuariosupremus.com\\\/?product=dymax-niche-hard-wool-esponja-blanca-para-filtracion-mecanica\"]}]},{\"@type\":\"ImageObject\",\"inLanguage\":\"es\",\"@id\":\"https:\\\/\\\/acuariosupremus.com\\\/?product=dymax-niche-hard-wool-esponja-blanca-para-filtracion-mecanica#primaryimage\",\"url\":\"https:\\\/\\\/acuariosupremus.com\\\/wp-content\\\/uploads\\\/2022\\\/05\\\/esponja_filtrante_dymax_niche_hard_wool_01.jpg\",\"contentUrl\":\"https:\\\/\\\/acuariosupremus.com\\\/wp-content\\\/uploads\\\/2022\\\/05\\\/esponja_filtrante_dymax_niche_hard_wool_01.jpg\",\"width\":1250,\"height\":1250},{\"@type\":\"BreadcrumbList\",\"@id\":\"https:\\\/\\\/acuariosupremus.com\\\/?product=dymax-niche-hard-wool-esponja-blanca-para-filtracion-mecanica#breadcrumb\",\"itemListElement\":[{\"@type\":\"ListItem\",\"position\":1,\"name\":\"Portada\",\"item\":\"https:\\\/\\\/acuariosupremus.com\\\/\"},{\"@type\":\"ListItem\",\"position\":2,\"name\":\"Tienda\",\"item\":\"https:\\\/\\\/acuariosupremus.com\\\/tienda\\\/\"},{\"@type\":\"ListItem\",\"position\":3,\"name\":\"DYMAX NICHE HARD WOOL, esponja blanca para filtraci\u00f3n mec\u00e1nica.\"}]},{\"@type\":\"WebSite\",\"@id\":\"https:\\\/\\\/acuariosupremus.com\\\/#website\",\"url\":\"https:\\\/\\\/acuariosupremus.com\\\/\",\"name\":\"Acuario Supremus\",\"description\":\"Peces, Peceras y Mascotas.\",\"publisher\":{\"@id\":\"https:\\\/\\\/acuariosupremus.com\\\/#organization\"},\"potentialAction\":[{\"@type\":\"SearchAction\",\"target\":{\"@type\":\"EntryPoint\",\"urlTemplate\":\"https:\\\/\\\/acuariosupremus.com\\\/?s={search_term_string}\"},\"query-input\":{\"@type\":\"PropertyValueSpecification\",\"valueRequired\":true,\"valueName\":\"search_term_string\"}}],\"inLanguage\":\"es\"},{\"@type\":\"Organization\",\"@id\":\"https:\\\/\\\/acuariosupremus.com\\\/#organization\",\"name\":\"Acuario Supremus\",\"url\":\"https:\\\/\\\/acuariosupremus.com\\\/\",\"logo\":{\"@type\":\"ImageObject\",\"inLanguage\":\"es\",\"@id\":\"https:\\\/\\\/acuariosupremus.com\\\/#\\\/schema\\\/logo\\\/image\\\/\",\"url\":\"https:\\\/\\\/acuariosupremus.com\\\/wp-content\\\/uploads\\\/2021\\\/12\\\/cropped-logo_acuario_supremus_fn-2.png\",\"contentUrl\":\"https:\\\/\\\/acuariosupremus.com\\\/wp-content\\\/uploads\\\/2021\\\/12\\\/cropped-logo_acuario_supremus_fn-2.png\",\"width\":1000,\"height\":318,\"caption\":\"Acuario Supremus\"},\"image\":{\"@id\":\"https:\\\/\\\/acuariosupremus.com\\\/#\\\/schema\\\/logo\\\/image\\\/\"},\"sameAs\":[\"https:\\\/\\\/www.facebook.com\\\/AcuarioSupremus\",\"https:\\\/\\\/x.com\\\/AcuarioSupremus\",\"https:\\\/\\\/www.instagram.com\\\/acuariosupremus\\\/?hl=es\"]}]}<\/script>\n<!-- \/ Yoast SEO plugin. -->","yoast_head_json":{"title":"DYMAX NICHE HARD WOOL, esponja blanca para filtraci\u00f3n mec\u00e1nica. | Acuario Supremus","description":"Niche Hard Wool posee unas micro-fibras de color blanco muy duraderas, para la retenci\u00f3n mec\u00e1nica de s\u00f3lidos que afectan a la transparencia del agua.","robots":{"index":"index","follow":"follow","max-snippet":"max-snippet:-1","max-image-preview":"max-image-preview:large","max-video-preview":"max-video-preview:-1"},"canonical":"https:\/\/acuariosupremus.com\/?product=dymax-niche-hard-wool-esponja-blanca-para-filtracion-mecanica","og_locale":"es_MX","og_type":"article","og_title":"DYMAX NICHE HARD WOOL, esponja blanca para filtraci\u00f3n mec\u00e1nica. | Acuario Supremus","og_description":"Niche Hard Wool posee unas micro-fibras de color blanco muy duraderas, para la retenci\u00f3n mec\u00e1nica de s\u00f3lidos que afectan a la transparencia del agua.","og_url":"https:\/\/acuariosupremus.com\/?product=dymax-niche-hard-wool-esponja-blanca-para-filtracion-mecanica","og_site_name":"Acuario Supremus","article_publisher":"https:\/\/www.facebook.com\/AcuarioSupremus","article_modified_time":"2026-01-01T22:02:27+00:00","og_image":[{"width":1250,"height":1250,"url":"https:\/\/acuariosupremus.com\/wp-content\/uploads\/2022\/05\/esponja_filtrante_dymax_niche_hard_wool_01.jpg","type":"image\/jpeg"}],"twitter_card":"summary_large_image","twitter_site":"@AcuarioSupremus","twitter_misc":{"Tiempo de lectura":"1 minuto"},"schema":{"@context":"https:\/\/schema.org","@graph":[{"@type":"WebPage","@id":"https:\/\/acuariosupremus.com\/?product=dymax-niche-hard-wool-esponja-blanca-para-filtracion-mecanica","url":"https:\/\/acuariosupremus.com\/?product=dymax-niche-hard-wool-esponja-blanca-para-filtracion-mecanica","name":"DYMAX NICHE HARD WOOL, esponja blanca para filtraci\u00f3n mec\u00e1nica. | Acuario Supremus","isPartOf":{"@id":"https:\/\/acuariosupremus.com\/#website"},"primaryImageOfPage":{"@id":"https:\/\/acuariosupremus.com\/?product=dymax-niche-hard-wool-esponja-blanca-para-filtracion-mecanica#primaryimage"},"image":{"@id":"https:\/\/acuariosupremus.com\/?product=dymax-niche-hard-wool-esponja-blanca-para-filtracion-mecanica#primaryimage"},"thumbnailUrl":"https:\/\/acuariosupremus.com\/wp-content\/uploads\/2022\/05\/esponja_filtrante_dymax_niche_hard_wool_01.jpg","datePublished":"2022-05-23T21:30:34+00:00","dateModified":"2026-01-01T22:02:27+00:00","description":"Niche Hard Wool posee unas micro-fibras de color blanco muy duraderas, para la retenci\u00f3n mec\u00e1nica de s\u00f3lidos que afectan a la transparencia del agua.","breadcrumb":{"@id":"https:\/\/acuariosupremus.com\/?product=dymax-niche-hard-wool-esponja-blanca-para-filtracion-mecanica#breadcrumb"},"inLanguage":"es","potentialAction":[{"@type":"ReadAction","target":["https:\/\/acuariosupremus.com\/?product=dymax-niche-hard-wool-esponja-blanca-para-filtracion-mecanica"]}]},{"@type":"ImageObject","inLanguage":"es","@id":"https:\/\/acuariosupremus.com\/?product=dymax-niche-hard-wool-esponja-blanca-para-filtracion-mecanica#primaryimage","url":"https:\/\/acuariosupremus.com\/wp-content\/uploads\/2022\/05\/esponja_filtrante_dymax_niche_hard_wool_01.jpg","contentUrl":"https:\/\/acuariosupremus.com\/wp-content\/uploads\/2022\/05\/esponja_filtrante_dymax_niche_hard_wool_01.jpg","width":1250,"height":1250},{"@type":"BreadcrumbList","@id":"https:\/\/acuariosupremus.com\/?product=dymax-niche-hard-wool-esponja-blanca-para-filtracion-mecanica#breadcrumb","itemListElement":[{"@type":"ListItem","position":1,"name":"Portada","item":"https:\/\/acuariosupremus.com\/"},{"@type":"ListItem","position":2,"name":"Tienda","item":"https:\/\/acuariosupremus.com\/tienda\/"},{"@type":"ListItem","position":3,"name":"DYMAX NICHE HARD WOOL, esponja blanca para filtraci\u00f3n mec\u00e1nica."}]},{"@type":"WebSite","@id":"https:\/\/acuariosupremus.com\/#website","url":"https:\/\/acuariosupremus.com\/","name":"Acuario Supremus","description":"Peces, Peceras y Mascotas.","publisher":{"@id":"https:\/\/acuariosupremus.com\/#organization"},"potentialAction":[{"@type":"SearchAction","target":{"@type":"EntryPoint","urlTemplate":"https:\/\/acuariosupremus.com\/?s={search_term_string}"},"query-input":{"@type":"PropertyValueSpecification","valueRequired":true,"valueName":"search_term_string"}}],"inLanguage":"es"},{"@type":"Organization","@id":"https:\/\/acuariosupremus.com\/#organization","name":"Acuario Supremus","url":"https:\/\/acuariosupremus.com\/","logo":{"@type":"ImageObject","inLanguage":"es","@id":"https:\/\/acuariosupremus.com\/#\/schema\/logo\/image\/","url":"https:\/\/acuariosupremus.com\/wp-content\/uploads\/2021\/12\/cropped-logo_acuario_supremus_fn-2.png","contentUrl":"https:\/\/acuariosupremus.com\/wp-content\/uploads\/2021\/12\/cropped-logo_acuario_supremus_fn-2.png","width":1000,"height":318,"caption":"Acuario Supremus"},"image":{"@id":"https:\/\/acuariosupremus.com\/#\/schema\/logo\/image\/"},"sameAs":["https:\/\/www.facebook.com\/AcuarioSupremus","https:\/\/x.com\/AcuarioSupremus","https:\/\/www.instagram.com\/acuariosupremus\/?hl=es"]}]}},"jetpack_sharing_enabled":true,"_links":{"self":[{"href":"https:\/\/acuariosupremus.com\/index.php?rest_route=\/wp\/v2\/product\/10232","targetHints":{"allow":["GET"]}}],"collection":[{"href":"https:\/\/acuariosupremus.com\/index.php?rest_route=\/wp\/v2\/product"}],"about":[{"href":"https:\/\/acuariosupremus.com\/index.php?rest_route=\/wp\/v2\/types\/product"}],"wp:featuredmedia":[{"embeddable":true,"href":"https:\/\/acuariosupremus.com\/index.php?rest_route=\/wp\/v2\/media\/10233"}],"wp:attachment":[{"href":"https:\/\/acuariosupremus.com\/index.php?rest_route=%2Fwp%2Fv2%2Fmedia&parent=10232"}],"wp:term":[{"taxonomy":"product_brand","embeddable":true,"href":"https:\/\/acuariosupremus.com\/index.php?rest_route=%2Fwp%2Fv2%2Fproduct_brand&post=10232"},{"taxonomy":"product_cat","embeddable":true,"href":"https:\/\/acuariosupremus.com\/index.php?rest_route=%2Fwp%2Fv2%2Fproduct_cat&post=10232"},{"taxonomy":"product_tag","embeddable":true,"href":"https:\/\/acuariosupremus.com\/index.php?rest_route=%2Fwp%2Fv2%2Fproduct_tag&post=10232"}],"curies":[{"name":"wp","href":"https:\/\/api.w.org\/{rel}","templated":true}]}}