{"id":10477,"date":"2022-05-25T19:03:19","date_gmt":"2022-05-26T00:03:19","guid":{"rendered":"https:\/\/acuariosupremus.com\/?post_type=product&#038;p=10477"},"modified":"2026-01-01T16:21:53","modified_gmt":"2026-01-01T22:21:53","slug":"hidrometro-con-termometro-de-cristal-dymax","status":"publish","type":"product","link":"https:\/\/acuariosupremus.com\/?product=hidrometro-con-termometro-de-cristal-dymax","title":{"rendered":"Hidr\u00f3metro con term\u00f3metro de cristal DYMAX."},"content":{"rendered":"<p>Este instrumento tiene un rango de medida de 1.000 a 1.060 \u2030 ppt. con graduaciones cada 0.002 \u2030 ppt. Posee una exactitud en la temperatura de \u00b10.5 \u00b0C con una resoluci\u00f3n de 1\u00b0C . Los rangos de operaci\u00f3n de densidad y temperatura m\u00e1s usados est\u00e1n destacados en color verde. Como la salinidad var\u00eda proporcionalmente con la temperatura este hidr\u00f3metro tiene un term\u00f3metro que facilita el empleo de las tablas de compensaci\u00f3n para obtener una mayor exactitud si fuera necesario. El rango de temperatura usual en el acuario de 24\u00b0C a 28\u00b0C queda destacado en color verde.<\/p>\n<p>Peso neto: 30 (grs.) Peso con embalaje: 40 (grs.) Dimensiones: 12 x 12 x 140 (l x a x h, mm) Dimensiones con embalaje: 15 x 15 x 150 (l x a x h, mm).<\/p>\n","protected":false},"excerpt":{"rendered":"<p>El hidr\u00f3metro es el m\u00e9todo m\u00e1s sencillo y confiable para determinar la salinidad, ya que no requiere alimentaci\u00f3n el\u00e9ctrica, no corre riesgo de descalibrarse y no contiene partes m\u00f3viles. Su funcionamiento es muy confiable, ya que se basa en el principio de flotabilidad de un cuerpo s\u00f3lido en un l\u00edquido en funci\u00f3n a su densidad relativa seg\u00fan la ley de Arqu\u00edmedes. En sistemas de arrecife, la gravedad espec\u00edfica podr\u00eda ajustarse entre 1.022 y 1.026 \u2030 ppt. seg\u00fan sus necesidades.<\/p>\n","protected":false},"featured_media":10478,"template":"","meta":[],"product_brand":[126],"product_cat":[40,64],"product_tag":[244],"class_list":{"0":"post-10477","1":"product","2":"type-product","3":"status-publish","4":"has-post-thumbnail","6":"product_brand-dymax","7":"product_cat-peces","8":"product_cat-termometros-y-densimetros","9":"product_tag-medidor-de-salinidad","11":"first","12":"instock","13":"sale","14":"shipping-taxable","15":"purchasable","16":"product-type-simple"},"yoast_head":"<!-- This site is optimized with the Yoast SEO plugin v27.4 - https:\/\/yoast.com\/product\/yoast-seo-wordpress\/ -->\n<title>Hidr\u00f3metro con term\u00f3metro de cristal DYMAX. | Acuario Supremus<\/title>\n<meta name=\"description\" content=\"El hidr\u00f3metro es el m\u00e9todo m\u00e1s sencillo y confiable para determinar la salinidad, ya que no corre riesgo de descalabrarse y no contiene partes m\u00f3viles.\" \/>\n<meta name=\"robots\" content=\"index, follow, max-snippet:-1, max-image-preview:large, max-video-preview:-1\" \/>\n<link rel=\"canonical\" href=\"https:\/\/acuariosupremus.com\/?product=hidrometro-con-termometro-de-cristal-dymax\" \/>\n<meta property=\"og:locale\" content=\"es_MX\" \/>\n<meta property=\"og:type\" content=\"article\" \/>\n<meta property=\"og:title\" content=\"Hidr\u00f3metro con term\u00f3metro de cristal DYMAX. | Acuario Supremus\" \/>\n<meta property=\"og:description\" content=\"El hidr\u00f3metro es el m\u00e9todo m\u00e1s sencillo y confiable para determinar la salinidad, ya que no corre riesgo de descalabrarse y no contiene partes m\u00f3viles.\" \/>\n<meta property=\"og:url\" content=\"https:\/\/acuariosupremus.com\/?product=hidrometro-con-termometro-de-cristal-dymax\" \/>\n<meta property=\"og:site_name\" content=\"Acuario Supremus\" \/>\n<meta property=\"article:publisher\" content=\"https:\/\/www.facebook.com\/AcuarioSupremus\" \/>\n<meta property=\"article:modified_time\" content=\"2026-01-01T22:21:53+00:00\" \/>\n<meta property=\"og:image\" content=\"https:\/\/acuariosupremus.com\/wp-content\/uploads\/2022\/05\/hidrometro_flotador_dymax_01.jpg\" \/>\n\t<meta property=\"og:image:width\" content=\"620\" \/>\n\t<meta property=\"og:image:height\" content=\"620\" \/>\n\t<meta property=\"og:image:type\" content=\"image\/jpeg\" \/>\n<meta name=\"twitter:card\" content=\"summary_large_image\" \/>\n<meta name=\"twitter:site\" content=\"@AcuarioSupremus\" \/>\n<meta name=\"twitter:label1\" content=\"Tiempo de lectura\" \/>\n\t<meta name=\"twitter:data1\" content=\"1 minuto\" \/>\n<script type=\"application\/ld+json\" class=\"yoast-schema-graph\">{\"@context\":\"https:\\\/\\\/schema.org\",\"@graph\":[{\"@type\":\"WebPage\",\"@id\":\"https:\\\/\\\/acuariosupremus.com\\\/?product=hidrometro-con-termometro-de-cristal-dymax\",\"url\":\"https:\\\/\\\/acuariosupremus.com\\\/?product=hidrometro-con-termometro-de-cristal-dymax\",\"name\":\"Hidr\u00f3metro con term\u00f3metro de cristal DYMAX. | Acuario Supremus\",\"isPartOf\":{\"@id\":\"https:\\\/\\\/acuariosupremus.com\\\/#website\"},\"primaryImageOfPage\":{\"@id\":\"https:\\\/\\\/acuariosupremus.com\\\/?product=hidrometro-con-termometro-de-cristal-dymax#primaryimage\"},\"image\":{\"@id\":\"https:\\\/\\\/acuariosupremus.com\\\/?product=hidrometro-con-termometro-de-cristal-dymax#primaryimage\"},\"thumbnailUrl\":\"https:\\\/\\\/acuariosupremus.com\\\/wp-content\\\/uploads\\\/2022\\\/05\\\/hidrometro_flotador_dymax_01.jpg\",\"datePublished\":\"2022-05-26T00:03:19+00:00\",\"dateModified\":\"2026-01-01T22:21:53+00:00\",\"description\":\"El hidr\u00f3metro es el m\u00e9todo m\u00e1s sencillo y confiable para determinar la salinidad, ya que no corre riesgo de descalabrarse y no contiene partes m\u00f3viles.\",\"breadcrumb\":{\"@id\":\"https:\\\/\\\/acuariosupremus.com\\\/?product=hidrometro-con-termometro-de-cristal-dymax#breadcrumb\"},\"inLanguage\":\"es\",\"potentialAction\":[{\"@type\":\"ReadAction\",\"target\":[\"https:\\\/\\\/acuariosupremus.com\\\/?product=hidrometro-con-termometro-de-cristal-dymax\"]}]},{\"@type\":\"ImageObject\",\"inLanguage\":\"es\",\"@id\":\"https:\\\/\\\/acuariosupremus.com\\\/?product=hidrometro-con-termometro-de-cristal-dymax#primaryimage\",\"url\":\"https:\\\/\\\/acuariosupremus.com\\\/wp-content\\\/uploads\\\/2022\\\/05\\\/hidrometro_flotador_dymax_01.jpg\",\"contentUrl\":\"https:\\\/\\\/acuariosupremus.com\\\/wp-content\\\/uploads\\\/2022\\\/05\\\/hidrometro_flotador_dymax_01.jpg\",\"width\":620,\"height\":620},{\"@type\":\"BreadcrumbList\",\"@id\":\"https:\\\/\\\/acuariosupremus.com\\\/?product=hidrometro-con-termometro-de-cristal-dymax#breadcrumb\",\"itemListElement\":[{\"@type\":\"ListItem\",\"position\":1,\"name\":\"Portada\",\"item\":\"https:\\\/\\\/acuariosupremus.com\\\/\"},{\"@type\":\"ListItem\",\"position\":2,\"name\":\"Tienda\",\"item\":\"https:\\\/\\\/acuariosupremus.com\\\/tienda\\\/\"},{\"@type\":\"ListItem\",\"position\":3,\"name\":\"Hidr\u00f3metro con term\u00f3metro de cristal DYMAX.\"}]},{\"@type\":\"WebSite\",\"@id\":\"https:\\\/\\\/acuariosupremus.com\\\/#website\",\"url\":\"https:\\\/\\\/acuariosupremus.com\\\/\",\"name\":\"Acuario Supremus\",\"description\":\"Peces, Peceras y Mascotas.\",\"publisher\":{\"@id\":\"https:\\\/\\\/acuariosupremus.com\\\/#organization\"},\"potentialAction\":[{\"@type\":\"SearchAction\",\"target\":{\"@type\":\"EntryPoint\",\"urlTemplate\":\"https:\\\/\\\/acuariosupremus.com\\\/?s={search_term_string}\"},\"query-input\":{\"@type\":\"PropertyValueSpecification\",\"valueRequired\":true,\"valueName\":\"search_term_string\"}}],\"inLanguage\":\"es\"},{\"@type\":\"Organization\",\"@id\":\"https:\\\/\\\/acuariosupremus.com\\\/#organization\",\"name\":\"Acuario Supremus\",\"url\":\"https:\\\/\\\/acuariosupremus.com\\\/\",\"logo\":{\"@type\":\"ImageObject\",\"inLanguage\":\"es\",\"@id\":\"https:\\\/\\\/acuariosupremus.com\\\/#\\\/schema\\\/logo\\\/image\\\/\",\"url\":\"https:\\\/\\\/acuariosupremus.com\\\/wp-content\\\/uploads\\\/2021\\\/12\\\/cropped-logo_acuario_supremus_fn-2.png\",\"contentUrl\":\"https:\\\/\\\/acuariosupremus.com\\\/wp-content\\\/uploads\\\/2021\\\/12\\\/cropped-logo_acuario_supremus_fn-2.png\",\"width\":1000,\"height\":318,\"caption\":\"Acuario Supremus\"},\"image\":{\"@id\":\"https:\\\/\\\/acuariosupremus.com\\\/#\\\/schema\\\/logo\\\/image\\\/\"},\"sameAs\":[\"https:\\\/\\\/www.facebook.com\\\/AcuarioSupremus\",\"https:\\\/\\\/x.com\\\/AcuarioSupremus\",\"https:\\\/\\\/www.instagram.com\\\/acuariosupremus\\\/?hl=es\"]}]}<\/script>\n<!-- \/ Yoast SEO plugin. -->","yoast_head_json":{"title":"Hidr\u00f3metro con term\u00f3metro de cristal DYMAX. | Acuario Supremus","description":"El hidr\u00f3metro es el m\u00e9todo m\u00e1s sencillo y confiable para determinar la salinidad, ya que no corre riesgo de descalabrarse y no contiene partes m\u00f3viles.","robots":{"index":"index","follow":"follow","max-snippet":"max-snippet:-1","max-image-preview":"max-image-preview:large","max-video-preview":"max-video-preview:-1"},"canonical":"https:\/\/acuariosupremus.com\/?product=hidrometro-con-termometro-de-cristal-dymax","og_locale":"es_MX","og_type":"article","og_title":"Hidr\u00f3metro con term\u00f3metro de cristal DYMAX. | Acuario Supremus","og_description":"El hidr\u00f3metro es el m\u00e9todo m\u00e1s sencillo y confiable para determinar la salinidad, ya que no corre riesgo de descalabrarse y no contiene partes m\u00f3viles.","og_url":"https:\/\/acuariosupremus.com\/?product=hidrometro-con-termometro-de-cristal-dymax","og_site_name":"Acuario Supremus","article_publisher":"https:\/\/www.facebook.com\/AcuarioSupremus","article_modified_time":"2026-01-01T22:21:53+00:00","og_image":[{"width":620,"height":620,"url":"https:\/\/acuariosupremus.com\/wp-content\/uploads\/2022\/05\/hidrometro_flotador_dymax_01.jpg","type":"image\/jpeg"}],"twitter_card":"summary_large_image","twitter_site":"@AcuarioSupremus","twitter_misc":{"Tiempo de lectura":"1 minuto"},"schema":{"@context":"https:\/\/schema.org","@graph":[{"@type":"WebPage","@id":"https:\/\/acuariosupremus.com\/?product=hidrometro-con-termometro-de-cristal-dymax","url":"https:\/\/acuariosupremus.com\/?product=hidrometro-con-termometro-de-cristal-dymax","name":"Hidr\u00f3metro con term\u00f3metro de cristal DYMAX. | Acuario Supremus","isPartOf":{"@id":"https:\/\/acuariosupremus.com\/#website"},"primaryImageOfPage":{"@id":"https:\/\/acuariosupremus.com\/?product=hidrometro-con-termometro-de-cristal-dymax#primaryimage"},"image":{"@id":"https:\/\/acuariosupremus.com\/?product=hidrometro-con-termometro-de-cristal-dymax#primaryimage"},"thumbnailUrl":"https:\/\/acuariosupremus.com\/wp-content\/uploads\/2022\/05\/hidrometro_flotador_dymax_01.jpg","datePublished":"2022-05-26T00:03:19+00:00","dateModified":"2026-01-01T22:21:53+00:00","description":"El hidr\u00f3metro es el m\u00e9todo m\u00e1s sencillo y confiable para determinar la salinidad, ya que no corre riesgo de descalabrarse y no contiene partes m\u00f3viles.","breadcrumb":{"@id":"https:\/\/acuariosupremus.com\/?product=hidrometro-con-termometro-de-cristal-dymax#breadcrumb"},"inLanguage":"es","potentialAction":[{"@type":"ReadAction","target":["https:\/\/acuariosupremus.com\/?product=hidrometro-con-termometro-de-cristal-dymax"]}]},{"@type":"ImageObject","inLanguage":"es","@id":"https:\/\/acuariosupremus.com\/?product=hidrometro-con-termometro-de-cristal-dymax#primaryimage","url":"https:\/\/acuariosupremus.com\/wp-content\/uploads\/2022\/05\/hidrometro_flotador_dymax_01.jpg","contentUrl":"https:\/\/acuariosupremus.com\/wp-content\/uploads\/2022\/05\/hidrometro_flotador_dymax_01.jpg","width":620,"height":620},{"@type":"BreadcrumbList","@id":"https:\/\/acuariosupremus.com\/?product=hidrometro-con-termometro-de-cristal-dymax#breadcrumb","itemListElement":[{"@type":"ListItem","position":1,"name":"Portada","item":"https:\/\/acuariosupremus.com\/"},{"@type":"ListItem","position":2,"name":"Tienda","item":"https:\/\/acuariosupremus.com\/tienda\/"},{"@type":"ListItem","position":3,"name":"Hidr\u00f3metro con term\u00f3metro de cristal DYMAX."}]},{"@type":"WebSite","@id":"https:\/\/acuariosupremus.com\/#website","url":"https:\/\/acuariosupremus.com\/","name":"Acuario Supremus","description":"Peces, Peceras y Mascotas.","publisher":{"@id":"https:\/\/acuariosupremus.com\/#organization"},"potentialAction":[{"@type":"SearchAction","target":{"@type":"EntryPoint","urlTemplate":"https:\/\/acuariosupremus.com\/?s={search_term_string}"},"query-input":{"@type":"PropertyValueSpecification","valueRequired":true,"valueName":"search_term_string"}}],"inLanguage":"es"},{"@type":"Organization","@id":"https:\/\/acuariosupremus.com\/#organization","name":"Acuario Supremus","url":"https:\/\/acuariosupremus.com\/","logo":{"@type":"ImageObject","inLanguage":"es","@id":"https:\/\/acuariosupremus.com\/#\/schema\/logo\/image\/","url":"https:\/\/acuariosupremus.com\/wp-content\/uploads\/2021\/12\/cropped-logo_acuario_supremus_fn-2.png","contentUrl":"https:\/\/acuariosupremus.com\/wp-content\/uploads\/2021\/12\/cropped-logo_acuario_supremus_fn-2.png","width":1000,"height":318,"caption":"Acuario Supremus"},"image":{"@id":"https:\/\/acuariosupremus.com\/#\/schema\/logo\/image\/"},"sameAs":["https:\/\/www.facebook.com\/AcuarioSupremus","https:\/\/x.com\/AcuarioSupremus","https:\/\/www.instagram.com\/acuariosupremus\/?hl=es"]}]}},"jetpack_sharing_enabled":true,"_links":{"self":[{"href":"https:\/\/acuariosupremus.com\/index.php?rest_route=\/wp\/v2\/product\/10477","targetHints":{"allow":["GET"]}}],"collection":[{"href":"https:\/\/acuariosupremus.com\/index.php?rest_route=\/wp\/v2\/product"}],"about":[{"href":"https:\/\/acuariosupremus.com\/index.php?rest_route=\/wp\/v2\/types\/product"}],"wp:featuredmedia":[{"embeddable":true,"href":"https:\/\/acuariosupremus.com\/index.php?rest_route=\/wp\/v2\/media\/10478"}],"wp:attachment":[{"href":"https:\/\/acuariosupremus.com\/index.php?rest_route=%2Fwp%2Fv2%2Fmedia&parent=10477"}],"wp:term":[{"taxonomy":"product_brand","embeddable":true,"href":"https:\/\/acuariosupremus.com\/index.php?rest_route=%2Fwp%2Fv2%2Fproduct_brand&post=10477"},{"taxonomy":"product_cat","embeddable":true,"href":"https:\/\/acuariosupremus.com\/index.php?rest_route=%2Fwp%2Fv2%2Fproduct_cat&post=10477"},{"taxonomy":"product_tag","embeddable":true,"href":"https:\/\/acuariosupremus.com\/index.php?rest_route=%2Fwp%2Fv2%2Fproduct_tag&post=10477"}],"curies":[{"name":"wp","href":"https:\/\/api.w.org\/{rel}","templated":true}]}}