{"id":10487,"date":"2022-05-25T19:32:13","date_gmt":"2022-05-26T00:32:13","guid":{"rendered":"https:\/\/acuariosupremus.com\/?post_type=product&#038;p=10487"},"modified":"2026-01-01T16:22:19","modified_gmt":"2026-01-01T22:22:19","slug":"tapa-con-rejilla-de-ventilacion-para-acuario-dymax-iq7","status":"publish","type":"product","link":"https:\/\/acuariosupremus.com\/?product=tapa-con-rejilla-de-ventilacion-para-acuario-dymax-iq7","title":{"rendered":"Tapa con rejilla de ventilaci\u00f3n para acuario DYMAX IQ7."},"content":{"rendered":"<p>Este accesorio est\u00e1 fabricado con material acr\u00edlico inyectado de muy alta calidad, inocuo al agua dulce o salada y 100% resistente a la corrosi\u00f3n. Estas propiedades junto con su gran rigidez y baja fragilidad en comparaci\u00f3n al vidrio le garantizan una larga vida \u00fatil. La tasa de trasparencia de su material acr\u00edlico es casi total. Las ventajas de esta propiedad son la no disminuci\u00f3n de la intensidad de luz de la iluminaria a la hora de iluminar el interior del acuario y la total fidelidad en la reproducci\u00f3n de los colores de los organismos de su acuario<\/p>\n<p>Modelo: DYIQ7T Compatibilidad: IQ9 (acuario iQ) Bisagras NO TIENE (n\u00famero) M\u00e1x. apertura Desmontable (grados) Medidas: 303 x 203 x 5 (l x a x h mm) Peso 125 (grs.) Peso con embalaje 310 (grs.) Medidas embalaje 308 x 232 x 26 (mm).<\/p>\n","protected":false},"excerpt":{"rendered":"<p>Tapa basculable de acr\u00edlico transparente para acuarios DYMAX de la serie IQ. Existen tres modelos espec\u00edficos para adaptarse perfectamente a todos los tama\u00f1os de acuarios de la serie IQ. Los modelos IQ3 LID e IQ5 LID Cuentan con su propio sistema de sujeci\u00f3n al borde superior del acuario, con bisagras que permiten abrir la tapa hasta 100 grados y manteni\u00e9ndose abierta sin tener que sujetarla, mientras que el modelo iQ7 LID se apoya directamente en el borde superior del acuario y cuenta con una ventana de registro para alimentar a los peces. Incorporar una tapa al equipamiento de su acuario IQ es extremadamente recomendable, ya que evitar\u00e1 que los peces puedan salir del acuario debido a saltos accidentales. Por otro lado, la p\u00e9rdida de agua por evaporaci\u00f3n disminuye hasta en un 80%, reduciendo considerablemente los periodos de relleno de agua. Tambi\u00e9n evita que la humedad o salpicaduras ocasionales que puedan salir del acuario protegiendo luminaria y evitando que los objetos pr\u00f3ximos al acuario puedan da\u00f1arse.<\/p>\n","protected":false},"featured_media":10483,"template":"","meta":[],"product_brand":[126],"product_cat":[40,66],"product_tag":[234],"class_list":{"0":"post-10487","1":"product","2":"type-product","3":"status-publish","4":"has-post-thumbnail","6":"product_brand-dymax","7":"product_cat-peces","8":"product_cat-varios","9":"product_tag-acuario-nano","11":"first","12":"instock","13":"sale","14":"shipping-taxable","15":"purchasable","16":"product-type-simple"},"yoast_head":"<!-- This site is optimized with the Yoast SEO plugin v27.4 - https:\/\/yoast.com\/product\/yoast-seo-wordpress\/ -->\n<title>Tapa con rejilla de ventilaci\u00f3n para acuario DYMAX IQ7. | Acuario Supremus<\/title>\n<meta name=\"description\" content=\"iQ7 LID se apoya directamente en el borde superior del acuario y cuenta con una ventana de registro para alimentar a los peces.\" \/>\n<meta name=\"robots\" content=\"index, follow, max-snippet:-1, max-image-preview:large, max-video-preview:-1\" \/>\n<link rel=\"canonical\" href=\"https:\/\/acuariosupremus.com\/?product=tapa-con-rejilla-de-ventilacion-para-acuario-dymax-iq7\" \/>\n<meta property=\"og:locale\" content=\"es_MX\" \/>\n<meta property=\"og:type\" content=\"article\" \/>\n<meta property=\"og:title\" content=\"Tapa con rejilla de ventilaci\u00f3n para acuario DYMAX IQ7. | Acuario Supremus\" \/>\n<meta property=\"og:description\" content=\"iQ7 LID se apoya directamente en el borde superior del acuario y cuenta con una ventana de registro para alimentar a los peces.\" \/>\n<meta property=\"og:url\" content=\"https:\/\/acuariosupremus.com\/?product=tapa-con-rejilla-de-ventilacion-para-acuario-dymax-iq7\" \/>\n<meta property=\"og:site_name\" content=\"Acuario Supremus\" \/>\n<meta property=\"article:publisher\" content=\"https:\/\/www.facebook.com\/AcuarioSupremus\" \/>\n<meta property=\"article:modified_time\" content=\"2026-01-01T22:22:19+00:00\" \/>\n<meta property=\"og:image\" content=\"https:\/\/acuariosupremus.com\/wp-content\/uploads\/2022\/05\/dymax_iq-lid_01.jpg\" \/>\n\t<meta property=\"og:image:width\" content=\"1250\" \/>\n\t<meta property=\"og:image:height\" content=\"1250\" \/>\n\t<meta property=\"og:image:type\" content=\"image\/jpeg\" \/>\n<meta name=\"twitter:card\" content=\"summary_large_image\" \/>\n<meta name=\"twitter:site\" content=\"@AcuarioSupremus\" \/>\n<meta name=\"twitter:label1\" content=\"Tiempo de lectura\" \/>\n\t<meta name=\"twitter:data1\" content=\"1 minuto\" \/>\n<script type=\"application\/ld+json\" class=\"yoast-schema-graph\">{\"@context\":\"https:\\\/\\\/schema.org\",\"@graph\":[{\"@type\":\"WebPage\",\"@id\":\"https:\\\/\\\/acuariosupremus.com\\\/?product=tapa-con-rejilla-de-ventilacion-para-acuario-dymax-iq7\",\"url\":\"https:\\\/\\\/acuariosupremus.com\\\/?product=tapa-con-rejilla-de-ventilacion-para-acuario-dymax-iq7\",\"name\":\"Tapa con rejilla de ventilaci\u00f3n para acuario DYMAX IQ7. | Acuario Supremus\",\"isPartOf\":{\"@id\":\"https:\\\/\\\/acuariosupremus.com\\\/#website\"},\"primaryImageOfPage\":{\"@id\":\"https:\\\/\\\/acuariosupremus.com\\\/?product=tapa-con-rejilla-de-ventilacion-para-acuario-dymax-iq7#primaryimage\"},\"image\":{\"@id\":\"https:\\\/\\\/acuariosupremus.com\\\/?product=tapa-con-rejilla-de-ventilacion-para-acuario-dymax-iq7#primaryimage\"},\"thumbnailUrl\":\"https:\\\/\\\/acuariosupremus.com\\\/wp-content\\\/uploads\\\/2022\\\/05\\\/dymax_iq-lid_01.jpg\",\"datePublished\":\"2022-05-26T00:32:13+00:00\",\"dateModified\":\"2026-01-01T22:22:19+00:00\",\"description\":\"iQ7 LID se apoya directamente en el borde superior del acuario y cuenta con una ventana de registro para alimentar a los peces.\",\"breadcrumb\":{\"@id\":\"https:\\\/\\\/acuariosupremus.com\\\/?product=tapa-con-rejilla-de-ventilacion-para-acuario-dymax-iq7#breadcrumb\"},\"inLanguage\":\"es\",\"potentialAction\":[{\"@type\":\"ReadAction\",\"target\":[\"https:\\\/\\\/acuariosupremus.com\\\/?product=tapa-con-rejilla-de-ventilacion-para-acuario-dymax-iq7\"]}]},{\"@type\":\"ImageObject\",\"inLanguage\":\"es\",\"@id\":\"https:\\\/\\\/acuariosupremus.com\\\/?product=tapa-con-rejilla-de-ventilacion-para-acuario-dymax-iq7#primaryimage\",\"url\":\"https:\\\/\\\/acuariosupremus.com\\\/wp-content\\\/uploads\\\/2022\\\/05\\\/dymax_iq-lid_01.jpg\",\"contentUrl\":\"https:\\\/\\\/acuariosupremus.com\\\/wp-content\\\/uploads\\\/2022\\\/05\\\/dymax_iq-lid_01.jpg\",\"width\":1250,\"height\":1250},{\"@type\":\"BreadcrumbList\",\"@id\":\"https:\\\/\\\/acuariosupremus.com\\\/?product=tapa-con-rejilla-de-ventilacion-para-acuario-dymax-iq7#breadcrumb\",\"itemListElement\":[{\"@type\":\"ListItem\",\"position\":1,\"name\":\"Portada\",\"item\":\"https:\\\/\\\/acuariosupremus.com\\\/\"},{\"@type\":\"ListItem\",\"position\":2,\"name\":\"Tienda\",\"item\":\"https:\\\/\\\/acuariosupremus.com\\\/tienda\\\/\"},{\"@type\":\"ListItem\",\"position\":3,\"name\":\"Tapa con rejilla de ventilaci\u00f3n para acuario DYMAX IQ7.\"}]},{\"@type\":\"WebSite\",\"@id\":\"https:\\\/\\\/acuariosupremus.com\\\/#website\",\"url\":\"https:\\\/\\\/acuariosupremus.com\\\/\",\"name\":\"Acuario Supremus\",\"description\":\"Peces, Peceras y Mascotas.\",\"publisher\":{\"@id\":\"https:\\\/\\\/acuariosupremus.com\\\/#organization\"},\"potentialAction\":[{\"@type\":\"SearchAction\",\"target\":{\"@type\":\"EntryPoint\",\"urlTemplate\":\"https:\\\/\\\/acuariosupremus.com\\\/?s={search_term_string}\"},\"query-input\":{\"@type\":\"PropertyValueSpecification\",\"valueRequired\":true,\"valueName\":\"search_term_string\"}}],\"inLanguage\":\"es\"},{\"@type\":\"Organization\",\"@id\":\"https:\\\/\\\/acuariosupremus.com\\\/#organization\",\"name\":\"Acuario Supremus\",\"url\":\"https:\\\/\\\/acuariosupremus.com\\\/\",\"logo\":{\"@type\":\"ImageObject\",\"inLanguage\":\"es\",\"@id\":\"https:\\\/\\\/acuariosupremus.com\\\/#\\\/schema\\\/logo\\\/image\\\/\",\"url\":\"https:\\\/\\\/acuariosupremus.com\\\/wp-content\\\/uploads\\\/2021\\\/12\\\/cropped-logo_acuario_supremus_fn-2.png\",\"contentUrl\":\"https:\\\/\\\/acuariosupremus.com\\\/wp-content\\\/uploads\\\/2021\\\/12\\\/cropped-logo_acuario_supremus_fn-2.png\",\"width\":1000,\"height\":318,\"caption\":\"Acuario Supremus\"},\"image\":{\"@id\":\"https:\\\/\\\/acuariosupremus.com\\\/#\\\/schema\\\/logo\\\/image\\\/\"},\"sameAs\":[\"https:\\\/\\\/www.facebook.com\\\/AcuarioSupremus\",\"https:\\\/\\\/x.com\\\/AcuarioSupremus\",\"https:\\\/\\\/www.instagram.com\\\/acuariosupremus\\\/?hl=es\"]}]}<\/script>\n<!-- \/ Yoast SEO plugin. -->","yoast_head_json":{"title":"Tapa con rejilla de ventilaci\u00f3n para acuario DYMAX IQ7. | Acuario Supremus","description":"iQ7 LID se apoya directamente en el borde superior del acuario y cuenta con una ventana de registro para alimentar a los peces.","robots":{"index":"index","follow":"follow","max-snippet":"max-snippet:-1","max-image-preview":"max-image-preview:large","max-video-preview":"max-video-preview:-1"},"canonical":"https:\/\/acuariosupremus.com\/?product=tapa-con-rejilla-de-ventilacion-para-acuario-dymax-iq7","og_locale":"es_MX","og_type":"article","og_title":"Tapa con rejilla de ventilaci\u00f3n para acuario DYMAX IQ7. | Acuario Supremus","og_description":"iQ7 LID se apoya directamente en el borde superior del acuario y cuenta con una ventana de registro para alimentar a los peces.","og_url":"https:\/\/acuariosupremus.com\/?product=tapa-con-rejilla-de-ventilacion-para-acuario-dymax-iq7","og_site_name":"Acuario Supremus","article_publisher":"https:\/\/www.facebook.com\/AcuarioSupremus","article_modified_time":"2026-01-01T22:22:19+00:00","og_image":[{"width":1250,"height":1250,"url":"https:\/\/acuariosupremus.com\/wp-content\/uploads\/2022\/05\/dymax_iq-lid_01.jpg","type":"image\/jpeg"}],"twitter_card":"summary_large_image","twitter_site":"@AcuarioSupremus","twitter_misc":{"Tiempo de lectura":"1 minuto"},"schema":{"@context":"https:\/\/schema.org","@graph":[{"@type":"WebPage","@id":"https:\/\/acuariosupremus.com\/?product=tapa-con-rejilla-de-ventilacion-para-acuario-dymax-iq7","url":"https:\/\/acuariosupremus.com\/?product=tapa-con-rejilla-de-ventilacion-para-acuario-dymax-iq7","name":"Tapa con rejilla de ventilaci\u00f3n para acuario DYMAX IQ7. | Acuario Supremus","isPartOf":{"@id":"https:\/\/acuariosupremus.com\/#website"},"primaryImageOfPage":{"@id":"https:\/\/acuariosupremus.com\/?product=tapa-con-rejilla-de-ventilacion-para-acuario-dymax-iq7#primaryimage"},"image":{"@id":"https:\/\/acuariosupremus.com\/?product=tapa-con-rejilla-de-ventilacion-para-acuario-dymax-iq7#primaryimage"},"thumbnailUrl":"https:\/\/acuariosupremus.com\/wp-content\/uploads\/2022\/05\/dymax_iq-lid_01.jpg","datePublished":"2022-05-26T00:32:13+00:00","dateModified":"2026-01-01T22:22:19+00:00","description":"iQ7 LID se apoya directamente en el borde superior del acuario y cuenta con una ventana de registro para alimentar a los peces.","breadcrumb":{"@id":"https:\/\/acuariosupremus.com\/?product=tapa-con-rejilla-de-ventilacion-para-acuario-dymax-iq7#breadcrumb"},"inLanguage":"es","potentialAction":[{"@type":"ReadAction","target":["https:\/\/acuariosupremus.com\/?product=tapa-con-rejilla-de-ventilacion-para-acuario-dymax-iq7"]}]},{"@type":"ImageObject","inLanguage":"es","@id":"https:\/\/acuariosupremus.com\/?product=tapa-con-rejilla-de-ventilacion-para-acuario-dymax-iq7#primaryimage","url":"https:\/\/acuariosupremus.com\/wp-content\/uploads\/2022\/05\/dymax_iq-lid_01.jpg","contentUrl":"https:\/\/acuariosupremus.com\/wp-content\/uploads\/2022\/05\/dymax_iq-lid_01.jpg","width":1250,"height":1250},{"@type":"BreadcrumbList","@id":"https:\/\/acuariosupremus.com\/?product=tapa-con-rejilla-de-ventilacion-para-acuario-dymax-iq7#breadcrumb","itemListElement":[{"@type":"ListItem","position":1,"name":"Portada","item":"https:\/\/acuariosupremus.com\/"},{"@type":"ListItem","position":2,"name":"Tienda","item":"https:\/\/acuariosupremus.com\/tienda\/"},{"@type":"ListItem","position":3,"name":"Tapa con rejilla de ventilaci\u00f3n para acuario DYMAX IQ7."}]},{"@type":"WebSite","@id":"https:\/\/acuariosupremus.com\/#website","url":"https:\/\/acuariosupremus.com\/","name":"Acuario Supremus","description":"Peces, Peceras y Mascotas.","publisher":{"@id":"https:\/\/acuariosupremus.com\/#organization"},"potentialAction":[{"@type":"SearchAction","target":{"@type":"EntryPoint","urlTemplate":"https:\/\/acuariosupremus.com\/?s={search_term_string}"},"query-input":{"@type":"PropertyValueSpecification","valueRequired":true,"valueName":"search_term_string"}}],"inLanguage":"es"},{"@type":"Organization","@id":"https:\/\/acuariosupremus.com\/#organization","name":"Acuario Supremus","url":"https:\/\/acuariosupremus.com\/","logo":{"@type":"ImageObject","inLanguage":"es","@id":"https:\/\/acuariosupremus.com\/#\/schema\/logo\/image\/","url":"https:\/\/acuariosupremus.com\/wp-content\/uploads\/2021\/12\/cropped-logo_acuario_supremus_fn-2.png","contentUrl":"https:\/\/acuariosupremus.com\/wp-content\/uploads\/2021\/12\/cropped-logo_acuario_supremus_fn-2.png","width":1000,"height":318,"caption":"Acuario Supremus"},"image":{"@id":"https:\/\/acuariosupremus.com\/#\/schema\/logo\/image\/"},"sameAs":["https:\/\/www.facebook.com\/AcuarioSupremus","https:\/\/x.com\/AcuarioSupremus","https:\/\/www.instagram.com\/acuariosupremus\/?hl=es"]}]}},"jetpack_sharing_enabled":true,"_links":{"self":[{"href":"https:\/\/acuariosupremus.com\/index.php?rest_route=\/wp\/v2\/product\/10487","targetHints":{"allow":["GET"]}}],"collection":[{"href":"https:\/\/acuariosupremus.com\/index.php?rest_route=\/wp\/v2\/product"}],"about":[{"href":"https:\/\/acuariosupremus.com\/index.php?rest_route=\/wp\/v2\/types\/product"}],"wp:featuredmedia":[{"embeddable":true,"href":"https:\/\/acuariosupremus.com\/index.php?rest_route=\/wp\/v2\/media\/10483"}],"wp:attachment":[{"href":"https:\/\/acuariosupremus.com\/index.php?rest_route=%2Fwp%2Fv2%2Fmedia&parent=10487"}],"wp:term":[{"taxonomy":"product_brand","embeddable":true,"href":"https:\/\/acuariosupremus.com\/index.php?rest_route=%2Fwp%2Fv2%2Fproduct_brand&post=10487"},{"taxonomy":"product_cat","embeddable":true,"href":"https:\/\/acuariosupremus.com\/index.php?rest_route=%2Fwp%2Fv2%2Fproduct_cat&post=10487"},{"taxonomy":"product_tag","embeddable":true,"href":"https:\/\/acuariosupremus.com\/index.php?rest_route=%2Fwp%2Fv2%2Fproduct_tag&post=10487"}],"curies":[{"name":"wp","href":"https:\/\/api.w.org\/{rel}","templated":true}]}}