{"id":1074,"date":"2022-01-27T17:35:09","date_gmt":"2022-01-27T23:35:09","guid":{"rendered":"https:\/\/acuariosupremus.com\/?post_type=product&#038;p=1074"},"modified":"2026-04-20T17:10:41","modified_gmt":"2026-04-20T23:10:41","slug":"alimento-lomas-spirulina-boost-350gr","status":"publish","type":"product","link":"https:\/\/acuariosupremus.com\/?product=alimento-lomas-spirulina-boost-350gr","title":{"rendered":"ALIMENTO LOMAS SPIRULINA BOOST 350GR"},"content":{"rendered":"<p>Instrucciones:<br \/>\nAlimente dos veces al d\u00eda. Ofrezca s\u00f3lo lo que los peces puedan consumir en 5 minutos. Nota: No enturbia el agua si se administra seg\u00fan las instrucciones.<\/p>\n<p>Ingredientes:<br \/>\nEspirulina, gluten de ma\u00edz, ma\u00edz entero, harina de trigo, germen de trigo, gluten de trigo, cascarilla de trigo, harina de linaza, harina de canola, harina de soya, concentrado de prote\u00edna de soya, prote\u00edna de ch\u00edcharo, levadura de cerveza, harina de ma\u00edz, harina de arroz, harina de alfalfa, cebada molida, carbonato de calcio, aceite de soya, harina de espinaca, lecitina, L-Ascorbil-2fosfato (fuente de vitamina C), fosfato dic\u00e1lcico, cloruro de colina, acetato de vitamina A, acetato de d-alfa tocoferol (fuente de vitamina E), Colecalciferol (fuente de vitamina D3), fosfato de calcio, biotina, hidrocloruro de piridoxina, etoxiquina, mononitrato de tiamina, \u00e1cido f\u00f3lico, riboflavina, cianocobalamina (fuente de vitamina B12), \u00f3xido manganoso, \u00f3xido de zinc, carbonato ferroso, sulfato de cobre, sulfato de zinc, iodato de calcio, carbonato de cobalto, selenito de sodio.<\/p>\n<p>An\u00e1lisis garantizado: Prote\u00edna cruda Min. 34.0% Grasa cruda Min. 8.0% Fibra cruda Max. 4.0% Humedad Max.<br \/>\n8.0%<\/p>\n<p>Contenido:<br \/>\n<strong>350 gramos.<\/strong><\/p>\n","protected":false},"excerpt":{"rendered":"<p>El alimento Premium para peces herb\u00edvoros Spirulina Boost, es un alimento vegetal para peces herb\u00edvoros formulado con un alto contenido de alga espirulina para mejorar el color y estimular el crecimiento adicionado con vitamina C estabilizada y un suplemento multivitam\u00ednico, Spirulina Boost acent\u00faa el color y promueve el crecimiento de los peces japoneses, c\u00edclidos africanos y peces viv\u00edparos (molies, platties y espadas).<\/p>\n","protected":false},"featured_media":1076,"template":"","meta":[],"product_brand":[105],"product_cat":[40,43],"product_tag":[142,148,143],"class_list":{"0":"post-1074","1":"product","2":"type-product","3":"status-publish","4":"has-post-thumbnail","6":"product_brand-lomas","7":"product_cat-peces","8":"product_cat-alimentos","9":"product_tag-alimento-lomas","10":"product_tag-alimento-peces-tropicales","11":"product_tag-spirulina","13":"first","14":"instock","15":"sale","16":"shipping-taxable","17":"purchasable","18":"product-type-simple"},"yoast_head":"<!-- This site is optimized with the Yoast SEO plugin v27.4 - https:\/\/yoast.com\/product\/yoast-seo-wordpress\/ -->\n<title>ALIMENTO LOMAS SPIRULINA BOOST 350GR | Acuario Supremus<\/title>\n<meta name=\"description\" content=\"Es un alimento vegetal para peces herb\u00edvoros con un alto contenido de alga espirulina para mejorar el color y estimular el crecimiento.\" \/>\n<meta name=\"robots\" content=\"index, follow, max-snippet:-1, max-image-preview:large, max-video-preview:-1\" \/>\n<link rel=\"canonical\" href=\"https:\/\/acuariosupremus.com\/?product=alimento-lomas-spirulina-boost-350gr\" \/>\n<meta property=\"og:locale\" content=\"es_MX\" \/>\n<meta property=\"og:type\" content=\"article\" \/>\n<meta property=\"og:title\" content=\"ALIMENTO LOMAS SPIRULINA BOOST 350GR | Acuario Supremus\" \/>\n<meta property=\"og:description\" content=\"Es un alimento vegetal para peces herb\u00edvoros con un alto contenido de alga espirulina para mejorar el color y estimular el crecimiento.\" \/>\n<meta property=\"og:url\" content=\"https:\/\/acuariosupremus.com\/?product=alimento-lomas-spirulina-boost-350gr\" \/>\n<meta property=\"og:site_name\" content=\"Acuario Supremus\" \/>\n<meta property=\"article:publisher\" content=\"https:\/\/www.facebook.com\/AcuarioSupremus\" \/>\n<meta property=\"article:modified_time\" content=\"2026-04-20T23:10:41+00:00\" \/>\n<meta property=\"og:image\" content=\"https:\/\/acuariosupremus.com\/wp-content\/uploads\/2022\/01\/FL2121.jpg\" \/>\n\t<meta property=\"og:image:width\" content=\"1000\" \/>\n\t<meta property=\"og:image:height\" content=\"1000\" \/>\n\t<meta property=\"og:image:type\" content=\"image\/jpeg\" \/>\n<meta name=\"twitter:card\" content=\"summary_large_image\" \/>\n<meta name=\"twitter:site\" content=\"@AcuarioSupremus\" \/>\n<meta name=\"twitter:label1\" content=\"Tiempo de lectura\" \/>\n\t<meta name=\"twitter:data1\" content=\"1 minuto\" \/>\n<script type=\"application\/ld+json\" class=\"yoast-schema-graph\">{\"@context\":\"https:\\\/\\\/schema.org\",\"@graph\":[{\"@type\":\"WebPage\",\"@id\":\"https:\\\/\\\/acuariosupremus.com\\\/?product=alimento-lomas-spirulina-boost-350gr\",\"url\":\"https:\\\/\\\/acuariosupremus.com\\\/?product=alimento-lomas-spirulina-boost-350gr\",\"name\":\"ALIMENTO LOMAS SPIRULINA BOOST 350GR | Acuario Supremus\",\"isPartOf\":{\"@id\":\"https:\\\/\\\/acuariosupremus.com\\\/#website\"},\"primaryImageOfPage\":{\"@id\":\"https:\\\/\\\/acuariosupremus.com\\\/?product=alimento-lomas-spirulina-boost-350gr#primaryimage\"},\"image\":{\"@id\":\"https:\\\/\\\/acuariosupremus.com\\\/?product=alimento-lomas-spirulina-boost-350gr#primaryimage\"},\"thumbnailUrl\":\"https:\\\/\\\/acuariosupremus.com\\\/wp-content\\\/uploads\\\/2022\\\/01\\\/FL2121.jpg\",\"datePublished\":\"2022-01-27T23:35:09+00:00\",\"dateModified\":\"2026-04-20T23:10:41+00:00\",\"description\":\"Es un alimento vegetal para peces herb\u00edvoros con un alto contenido de alga espirulina para mejorar el color y estimular el crecimiento.\",\"breadcrumb\":{\"@id\":\"https:\\\/\\\/acuariosupremus.com\\\/?product=alimento-lomas-spirulina-boost-350gr#breadcrumb\"},\"inLanguage\":\"es\",\"potentialAction\":[{\"@type\":\"ReadAction\",\"target\":[\"https:\\\/\\\/acuariosupremus.com\\\/?product=alimento-lomas-spirulina-boost-350gr\"]}]},{\"@type\":\"ImageObject\",\"inLanguage\":\"es\",\"@id\":\"https:\\\/\\\/acuariosupremus.com\\\/?product=alimento-lomas-spirulina-boost-350gr#primaryimage\",\"url\":\"https:\\\/\\\/acuariosupremus.com\\\/wp-content\\\/uploads\\\/2022\\\/01\\\/FL2121.jpg\",\"contentUrl\":\"https:\\\/\\\/acuariosupremus.com\\\/wp-content\\\/uploads\\\/2022\\\/01\\\/FL2121.jpg\",\"width\":1000,\"height\":1000},{\"@type\":\"BreadcrumbList\",\"@id\":\"https:\\\/\\\/acuariosupremus.com\\\/?product=alimento-lomas-spirulina-boost-350gr#breadcrumb\",\"itemListElement\":[{\"@type\":\"ListItem\",\"position\":1,\"name\":\"Portada\",\"item\":\"https:\\\/\\\/acuariosupremus.com\\\/\"},{\"@type\":\"ListItem\",\"position\":2,\"name\":\"Tienda\",\"item\":\"https:\\\/\\\/acuariosupremus.com\\\/tienda\\\/\"},{\"@type\":\"ListItem\",\"position\":3,\"name\":\"ALIMENTO LOMAS SPIRULINA BOOST 350GR\"}]},{\"@type\":\"WebSite\",\"@id\":\"https:\\\/\\\/acuariosupremus.com\\\/#website\",\"url\":\"https:\\\/\\\/acuariosupremus.com\\\/\",\"name\":\"Acuario Supremus\",\"description\":\"Peces, Peceras y Mascotas.\",\"publisher\":{\"@id\":\"https:\\\/\\\/acuariosupremus.com\\\/#organization\"},\"potentialAction\":[{\"@type\":\"SearchAction\",\"target\":{\"@type\":\"EntryPoint\",\"urlTemplate\":\"https:\\\/\\\/acuariosupremus.com\\\/?s={search_term_string}\"},\"query-input\":{\"@type\":\"PropertyValueSpecification\",\"valueRequired\":true,\"valueName\":\"search_term_string\"}}],\"inLanguage\":\"es\"},{\"@type\":\"Organization\",\"@id\":\"https:\\\/\\\/acuariosupremus.com\\\/#organization\",\"name\":\"Acuario Supremus\",\"url\":\"https:\\\/\\\/acuariosupremus.com\\\/\",\"logo\":{\"@type\":\"ImageObject\",\"inLanguage\":\"es\",\"@id\":\"https:\\\/\\\/acuariosupremus.com\\\/#\\\/schema\\\/logo\\\/image\\\/\",\"url\":\"https:\\\/\\\/acuariosupremus.com\\\/wp-content\\\/uploads\\\/2021\\\/12\\\/cropped-logo_acuario_supremus_fn-2.png\",\"contentUrl\":\"https:\\\/\\\/acuariosupremus.com\\\/wp-content\\\/uploads\\\/2021\\\/12\\\/cropped-logo_acuario_supremus_fn-2.png\",\"width\":1000,\"height\":318,\"caption\":\"Acuario Supremus\"},\"image\":{\"@id\":\"https:\\\/\\\/acuariosupremus.com\\\/#\\\/schema\\\/logo\\\/image\\\/\"},\"sameAs\":[\"https:\\\/\\\/www.facebook.com\\\/AcuarioSupremus\",\"https:\\\/\\\/x.com\\\/AcuarioSupremus\",\"https:\\\/\\\/www.instagram.com\\\/acuariosupremus\\\/?hl=es\"]}]}<\/script>\n<!-- \/ Yoast SEO plugin. -->","yoast_head_json":{"title":"ALIMENTO LOMAS SPIRULINA BOOST 350GR | Acuario Supremus","description":"Es un alimento vegetal para peces herb\u00edvoros con un alto contenido de alga espirulina para mejorar el color y estimular el crecimiento.","robots":{"index":"index","follow":"follow","max-snippet":"max-snippet:-1","max-image-preview":"max-image-preview:large","max-video-preview":"max-video-preview:-1"},"canonical":"https:\/\/acuariosupremus.com\/?product=alimento-lomas-spirulina-boost-350gr","og_locale":"es_MX","og_type":"article","og_title":"ALIMENTO LOMAS SPIRULINA BOOST 350GR | Acuario Supremus","og_description":"Es un alimento vegetal para peces herb\u00edvoros con un alto contenido de alga espirulina para mejorar el color y estimular el crecimiento.","og_url":"https:\/\/acuariosupremus.com\/?product=alimento-lomas-spirulina-boost-350gr","og_site_name":"Acuario Supremus","article_publisher":"https:\/\/www.facebook.com\/AcuarioSupremus","article_modified_time":"2026-04-20T23:10:41+00:00","og_image":[{"width":1000,"height":1000,"url":"https:\/\/acuariosupremus.com\/wp-content\/uploads\/2022\/01\/FL2121.jpg","type":"image\/jpeg"}],"twitter_card":"summary_large_image","twitter_site":"@AcuarioSupremus","twitter_misc":{"Tiempo de lectura":"1 minuto"},"schema":{"@context":"https:\/\/schema.org","@graph":[{"@type":"WebPage","@id":"https:\/\/acuariosupremus.com\/?product=alimento-lomas-spirulina-boost-350gr","url":"https:\/\/acuariosupremus.com\/?product=alimento-lomas-spirulina-boost-350gr","name":"ALIMENTO LOMAS SPIRULINA BOOST 350GR | Acuario Supremus","isPartOf":{"@id":"https:\/\/acuariosupremus.com\/#website"},"primaryImageOfPage":{"@id":"https:\/\/acuariosupremus.com\/?product=alimento-lomas-spirulina-boost-350gr#primaryimage"},"image":{"@id":"https:\/\/acuariosupremus.com\/?product=alimento-lomas-spirulina-boost-350gr#primaryimage"},"thumbnailUrl":"https:\/\/acuariosupremus.com\/wp-content\/uploads\/2022\/01\/FL2121.jpg","datePublished":"2022-01-27T23:35:09+00:00","dateModified":"2026-04-20T23:10:41+00:00","description":"Es un alimento vegetal para peces herb\u00edvoros con un alto contenido de alga espirulina para mejorar el color y estimular el crecimiento.","breadcrumb":{"@id":"https:\/\/acuariosupremus.com\/?product=alimento-lomas-spirulina-boost-350gr#breadcrumb"},"inLanguage":"es","potentialAction":[{"@type":"ReadAction","target":["https:\/\/acuariosupremus.com\/?product=alimento-lomas-spirulina-boost-350gr"]}]},{"@type":"ImageObject","inLanguage":"es","@id":"https:\/\/acuariosupremus.com\/?product=alimento-lomas-spirulina-boost-350gr#primaryimage","url":"https:\/\/acuariosupremus.com\/wp-content\/uploads\/2022\/01\/FL2121.jpg","contentUrl":"https:\/\/acuariosupremus.com\/wp-content\/uploads\/2022\/01\/FL2121.jpg","width":1000,"height":1000},{"@type":"BreadcrumbList","@id":"https:\/\/acuariosupremus.com\/?product=alimento-lomas-spirulina-boost-350gr#breadcrumb","itemListElement":[{"@type":"ListItem","position":1,"name":"Portada","item":"https:\/\/acuariosupremus.com\/"},{"@type":"ListItem","position":2,"name":"Tienda","item":"https:\/\/acuariosupremus.com\/tienda\/"},{"@type":"ListItem","position":3,"name":"ALIMENTO LOMAS SPIRULINA BOOST 350GR"}]},{"@type":"WebSite","@id":"https:\/\/acuariosupremus.com\/#website","url":"https:\/\/acuariosupremus.com\/","name":"Acuario Supremus","description":"Peces, Peceras y Mascotas.","publisher":{"@id":"https:\/\/acuariosupremus.com\/#organization"},"potentialAction":[{"@type":"SearchAction","target":{"@type":"EntryPoint","urlTemplate":"https:\/\/acuariosupremus.com\/?s={search_term_string}"},"query-input":{"@type":"PropertyValueSpecification","valueRequired":true,"valueName":"search_term_string"}}],"inLanguage":"es"},{"@type":"Organization","@id":"https:\/\/acuariosupremus.com\/#organization","name":"Acuario Supremus","url":"https:\/\/acuariosupremus.com\/","logo":{"@type":"ImageObject","inLanguage":"es","@id":"https:\/\/acuariosupremus.com\/#\/schema\/logo\/image\/","url":"https:\/\/acuariosupremus.com\/wp-content\/uploads\/2021\/12\/cropped-logo_acuario_supremus_fn-2.png","contentUrl":"https:\/\/acuariosupremus.com\/wp-content\/uploads\/2021\/12\/cropped-logo_acuario_supremus_fn-2.png","width":1000,"height":318,"caption":"Acuario Supremus"},"image":{"@id":"https:\/\/acuariosupremus.com\/#\/schema\/logo\/image\/"},"sameAs":["https:\/\/www.facebook.com\/AcuarioSupremus","https:\/\/x.com\/AcuarioSupremus","https:\/\/www.instagram.com\/acuariosupremus\/?hl=es"]}]}},"jetpack_sharing_enabled":true,"_links":{"self":[{"href":"https:\/\/acuariosupremus.com\/index.php?rest_route=\/wp\/v2\/product\/1074","targetHints":{"allow":["GET"]}}],"collection":[{"href":"https:\/\/acuariosupremus.com\/index.php?rest_route=\/wp\/v2\/product"}],"about":[{"href":"https:\/\/acuariosupremus.com\/index.php?rest_route=\/wp\/v2\/types\/product"}],"wp:featuredmedia":[{"embeddable":true,"href":"https:\/\/acuariosupremus.com\/index.php?rest_route=\/wp\/v2\/media\/1076"}],"wp:attachment":[{"href":"https:\/\/acuariosupremus.com\/index.php?rest_route=%2Fwp%2Fv2%2Fmedia&parent=1074"}],"wp:term":[{"taxonomy":"product_brand","embeddable":true,"href":"https:\/\/acuariosupremus.com\/index.php?rest_route=%2Fwp%2Fv2%2Fproduct_brand&post=1074"},{"taxonomy":"product_cat","embeddable":true,"href":"https:\/\/acuariosupremus.com\/index.php?rest_route=%2Fwp%2Fv2%2Fproduct_cat&post=1074"},{"taxonomy":"product_tag","embeddable":true,"href":"https:\/\/acuariosupremus.com\/index.php?rest_route=%2Fwp%2Fv2%2Fproduct_tag&post=1074"}],"curies":[{"name":"wp","href":"https:\/\/api.w.org\/{rel}","templated":true}]}}