{"id":10920,"date":"2022-10-04T14:57:37","date_gmt":"2022-10-04T19:57:37","guid":{"rendered":"https:\/\/acuariosupremus.com\/?post_type=product&#038;p=10920"},"modified":"2025-12-23T15:27:37","modified_gmt":"2025-12-23T21:27:37","slug":"aquaguard-acondicionador-general-para-acuarios-1l","status":"publish","type":"product","link":"https:\/\/acuariosupremus.com\/?product=aquaguard-acondicionador-general-para-acuarios-1l","title":{"rendered":"Aquaguard (acondicionador general para acuarios) 1L."},"content":{"rendered":"<p>Utilice 10ml por cada 100 litros del volumen total del acuario despu\u00e9s de cada cambio de agua<br \/>\nUtilice 5ml por cada 100 litros del volumen total del acuario cada 7 d\u00edas como preventivo y estabilizador de agua. Despu\u00e9s de realizar un tratamiento a\u00f1adir 20 ml por cada 100 litros tras el cambio parcial de agua.<br \/>\nObservaciones: Para garantizar una correcta dispersi\u00f3n, a\u00f1ada los aditivos en un \u00e1rea del acuario que tenga suficiente corriente. Para cambios de agua, puede a\u00f1adir los aditivos al agua antes de verterla sobre el acuario. Evite mezclar diferentes aditivos antes de a\u00f1adirlos. Algunos productos para acuarios pueden reaccionar qu\u00edmicamente con otros; procure no combinar varios productos al mismo tiempo para evitar precipitaciones o reacciones no deseadas.<br \/>\nATENCI\u00d3N:<br \/>\n\u2022 NO INGERIR, EN CASO DE CONTACTO CON LOS OJOS ENJUAGUE CON ABUNDANTE AGUA LIMPIA Y ACUDA AL M\u00c9DICO.<br \/>\n\u2022 MANTENGA EL PRODUCTO ALEJADO DE NI\u00d1OS Y MASCOTAS.<br \/>\n\u2022 AGITE EL ENVASE ANTES DE UTILIZARLO.<br \/>\n\u2022 CIERRE BIEN EL ENVASE DESPU\u00c9S DE CADA USO.<br \/>\n\u2022 GUARDE EL ENVASE EN UN LUGAR FRESCO Y SECO, EVITANDO LA EXPOSICI\u00d3N DIRECTA DEL SOL<br \/>\n\u2022 PARA USO EXCLUSIVO EN ACUARIOS CON PECES ORNAMENTALES.<\/p>\n<p>capacidad <strong>1L.<\/strong><\/p>\n","protected":false},"excerpt":{"rendered":"<p>Para acuarios de agua dulce, plantados, estanques, acuarios marinos y arrecifes. Acondicionador general que absorbe el cloro residual, las cloraminas y el amon\u00edaco. Tambi\u00e9n elimina instant\u00e1neamente los iones de metales pesados provenientes del agua del grifo. Contiene complejo vitam\u00ednico B, que aumenta la capacidad anti estr\u00e9s de los peces. Refuerza el sistema inmunol\u00f3gico y protege la membrana mucosa de los peces mediante un pol\u00edmero especial. Ayuda a una aclimataci\u00f3n m\u00e1s f\u00e1cil y r\u00e1pida de los peces a su nuevo ambiente.<\/p>\n","protected":false},"featured_media":10921,"template":"","meta":[],"product_brand":[118],"product_cat":[40,41],"product_tag":[132],"class_list":{"0":"post-10920","1":"product","2":"type-product","3":"status-publish","4":"has-post-thumbnail","6":"product_brand-azoo","7":"product_cat-peces","8":"product_cat-acondicionadores","9":"product_tag-neutralizador-para-peces","11":"first","12":"instock","13":"sale","14":"shipping-taxable","15":"purchasable","16":"product-type-simple"},"yoast_head":"<!-- This site is optimized with the Yoast SEO plugin v27.4 - https:\/\/yoast.com\/product\/yoast-seo-wordpress\/ -->\n<title>Aquaguard (acondicionador general para acuarios) 1L. | Acuario Supremus<\/title>\n<meta name=\"description\" content=\"Aquaguard 1 L, absorbe el cloro residual, las cloraminas y el amon\u00edaco, Para acuarios de agua dulce, plantados, estanques, acuarios marinos y arrecifes.\" \/>\n<meta name=\"robots\" content=\"index, follow, max-snippet:-1, max-image-preview:large, max-video-preview:-1\" \/>\n<link rel=\"canonical\" href=\"https:\/\/acuariosupremus.com\/?product=aquaguard-acondicionador-general-para-acuarios-1l\" \/>\n<meta property=\"og:locale\" content=\"es_MX\" \/>\n<meta property=\"og:type\" content=\"article\" \/>\n<meta property=\"og:title\" content=\"Aquaguard (acondicionador general para acuarios) 1L. | Acuario Supremus\" \/>\n<meta property=\"og:description\" content=\"Aquaguard 1 L, absorbe el cloro residual, las cloraminas y el amon\u00edaco, Para acuarios de agua dulce, plantados, estanques, acuarios marinos y arrecifes.\" \/>\n<meta property=\"og:url\" content=\"https:\/\/acuariosupremus.com\/?product=aquaguard-acondicionador-general-para-acuarios-1l\" \/>\n<meta property=\"og:site_name\" content=\"Acuario Supremus\" \/>\n<meta property=\"article:publisher\" content=\"https:\/\/www.facebook.com\/AcuarioSupremus\" \/>\n<meta property=\"article:modified_time\" content=\"2025-12-23T21:27:37+00:00\" \/>\n<meta property=\"og:image\" content=\"https:\/\/acuariosupremus.com\/wp-content\/uploads\/2022\/10\/azoo_aquaguard_05.jpg\" \/>\n\t<meta property=\"og:image:width\" content=\"368\" \/>\n\t<meta property=\"og:image:height\" content=\"762\" \/>\n\t<meta property=\"og:image:type\" content=\"image\/jpeg\" \/>\n<meta name=\"twitter:card\" content=\"summary_large_image\" \/>\n<meta name=\"twitter:site\" content=\"@AcuarioSupremus\" \/>\n<meta name=\"twitter:label1\" content=\"Tiempo de lectura\" \/>\n\t<meta name=\"twitter:data1\" content=\"1 minuto\" \/>\n<script type=\"application\/ld+json\" class=\"yoast-schema-graph\">{\"@context\":\"https:\\\/\\\/schema.org\",\"@graph\":[{\"@type\":\"WebPage\",\"@id\":\"https:\\\/\\\/acuariosupremus.com\\\/?product=aquaguard-acondicionador-general-para-acuarios-1l\",\"url\":\"https:\\\/\\\/acuariosupremus.com\\\/?product=aquaguard-acondicionador-general-para-acuarios-1l\",\"name\":\"Aquaguard (acondicionador general para acuarios) 1L. | Acuario Supremus\",\"isPartOf\":{\"@id\":\"https:\\\/\\\/acuariosupremus.com\\\/#website\"},\"primaryImageOfPage\":{\"@id\":\"https:\\\/\\\/acuariosupremus.com\\\/?product=aquaguard-acondicionador-general-para-acuarios-1l#primaryimage\"},\"image\":{\"@id\":\"https:\\\/\\\/acuariosupremus.com\\\/?product=aquaguard-acondicionador-general-para-acuarios-1l#primaryimage\"},\"thumbnailUrl\":\"https:\\\/\\\/acuariosupremus.com\\\/wp-content\\\/uploads\\\/2022\\\/10\\\/azoo_aquaguard_05.jpg\",\"datePublished\":\"2022-10-04T19:57:37+00:00\",\"dateModified\":\"2025-12-23T21:27:37+00:00\",\"description\":\"Aquaguard 1 L, absorbe el cloro residual, las cloraminas y el amon\u00edaco, Para acuarios de agua dulce, plantados, estanques, acuarios marinos y arrecifes.\",\"breadcrumb\":{\"@id\":\"https:\\\/\\\/acuariosupremus.com\\\/?product=aquaguard-acondicionador-general-para-acuarios-1l#breadcrumb\"},\"inLanguage\":\"es\",\"potentialAction\":[{\"@type\":\"ReadAction\",\"target\":[\"https:\\\/\\\/acuariosupremus.com\\\/?product=aquaguard-acondicionador-general-para-acuarios-1l\"]}]},{\"@type\":\"ImageObject\",\"inLanguage\":\"es\",\"@id\":\"https:\\\/\\\/acuariosupremus.com\\\/?product=aquaguard-acondicionador-general-para-acuarios-1l#primaryimage\",\"url\":\"https:\\\/\\\/acuariosupremus.com\\\/wp-content\\\/uploads\\\/2022\\\/10\\\/azoo_aquaguard_05.jpg\",\"contentUrl\":\"https:\\\/\\\/acuariosupremus.com\\\/wp-content\\\/uploads\\\/2022\\\/10\\\/azoo_aquaguard_05.jpg\",\"width\":368,\"height\":762},{\"@type\":\"BreadcrumbList\",\"@id\":\"https:\\\/\\\/acuariosupremus.com\\\/?product=aquaguard-acondicionador-general-para-acuarios-1l#breadcrumb\",\"itemListElement\":[{\"@type\":\"ListItem\",\"position\":1,\"name\":\"Portada\",\"item\":\"https:\\\/\\\/acuariosupremus.com\\\/\"},{\"@type\":\"ListItem\",\"position\":2,\"name\":\"Tienda\",\"item\":\"https:\\\/\\\/acuariosupremus.com\\\/tienda\\\/\"},{\"@type\":\"ListItem\",\"position\":3,\"name\":\"Aquaguard (acondicionador general para acuarios) 1L.\"}]},{\"@type\":\"WebSite\",\"@id\":\"https:\\\/\\\/acuariosupremus.com\\\/#website\",\"url\":\"https:\\\/\\\/acuariosupremus.com\\\/\",\"name\":\"Acuario Supremus\",\"description\":\"Peces, Peceras y Mascotas.\",\"publisher\":{\"@id\":\"https:\\\/\\\/acuariosupremus.com\\\/#organization\"},\"potentialAction\":[{\"@type\":\"SearchAction\",\"target\":{\"@type\":\"EntryPoint\",\"urlTemplate\":\"https:\\\/\\\/acuariosupremus.com\\\/?s={search_term_string}\"},\"query-input\":{\"@type\":\"PropertyValueSpecification\",\"valueRequired\":true,\"valueName\":\"search_term_string\"}}],\"inLanguage\":\"es\"},{\"@type\":\"Organization\",\"@id\":\"https:\\\/\\\/acuariosupremus.com\\\/#organization\",\"name\":\"Acuario Supremus\",\"url\":\"https:\\\/\\\/acuariosupremus.com\\\/\",\"logo\":{\"@type\":\"ImageObject\",\"inLanguage\":\"es\",\"@id\":\"https:\\\/\\\/acuariosupremus.com\\\/#\\\/schema\\\/logo\\\/image\\\/\",\"url\":\"https:\\\/\\\/acuariosupremus.com\\\/wp-content\\\/uploads\\\/2021\\\/12\\\/cropped-logo_acuario_supremus_fn-2.png\",\"contentUrl\":\"https:\\\/\\\/acuariosupremus.com\\\/wp-content\\\/uploads\\\/2021\\\/12\\\/cropped-logo_acuario_supremus_fn-2.png\",\"width\":1000,\"height\":318,\"caption\":\"Acuario Supremus\"},\"image\":{\"@id\":\"https:\\\/\\\/acuariosupremus.com\\\/#\\\/schema\\\/logo\\\/image\\\/\"},\"sameAs\":[\"https:\\\/\\\/www.facebook.com\\\/AcuarioSupremus\",\"https:\\\/\\\/x.com\\\/AcuarioSupremus\",\"https:\\\/\\\/www.instagram.com\\\/acuariosupremus\\\/?hl=es\"]}]}<\/script>\n<!-- \/ Yoast SEO plugin. -->","yoast_head_json":{"title":"Aquaguard (acondicionador general para acuarios) 1L. | Acuario Supremus","description":"Aquaguard 1 L, absorbe el cloro residual, las cloraminas y el amon\u00edaco, Para acuarios de agua dulce, plantados, estanques, acuarios marinos y arrecifes.","robots":{"index":"index","follow":"follow","max-snippet":"max-snippet:-1","max-image-preview":"max-image-preview:large","max-video-preview":"max-video-preview:-1"},"canonical":"https:\/\/acuariosupremus.com\/?product=aquaguard-acondicionador-general-para-acuarios-1l","og_locale":"es_MX","og_type":"article","og_title":"Aquaguard (acondicionador general para acuarios) 1L. | Acuario Supremus","og_description":"Aquaguard 1 L, absorbe el cloro residual, las cloraminas y el amon\u00edaco, Para acuarios de agua dulce, plantados, estanques, acuarios marinos y arrecifes.","og_url":"https:\/\/acuariosupremus.com\/?product=aquaguard-acondicionador-general-para-acuarios-1l","og_site_name":"Acuario Supremus","article_publisher":"https:\/\/www.facebook.com\/AcuarioSupremus","article_modified_time":"2025-12-23T21:27:37+00:00","og_image":[{"width":368,"height":762,"url":"https:\/\/acuariosupremus.com\/wp-content\/uploads\/2022\/10\/azoo_aquaguard_05.jpg","type":"image\/jpeg"}],"twitter_card":"summary_large_image","twitter_site":"@AcuarioSupremus","twitter_misc":{"Tiempo de lectura":"1 minuto"},"schema":{"@context":"https:\/\/schema.org","@graph":[{"@type":"WebPage","@id":"https:\/\/acuariosupremus.com\/?product=aquaguard-acondicionador-general-para-acuarios-1l","url":"https:\/\/acuariosupremus.com\/?product=aquaguard-acondicionador-general-para-acuarios-1l","name":"Aquaguard (acondicionador general para acuarios) 1L. | Acuario Supremus","isPartOf":{"@id":"https:\/\/acuariosupremus.com\/#website"},"primaryImageOfPage":{"@id":"https:\/\/acuariosupremus.com\/?product=aquaguard-acondicionador-general-para-acuarios-1l#primaryimage"},"image":{"@id":"https:\/\/acuariosupremus.com\/?product=aquaguard-acondicionador-general-para-acuarios-1l#primaryimage"},"thumbnailUrl":"https:\/\/acuariosupremus.com\/wp-content\/uploads\/2022\/10\/azoo_aquaguard_05.jpg","datePublished":"2022-10-04T19:57:37+00:00","dateModified":"2025-12-23T21:27:37+00:00","description":"Aquaguard 1 L, absorbe el cloro residual, las cloraminas y el amon\u00edaco, Para acuarios de agua dulce, plantados, estanques, acuarios marinos y arrecifes.","breadcrumb":{"@id":"https:\/\/acuariosupremus.com\/?product=aquaguard-acondicionador-general-para-acuarios-1l#breadcrumb"},"inLanguage":"es","potentialAction":[{"@type":"ReadAction","target":["https:\/\/acuariosupremus.com\/?product=aquaguard-acondicionador-general-para-acuarios-1l"]}]},{"@type":"ImageObject","inLanguage":"es","@id":"https:\/\/acuariosupremus.com\/?product=aquaguard-acondicionador-general-para-acuarios-1l#primaryimage","url":"https:\/\/acuariosupremus.com\/wp-content\/uploads\/2022\/10\/azoo_aquaguard_05.jpg","contentUrl":"https:\/\/acuariosupremus.com\/wp-content\/uploads\/2022\/10\/azoo_aquaguard_05.jpg","width":368,"height":762},{"@type":"BreadcrumbList","@id":"https:\/\/acuariosupremus.com\/?product=aquaguard-acondicionador-general-para-acuarios-1l#breadcrumb","itemListElement":[{"@type":"ListItem","position":1,"name":"Portada","item":"https:\/\/acuariosupremus.com\/"},{"@type":"ListItem","position":2,"name":"Tienda","item":"https:\/\/acuariosupremus.com\/tienda\/"},{"@type":"ListItem","position":3,"name":"Aquaguard (acondicionador general para acuarios) 1L."}]},{"@type":"WebSite","@id":"https:\/\/acuariosupremus.com\/#website","url":"https:\/\/acuariosupremus.com\/","name":"Acuario Supremus","description":"Peces, Peceras y Mascotas.","publisher":{"@id":"https:\/\/acuariosupremus.com\/#organization"},"potentialAction":[{"@type":"SearchAction","target":{"@type":"EntryPoint","urlTemplate":"https:\/\/acuariosupremus.com\/?s={search_term_string}"},"query-input":{"@type":"PropertyValueSpecification","valueRequired":true,"valueName":"search_term_string"}}],"inLanguage":"es"},{"@type":"Organization","@id":"https:\/\/acuariosupremus.com\/#organization","name":"Acuario Supremus","url":"https:\/\/acuariosupremus.com\/","logo":{"@type":"ImageObject","inLanguage":"es","@id":"https:\/\/acuariosupremus.com\/#\/schema\/logo\/image\/","url":"https:\/\/acuariosupremus.com\/wp-content\/uploads\/2021\/12\/cropped-logo_acuario_supremus_fn-2.png","contentUrl":"https:\/\/acuariosupremus.com\/wp-content\/uploads\/2021\/12\/cropped-logo_acuario_supremus_fn-2.png","width":1000,"height":318,"caption":"Acuario Supremus"},"image":{"@id":"https:\/\/acuariosupremus.com\/#\/schema\/logo\/image\/"},"sameAs":["https:\/\/www.facebook.com\/AcuarioSupremus","https:\/\/x.com\/AcuarioSupremus","https:\/\/www.instagram.com\/acuariosupremus\/?hl=es"]}]}},"jetpack_sharing_enabled":true,"_links":{"self":[{"href":"https:\/\/acuariosupremus.com\/index.php?rest_route=\/wp\/v2\/product\/10920","targetHints":{"allow":["GET"]}}],"collection":[{"href":"https:\/\/acuariosupremus.com\/index.php?rest_route=\/wp\/v2\/product"}],"about":[{"href":"https:\/\/acuariosupremus.com\/index.php?rest_route=\/wp\/v2\/types\/product"}],"wp:featuredmedia":[{"embeddable":true,"href":"https:\/\/acuariosupremus.com\/index.php?rest_route=\/wp\/v2\/media\/10921"}],"wp:attachment":[{"href":"https:\/\/acuariosupremus.com\/index.php?rest_route=%2Fwp%2Fv2%2Fmedia&parent=10920"}],"wp:term":[{"taxonomy":"product_brand","embeddable":true,"href":"https:\/\/acuariosupremus.com\/index.php?rest_route=%2Fwp%2Fv2%2Fproduct_brand&post=10920"},{"taxonomy":"product_cat","embeddable":true,"href":"https:\/\/acuariosupremus.com\/index.php?rest_route=%2Fwp%2Fv2%2Fproduct_cat&post=10920"},{"taxonomy":"product_tag","embeddable":true,"href":"https:\/\/acuariosupremus.com\/index.php?rest_route=%2Fwp%2Fv2%2Fproduct_tag&post=10920"}],"curies":[{"name":"wp","href":"https:\/\/api.w.org\/{rel}","templated":true}]}}