{"id":10927,"date":"2022-10-04T15:38:22","date_gmt":"2022-10-04T20:38:22","guid":{"rendered":"https:\/\/acuariosupremus.com\/?post_type=product&#038;p=10927"},"modified":"2025-12-23T16:07:07","modified_gmt":"2025-12-23T22:07:07","slug":"azoo-bomba-de-aire-de-pilas","status":"publish","type":"product","link":"https:\/\/acuariosupremus.com\/?product=azoo-bomba-de-aire-de-pilas","title":{"rendered":"AZOO Bomba de aire de pilas."},"content":{"rendered":"<p>Mantenimiento y cuidados:<br \/>\n1. Si no va a usar la bomba retire las bater\u00edas, l\u00edmpiela y s\u00e9quela antes de guardarla en un lugar fresco y seco.<br \/>\n2. La membrana y la c\u00e1mara de impulsi\u00f3n de aire son consumibles y tienen una vida de uso limitada. Trabajar bajo condiciones de altas temperaturas (m\u00e1s de 40\u00baC) acortar\u00e1 su vida \u00fatil.<br \/>\n3. Revise peri\u00f3dicamente el estado de la manguera en busca de fugas de aire. Para ello, puede sumergir distintas secciones de la manguera en agua en busca de burbujas.<br \/>\n4. La piedra difusora perder\u00e1 sus propiedades con el paso de los meses de uso. Revise su rendimiento y considere su remplazo cuando deje de emitir burbujas o estas no emanen de forma homog\u00e9nea.<br \/>\nPrecauciones de seguridad:<br \/>\n\u2022 Nunca sumerja la bomba en agua.<br \/>\n\u2022 No coloque objetos encima o pegados alrededor del aireador cuando est\u00e9 funcionando. Esto impedir\u00e1 una correcta refrigeraci\u00f3n y la emisi\u00f3n de aire fresco al acuario.<br \/>\n\u2022 No manipule ning\u00fan componente el\u00e9ctrico del acuario mientras est\u00e9 conectado o tenga las manos h\u00famedas.<br \/>\n\u2022 No bombee aire demasiado caliente (m\u00e1s de 40\u00b0C) o que contenga agentes inflamables, explosivos o corrosivos.<br \/>\n\u2022 Si cayera al agua accidentalmente dentro del acuario s\u00e1quela inmediatamente. A continuaci\u00f3n, quite las bater\u00edas, s\u00e9quela y p\u00f3ngala a disposici\u00f3n de su servicio t\u00e9cnico calificado.<br \/>\n\u2022 Esta bomba no puede usarse por debajo de los 0\u00b0C.<br \/>\n\u2022 Nunca desmonte o trate de reparar la bomba. Solicite para ello los servicios de personal calificado.<br \/>\n\u2022 Limite el acceso de esta bomba a ni\u00f1os, mascotas o personas con capacidad sensorial reducida para prevenir accidentes y da\u00f1os materiales.<\/p>\n<p>P\/V Neto: 145 g<strong>.<\/strong><br \/>\nTama\u00f1o mm.<br \/>\n155 x 85 x 50 (l x a x h) Con embalaje<br \/>\nPeso total: 170 (g) con embalaje.<\/p>\n","protected":false},"excerpt":{"rendered":"<p>La Bomba de aire a pilas AZOO nunca depender\u00e1 de un enchufe para airear su acuario o recipiente con peces, ya que se alimenta exclusivamente con dos bater\u00edas standard tipo \u201cD\u201d que le otorgan una autonom\u00eda de hasta 6 horas. (las pilas no vienen incluidas con la bomba de agua).Ideal para el transporte de peces o emergencias el\u00e9ctricas.<br \/>\nAlimentaci\u00f3n con pilas tipo \u201cD\u201d sencillo y muy confiable.<br \/>\nIncluye un tramo de manguera y una piedra difusora.<br \/>\nSistema de motor de fabricaci\u00f3n japonesa.<\/p>\n<p>&nbsp;<\/p>\n","protected":false},"featured_media":10928,"template":"","meta":[],"product_brand":[118],"product_cat":[40,44],"product_tag":[182],"class_list":{"0":"post-10927","1":"product","2":"type-product","3":"status-publish","4":"has-post-thumbnail","6":"product_brand-azoo","7":"product_cat-peces","8":"product_cat-compresores-de-aire","9":"product_tag-compresor-de-pilas","11":"first","12":"instock","13":"sale","14":"shipping-taxable","15":"purchasable","16":"product-type-simple"},"yoast_head":"<!-- This site is optimized with the Yoast SEO plugin v27.4 - https:\/\/yoast.com\/product\/yoast-seo-wordpress\/ -->\n<title>AZOO Bomba de aire de pilas. | Acuario Supremus<\/title>\n<meta name=\"description\" content=\"La Bomba de aire a pilas AZOO no depender\u00e1 de un enchufe para airear su acuario o recipiente con peces, ya que se alimenta exclusivamente con dos bater\u00edas.\" \/>\n<meta name=\"robots\" content=\"index, follow, max-snippet:-1, max-image-preview:large, max-video-preview:-1\" \/>\n<link rel=\"canonical\" href=\"https:\/\/acuariosupremus.com\/?product=azoo-bomba-de-aire-de-pilas\" \/>\n<meta property=\"og:locale\" content=\"es_MX\" \/>\n<meta property=\"og:type\" content=\"article\" \/>\n<meta property=\"og:title\" content=\"AZOO Bomba de aire de pilas. | Acuario Supremus\" \/>\n<meta property=\"og:description\" content=\"La Bomba de aire a pilas AZOO no depender\u00e1 de un enchufe para airear su acuario o recipiente con peces, ya que se alimenta exclusivamente con dos bater\u00edas.\" \/>\n<meta property=\"og:url\" content=\"https:\/\/acuariosupremus.com\/?product=azoo-bomba-de-aire-de-pilas\" \/>\n<meta property=\"og:site_name\" content=\"Acuario Supremus\" \/>\n<meta property=\"article:publisher\" content=\"https:\/\/www.facebook.com\/AcuarioSupremus\" \/>\n<meta property=\"article:modified_time\" content=\"2025-12-23T22:07:07+00:00\" \/>\n<meta property=\"og:image\" content=\"https:\/\/acuariosupremus.com\/wp-content\/uploads\/2022\/10\/bomba_de_aire_pilas_azoo_01.jpg\" \/>\n\t<meta property=\"og:image:width\" content=\"1250\" \/>\n\t<meta property=\"og:image:height\" content=\"1250\" \/>\n\t<meta property=\"og:image:type\" content=\"image\/jpeg\" \/>\n<meta name=\"twitter:card\" content=\"summary_large_image\" \/>\n<meta name=\"twitter:site\" content=\"@AcuarioSupremus\" \/>\n<meta name=\"twitter:label1\" content=\"Tiempo de lectura\" \/>\n\t<meta name=\"twitter:data1\" content=\"2 minutos\" \/>\n<script type=\"application\/ld+json\" class=\"yoast-schema-graph\">{\"@context\":\"https:\\\/\\\/schema.org\",\"@graph\":[{\"@type\":\"WebPage\",\"@id\":\"https:\\\/\\\/acuariosupremus.com\\\/?product=azoo-bomba-de-aire-de-pilas\",\"url\":\"https:\\\/\\\/acuariosupremus.com\\\/?product=azoo-bomba-de-aire-de-pilas\",\"name\":\"AZOO Bomba de aire de pilas. | Acuario Supremus\",\"isPartOf\":{\"@id\":\"https:\\\/\\\/acuariosupremus.com\\\/#website\"},\"primaryImageOfPage\":{\"@id\":\"https:\\\/\\\/acuariosupremus.com\\\/?product=azoo-bomba-de-aire-de-pilas#primaryimage\"},\"image\":{\"@id\":\"https:\\\/\\\/acuariosupremus.com\\\/?product=azoo-bomba-de-aire-de-pilas#primaryimage\"},\"thumbnailUrl\":\"https:\\\/\\\/acuariosupremus.com\\\/wp-content\\\/uploads\\\/2022\\\/10\\\/bomba_de_aire_pilas_azoo_01.jpg\",\"datePublished\":\"2022-10-04T20:38:22+00:00\",\"dateModified\":\"2025-12-23T22:07:07+00:00\",\"description\":\"La Bomba de aire a pilas AZOO no depender\u00e1 de un enchufe para airear su acuario o recipiente con peces, ya que se alimenta exclusivamente con dos bater\u00edas.\",\"breadcrumb\":{\"@id\":\"https:\\\/\\\/acuariosupremus.com\\\/?product=azoo-bomba-de-aire-de-pilas#breadcrumb\"},\"inLanguage\":\"es\",\"potentialAction\":[{\"@type\":\"ReadAction\",\"target\":[\"https:\\\/\\\/acuariosupremus.com\\\/?product=azoo-bomba-de-aire-de-pilas\"]}]},{\"@type\":\"ImageObject\",\"inLanguage\":\"es\",\"@id\":\"https:\\\/\\\/acuariosupremus.com\\\/?product=azoo-bomba-de-aire-de-pilas#primaryimage\",\"url\":\"https:\\\/\\\/acuariosupremus.com\\\/wp-content\\\/uploads\\\/2022\\\/10\\\/bomba_de_aire_pilas_azoo_01.jpg\",\"contentUrl\":\"https:\\\/\\\/acuariosupremus.com\\\/wp-content\\\/uploads\\\/2022\\\/10\\\/bomba_de_aire_pilas_azoo_01.jpg\",\"width\":1250,\"height\":1250},{\"@type\":\"BreadcrumbList\",\"@id\":\"https:\\\/\\\/acuariosupremus.com\\\/?product=azoo-bomba-de-aire-de-pilas#breadcrumb\",\"itemListElement\":[{\"@type\":\"ListItem\",\"position\":1,\"name\":\"Portada\",\"item\":\"https:\\\/\\\/acuariosupremus.com\\\/\"},{\"@type\":\"ListItem\",\"position\":2,\"name\":\"Tienda\",\"item\":\"https:\\\/\\\/acuariosupremus.com\\\/tienda\\\/\"},{\"@type\":\"ListItem\",\"position\":3,\"name\":\"AZOO Bomba de aire de pilas.\"}]},{\"@type\":\"WebSite\",\"@id\":\"https:\\\/\\\/acuariosupremus.com\\\/#website\",\"url\":\"https:\\\/\\\/acuariosupremus.com\\\/\",\"name\":\"Acuario Supremus\",\"description\":\"Peces, Peceras y Mascotas.\",\"publisher\":{\"@id\":\"https:\\\/\\\/acuariosupremus.com\\\/#organization\"},\"potentialAction\":[{\"@type\":\"SearchAction\",\"target\":{\"@type\":\"EntryPoint\",\"urlTemplate\":\"https:\\\/\\\/acuariosupremus.com\\\/?s={search_term_string}\"},\"query-input\":{\"@type\":\"PropertyValueSpecification\",\"valueRequired\":true,\"valueName\":\"search_term_string\"}}],\"inLanguage\":\"es\"},{\"@type\":\"Organization\",\"@id\":\"https:\\\/\\\/acuariosupremus.com\\\/#organization\",\"name\":\"Acuario Supremus\",\"url\":\"https:\\\/\\\/acuariosupremus.com\\\/\",\"logo\":{\"@type\":\"ImageObject\",\"inLanguage\":\"es\",\"@id\":\"https:\\\/\\\/acuariosupremus.com\\\/#\\\/schema\\\/logo\\\/image\\\/\",\"url\":\"https:\\\/\\\/acuariosupremus.com\\\/wp-content\\\/uploads\\\/2021\\\/12\\\/cropped-logo_acuario_supremus_fn-2.png\",\"contentUrl\":\"https:\\\/\\\/acuariosupremus.com\\\/wp-content\\\/uploads\\\/2021\\\/12\\\/cropped-logo_acuario_supremus_fn-2.png\",\"width\":1000,\"height\":318,\"caption\":\"Acuario Supremus\"},\"image\":{\"@id\":\"https:\\\/\\\/acuariosupremus.com\\\/#\\\/schema\\\/logo\\\/image\\\/\"},\"sameAs\":[\"https:\\\/\\\/www.facebook.com\\\/AcuarioSupremus\",\"https:\\\/\\\/x.com\\\/AcuarioSupremus\",\"https:\\\/\\\/www.instagram.com\\\/acuariosupremus\\\/?hl=es\"]}]}<\/script>\n<!-- \/ Yoast SEO plugin. -->","yoast_head_json":{"title":"AZOO Bomba de aire de pilas. | Acuario Supremus","description":"La Bomba de aire a pilas AZOO no depender\u00e1 de un enchufe para airear su acuario o recipiente con peces, ya que se alimenta exclusivamente con dos bater\u00edas.","robots":{"index":"index","follow":"follow","max-snippet":"max-snippet:-1","max-image-preview":"max-image-preview:large","max-video-preview":"max-video-preview:-1"},"canonical":"https:\/\/acuariosupremus.com\/?product=azoo-bomba-de-aire-de-pilas","og_locale":"es_MX","og_type":"article","og_title":"AZOO Bomba de aire de pilas. | Acuario Supremus","og_description":"La Bomba de aire a pilas AZOO no depender\u00e1 de un enchufe para airear su acuario o recipiente con peces, ya que se alimenta exclusivamente con dos bater\u00edas.","og_url":"https:\/\/acuariosupremus.com\/?product=azoo-bomba-de-aire-de-pilas","og_site_name":"Acuario Supremus","article_publisher":"https:\/\/www.facebook.com\/AcuarioSupremus","article_modified_time":"2025-12-23T22:07:07+00:00","og_image":[{"width":1250,"height":1250,"url":"https:\/\/acuariosupremus.com\/wp-content\/uploads\/2022\/10\/bomba_de_aire_pilas_azoo_01.jpg","type":"image\/jpeg"}],"twitter_card":"summary_large_image","twitter_site":"@AcuarioSupremus","twitter_misc":{"Tiempo de lectura":"2 minutos"},"schema":{"@context":"https:\/\/schema.org","@graph":[{"@type":"WebPage","@id":"https:\/\/acuariosupremus.com\/?product=azoo-bomba-de-aire-de-pilas","url":"https:\/\/acuariosupremus.com\/?product=azoo-bomba-de-aire-de-pilas","name":"AZOO Bomba de aire de pilas. | Acuario Supremus","isPartOf":{"@id":"https:\/\/acuariosupremus.com\/#website"},"primaryImageOfPage":{"@id":"https:\/\/acuariosupremus.com\/?product=azoo-bomba-de-aire-de-pilas#primaryimage"},"image":{"@id":"https:\/\/acuariosupremus.com\/?product=azoo-bomba-de-aire-de-pilas#primaryimage"},"thumbnailUrl":"https:\/\/acuariosupremus.com\/wp-content\/uploads\/2022\/10\/bomba_de_aire_pilas_azoo_01.jpg","datePublished":"2022-10-04T20:38:22+00:00","dateModified":"2025-12-23T22:07:07+00:00","description":"La Bomba de aire a pilas AZOO no depender\u00e1 de un enchufe para airear su acuario o recipiente con peces, ya que se alimenta exclusivamente con dos bater\u00edas.","breadcrumb":{"@id":"https:\/\/acuariosupremus.com\/?product=azoo-bomba-de-aire-de-pilas#breadcrumb"},"inLanguage":"es","potentialAction":[{"@type":"ReadAction","target":["https:\/\/acuariosupremus.com\/?product=azoo-bomba-de-aire-de-pilas"]}]},{"@type":"ImageObject","inLanguage":"es","@id":"https:\/\/acuariosupremus.com\/?product=azoo-bomba-de-aire-de-pilas#primaryimage","url":"https:\/\/acuariosupremus.com\/wp-content\/uploads\/2022\/10\/bomba_de_aire_pilas_azoo_01.jpg","contentUrl":"https:\/\/acuariosupremus.com\/wp-content\/uploads\/2022\/10\/bomba_de_aire_pilas_azoo_01.jpg","width":1250,"height":1250},{"@type":"BreadcrumbList","@id":"https:\/\/acuariosupremus.com\/?product=azoo-bomba-de-aire-de-pilas#breadcrumb","itemListElement":[{"@type":"ListItem","position":1,"name":"Portada","item":"https:\/\/acuariosupremus.com\/"},{"@type":"ListItem","position":2,"name":"Tienda","item":"https:\/\/acuariosupremus.com\/tienda\/"},{"@type":"ListItem","position":3,"name":"AZOO Bomba de aire de pilas."}]},{"@type":"WebSite","@id":"https:\/\/acuariosupremus.com\/#website","url":"https:\/\/acuariosupremus.com\/","name":"Acuario Supremus","description":"Peces, Peceras y Mascotas.","publisher":{"@id":"https:\/\/acuariosupremus.com\/#organization"},"potentialAction":[{"@type":"SearchAction","target":{"@type":"EntryPoint","urlTemplate":"https:\/\/acuariosupremus.com\/?s={search_term_string}"},"query-input":{"@type":"PropertyValueSpecification","valueRequired":true,"valueName":"search_term_string"}}],"inLanguage":"es"},{"@type":"Organization","@id":"https:\/\/acuariosupremus.com\/#organization","name":"Acuario Supremus","url":"https:\/\/acuariosupremus.com\/","logo":{"@type":"ImageObject","inLanguage":"es","@id":"https:\/\/acuariosupremus.com\/#\/schema\/logo\/image\/","url":"https:\/\/acuariosupremus.com\/wp-content\/uploads\/2021\/12\/cropped-logo_acuario_supremus_fn-2.png","contentUrl":"https:\/\/acuariosupremus.com\/wp-content\/uploads\/2021\/12\/cropped-logo_acuario_supremus_fn-2.png","width":1000,"height":318,"caption":"Acuario Supremus"},"image":{"@id":"https:\/\/acuariosupremus.com\/#\/schema\/logo\/image\/"},"sameAs":["https:\/\/www.facebook.com\/AcuarioSupremus","https:\/\/x.com\/AcuarioSupremus","https:\/\/www.instagram.com\/acuariosupremus\/?hl=es"]}]}},"jetpack_sharing_enabled":true,"_links":{"self":[{"href":"https:\/\/acuariosupremus.com\/index.php?rest_route=\/wp\/v2\/product\/10927","targetHints":{"allow":["GET"]}}],"collection":[{"href":"https:\/\/acuariosupremus.com\/index.php?rest_route=\/wp\/v2\/product"}],"about":[{"href":"https:\/\/acuariosupremus.com\/index.php?rest_route=\/wp\/v2\/types\/product"}],"wp:featuredmedia":[{"embeddable":true,"href":"https:\/\/acuariosupremus.com\/index.php?rest_route=\/wp\/v2\/media\/10928"}],"wp:attachment":[{"href":"https:\/\/acuariosupremus.com\/index.php?rest_route=%2Fwp%2Fv2%2Fmedia&parent=10927"}],"wp:term":[{"taxonomy":"product_brand","embeddable":true,"href":"https:\/\/acuariosupremus.com\/index.php?rest_route=%2Fwp%2Fv2%2Fproduct_brand&post=10927"},{"taxonomy":"product_cat","embeddable":true,"href":"https:\/\/acuariosupremus.com\/index.php?rest_route=%2Fwp%2Fv2%2Fproduct_cat&post=10927"},{"taxonomy":"product_tag","embeddable":true,"href":"https:\/\/acuariosupremus.com\/index.php?rest_route=%2Fwp%2Fv2%2Fproduct_tag&post=10927"}],"curies":[{"name":"wp","href":"https:\/\/api.w.org\/{rel}","templated":true}]}}