{"id":1106,"date":"2022-01-27T20:12:46","date_gmt":"2022-01-28T02:12:46","guid":{"rendered":"https:\/\/acuariosupremus.com\/?post_type=product&#038;p=1106"},"modified":"2025-12-11T15:06:07","modified_gmt":"2025-12-11T21:06:07","slug":"tetramin-tropical-tablets-48-g-1-7-oz","status":"publish","type":"product","link":"https:\/\/acuariosupremus.com\/?product=tetramin-tropical-tablets-48-g-1-7-oz","title":{"rendered":"TETRAMIN TROPICAL TABLETS 48 G."},"content":{"rendered":"<p>An\u00e1lisis garantizado: Prote\u00edna Cruda m\u00edn. 43% Grasa Cruda m\u00edn. 5.0% Fibra Cruda m\u00e1x. 1.5% Humedad m\u00e1x. 8.0%<br \/>\nF\u00f3sforo m\u00edn. 0.9% \u00c1cido asc\u00f3rbico m\u00edn. 363 mg\/kg Gu\u00eda de alimentaci\u00f3n: Para garantizar que haya alimento disponible en toda la columna de agua y obtener los mejores resultados, alimente una vez al d\u00eda junto con hojuelas y gr\u00e1nulos de TetraMin.<\/p>\n<p>Ingredientes:<br \/>\nLeche desnatada seca, harina de pescado, levadura deshidratada, harina de camar\u00f3n, arroz moreno, prote\u00edna de papa, espirulina, harina de camar\u00f3n, prote\u00edna de pescado seco, gluten de trigo, sacarosa, avena, aceite de pescado, harina de soya, aceite de soya, sorbitol, lecitina, harina de algas, fosfato de calcio monob\u00e1sico, vitaminas (\u00e1cido asc\u00f3rbico, inositol, niacina, D-pantotenato de calcio, A-tocoferol-acetato, riboflavina-5-fosfato, mononitrato de tiamina, vitamina A, hidroclorato de piridixona, suplemento de vitamina B12, colecalciferol), L-ascorbilo-2-polifosfato, amarillo 5, camar\u00f3n de agua dulce, azul 2,betacaroteno, extracto de levadura, minerales (manganeso, sulfato, sulfato de zinc, sulfato ferroso), \u00e1cido c\u00edtrico (conservador), rojo 3, biotina, extracto de romero, tocoferoles mezclados (conservador), galato de propilo (conservador), complejo de bisulfito s\u00f3dico de menadiona.<\/p>\n<p>Medidas:<br \/>\n7 cm de altura x 4.5 cm de di\u00e1metro<\/p>\n<p>Contenido:<br \/>\n48 g (1.69 oz)<\/p>\n","protected":false},"excerpt":{"rendered":"<p>TetraMin Tabletas Tropicales 48 g (1.69 oz). Con f\u00f3rmula patentada ProCare, que favorece el buen funcionamiento del sistema inmunol\u00f3gico Hecho para peces omn\u00edvoros que se alimentan de fondo Proporciona una dieta equilibrada y completa para bagres y lochas Enriquecido con prebi\u00f3ticos.<\/p>\n","protected":false},"featured_media":1108,"template":"","meta":[],"product_brand":[116],"product_cat":[40,43],"product_tag":[151,148,150,149],"class_list":{"0":"post-1106","1":"product","2":"type-product","3":"status-publish","4":"has-post-thumbnail","6":"product_brand-tetra","7":"product_cat-peces","8":"product_cat-alimentos","9":"product_tag-alimento-peces-de-fondo","10":"product_tag-alimento-peces-tropicales","11":"product_tag-alimento-premium","12":"product_tag-alimento-tetra","14":"first","15":"outofstock","16":"sale","17":"shipping-taxable","18":"purchasable","19":"product-type-simple"},"yoast_head":"<!-- This site is optimized with the Yoast SEO plugin v27.4 - https:\/\/yoast.com\/product\/yoast-seo-wordpress\/ -->\n<title>TETRAMIN TROPICAL TABLETS 48 G. | Acuario Supremus<\/title>\n<meta name=\"description\" content=\"Formula ProCare, que favorece el buen funcionamiento del sistema inmunol\u00f3gico Hecho para peces omn\u00edvoros que se alimentan de fondo.\" \/>\n<meta name=\"robots\" content=\"index, follow, max-snippet:-1, max-image-preview:large, max-video-preview:-1\" \/>\n<link rel=\"canonical\" href=\"https:\/\/acuariosupremus.com\/?product=tetramin-tropical-tablets-48-g-1-7-oz\" \/>\n<meta property=\"og:locale\" content=\"es_MX\" \/>\n<meta property=\"og:type\" content=\"article\" \/>\n<meta property=\"og:title\" content=\"TETRAMIN TROPICAL TABLETS 48 G. | Acuario Supremus\" \/>\n<meta property=\"og:description\" content=\"Formula ProCare, que favorece el buen funcionamiento del sistema inmunol\u00f3gico Hecho para peces omn\u00edvoros que se alimentan de fondo.\" \/>\n<meta property=\"og:url\" content=\"https:\/\/acuariosupremus.com\/?product=tetramin-tropical-tablets-48-g-1-7-oz\" \/>\n<meta property=\"og:site_name\" content=\"Acuario Supremus\" \/>\n<meta property=\"article:publisher\" content=\"https:\/\/www.facebook.com\/AcuarioSupremus\" \/>\n<meta property=\"article:modified_time\" content=\"2025-12-11T21:06:07+00:00\" \/>\n<meta property=\"og:image\" content=\"https:\/\/acuariosupremus.com\/wp-content\/uploads\/2022\/01\/TE16110.jpg\" \/>\n\t<meta property=\"og:image:width\" content=\"1000\" \/>\n\t<meta property=\"og:image:height\" content=\"1000\" \/>\n\t<meta property=\"og:image:type\" content=\"image\/jpeg\" \/>\n<meta name=\"twitter:card\" content=\"summary_large_image\" \/>\n<meta name=\"twitter:site\" content=\"@AcuarioSupremus\" \/>\n<meta name=\"twitter:label1\" content=\"Tiempo de lectura\" \/>\n\t<meta name=\"twitter:data1\" content=\"2 minutos\" \/>\n<script type=\"application\/ld+json\" class=\"yoast-schema-graph\">{\"@context\":\"https:\\\/\\\/schema.org\",\"@graph\":[{\"@type\":\"WebPage\",\"@id\":\"https:\\\/\\\/acuariosupremus.com\\\/?product=tetramin-tropical-tablets-48-g-1-7-oz\",\"url\":\"https:\\\/\\\/acuariosupremus.com\\\/?product=tetramin-tropical-tablets-48-g-1-7-oz\",\"name\":\"TETRAMIN TROPICAL TABLETS 48 G. | Acuario Supremus\",\"isPartOf\":{\"@id\":\"https:\\\/\\\/acuariosupremus.com\\\/#website\"},\"primaryImageOfPage\":{\"@id\":\"https:\\\/\\\/acuariosupremus.com\\\/?product=tetramin-tropical-tablets-48-g-1-7-oz#primaryimage\"},\"image\":{\"@id\":\"https:\\\/\\\/acuariosupremus.com\\\/?product=tetramin-tropical-tablets-48-g-1-7-oz#primaryimage\"},\"thumbnailUrl\":\"https:\\\/\\\/acuariosupremus.com\\\/wp-content\\\/uploads\\\/2022\\\/01\\\/TE16110.jpg\",\"datePublished\":\"2022-01-28T02:12:46+00:00\",\"dateModified\":\"2025-12-11T21:06:07+00:00\",\"description\":\"Formula ProCare, que favorece el buen funcionamiento del sistema inmunol\u00f3gico Hecho para peces omn\u00edvoros que se alimentan de fondo.\",\"breadcrumb\":{\"@id\":\"https:\\\/\\\/acuariosupremus.com\\\/?product=tetramin-tropical-tablets-48-g-1-7-oz#breadcrumb\"},\"inLanguage\":\"es\",\"potentialAction\":[{\"@type\":\"ReadAction\",\"target\":[\"https:\\\/\\\/acuariosupremus.com\\\/?product=tetramin-tropical-tablets-48-g-1-7-oz\"]}]},{\"@type\":\"ImageObject\",\"inLanguage\":\"es\",\"@id\":\"https:\\\/\\\/acuariosupremus.com\\\/?product=tetramin-tropical-tablets-48-g-1-7-oz#primaryimage\",\"url\":\"https:\\\/\\\/acuariosupremus.com\\\/wp-content\\\/uploads\\\/2022\\\/01\\\/TE16110.jpg\",\"contentUrl\":\"https:\\\/\\\/acuariosupremus.com\\\/wp-content\\\/uploads\\\/2022\\\/01\\\/TE16110.jpg\",\"width\":1000,\"height\":1000},{\"@type\":\"BreadcrumbList\",\"@id\":\"https:\\\/\\\/acuariosupremus.com\\\/?product=tetramin-tropical-tablets-48-g-1-7-oz#breadcrumb\",\"itemListElement\":[{\"@type\":\"ListItem\",\"position\":1,\"name\":\"Portada\",\"item\":\"https:\\\/\\\/acuariosupremus.com\\\/\"},{\"@type\":\"ListItem\",\"position\":2,\"name\":\"Tienda\",\"item\":\"https:\\\/\\\/acuariosupremus.com\\\/tienda\\\/\"},{\"@type\":\"ListItem\",\"position\":3,\"name\":\"TETRAMIN TROPICAL TABLETS 48 G.\"}]},{\"@type\":\"WebSite\",\"@id\":\"https:\\\/\\\/acuariosupremus.com\\\/#website\",\"url\":\"https:\\\/\\\/acuariosupremus.com\\\/\",\"name\":\"Acuario Supremus\",\"description\":\"Peces, Peceras y Mascotas.\",\"publisher\":{\"@id\":\"https:\\\/\\\/acuariosupremus.com\\\/#organization\"},\"potentialAction\":[{\"@type\":\"SearchAction\",\"target\":{\"@type\":\"EntryPoint\",\"urlTemplate\":\"https:\\\/\\\/acuariosupremus.com\\\/?s={search_term_string}\"},\"query-input\":{\"@type\":\"PropertyValueSpecification\",\"valueRequired\":true,\"valueName\":\"search_term_string\"}}],\"inLanguage\":\"es\"},{\"@type\":\"Organization\",\"@id\":\"https:\\\/\\\/acuariosupremus.com\\\/#organization\",\"name\":\"Acuario Supremus\",\"url\":\"https:\\\/\\\/acuariosupremus.com\\\/\",\"logo\":{\"@type\":\"ImageObject\",\"inLanguage\":\"es\",\"@id\":\"https:\\\/\\\/acuariosupremus.com\\\/#\\\/schema\\\/logo\\\/image\\\/\",\"url\":\"https:\\\/\\\/acuariosupremus.com\\\/wp-content\\\/uploads\\\/2021\\\/12\\\/cropped-logo_acuario_supremus_fn-2.png\",\"contentUrl\":\"https:\\\/\\\/acuariosupremus.com\\\/wp-content\\\/uploads\\\/2021\\\/12\\\/cropped-logo_acuario_supremus_fn-2.png\",\"width\":1000,\"height\":318,\"caption\":\"Acuario Supremus\"},\"image\":{\"@id\":\"https:\\\/\\\/acuariosupremus.com\\\/#\\\/schema\\\/logo\\\/image\\\/\"},\"sameAs\":[\"https:\\\/\\\/www.facebook.com\\\/AcuarioSupremus\",\"https:\\\/\\\/x.com\\\/AcuarioSupremus\",\"https:\\\/\\\/www.instagram.com\\\/acuariosupremus\\\/?hl=es\"]}]}<\/script>\n<!-- \/ Yoast SEO plugin. -->","yoast_head_json":{"title":"TETRAMIN TROPICAL TABLETS 48 G. | Acuario Supremus","description":"Formula ProCare, que favorece el buen funcionamiento del sistema inmunol\u00f3gico Hecho para peces omn\u00edvoros que se alimentan de fondo.","robots":{"index":"index","follow":"follow","max-snippet":"max-snippet:-1","max-image-preview":"max-image-preview:large","max-video-preview":"max-video-preview:-1"},"canonical":"https:\/\/acuariosupremus.com\/?product=tetramin-tropical-tablets-48-g-1-7-oz","og_locale":"es_MX","og_type":"article","og_title":"TETRAMIN TROPICAL TABLETS 48 G. | Acuario Supremus","og_description":"Formula ProCare, que favorece el buen funcionamiento del sistema inmunol\u00f3gico Hecho para peces omn\u00edvoros que se alimentan de fondo.","og_url":"https:\/\/acuariosupremus.com\/?product=tetramin-tropical-tablets-48-g-1-7-oz","og_site_name":"Acuario Supremus","article_publisher":"https:\/\/www.facebook.com\/AcuarioSupremus","article_modified_time":"2025-12-11T21:06:07+00:00","og_image":[{"width":1000,"height":1000,"url":"https:\/\/acuariosupremus.com\/wp-content\/uploads\/2022\/01\/TE16110.jpg","type":"image\/jpeg"}],"twitter_card":"summary_large_image","twitter_site":"@AcuarioSupremus","twitter_misc":{"Tiempo de lectura":"2 minutos"},"schema":{"@context":"https:\/\/schema.org","@graph":[{"@type":"WebPage","@id":"https:\/\/acuariosupremus.com\/?product=tetramin-tropical-tablets-48-g-1-7-oz","url":"https:\/\/acuariosupremus.com\/?product=tetramin-tropical-tablets-48-g-1-7-oz","name":"TETRAMIN TROPICAL TABLETS 48 G. | Acuario Supremus","isPartOf":{"@id":"https:\/\/acuariosupremus.com\/#website"},"primaryImageOfPage":{"@id":"https:\/\/acuariosupremus.com\/?product=tetramin-tropical-tablets-48-g-1-7-oz#primaryimage"},"image":{"@id":"https:\/\/acuariosupremus.com\/?product=tetramin-tropical-tablets-48-g-1-7-oz#primaryimage"},"thumbnailUrl":"https:\/\/acuariosupremus.com\/wp-content\/uploads\/2022\/01\/TE16110.jpg","datePublished":"2022-01-28T02:12:46+00:00","dateModified":"2025-12-11T21:06:07+00:00","description":"Formula ProCare, que favorece el buen funcionamiento del sistema inmunol\u00f3gico Hecho para peces omn\u00edvoros que se alimentan de fondo.","breadcrumb":{"@id":"https:\/\/acuariosupremus.com\/?product=tetramin-tropical-tablets-48-g-1-7-oz#breadcrumb"},"inLanguage":"es","potentialAction":[{"@type":"ReadAction","target":["https:\/\/acuariosupremus.com\/?product=tetramin-tropical-tablets-48-g-1-7-oz"]}]},{"@type":"ImageObject","inLanguage":"es","@id":"https:\/\/acuariosupremus.com\/?product=tetramin-tropical-tablets-48-g-1-7-oz#primaryimage","url":"https:\/\/acuariosupremus.com\/wp-content\/uploads\/2022\/01\/TE16110.jpg","contentUrl":"https:\/\/acuariosupremus.com\/wp-content\/uploads\/2022\/01\/TE16110.jpg","width":1000,"height":1000},{"@type":"BreadcrumbList","@id":"https:\/\/acuariosupremus.com\/?product=tetramin-tropical-tablets-48-g-1-7-oz#breadcrumb","itemListElement":[{"@type":"ListItem","position":1,"name":"Portada","item":"https:\/\/acuariosupremus.com\/"},{"@type":"ListItem","position":2,"name":"Tienda","item":"https:\/\/acuariosupremus.com\/tienda\/"},{"@type":"ListItem","position":3,"name":"TETRAMIN TROPICAL TABLETS 48 G."}]},{"@type":"WebSite","@id":"https:\/\/acuariosupremus.com\/#website","url":"https:\/\/acuariosupremus.com\/","name":"Acuario Supremus","description":"Peces, Peceras y Mascotas.","publisher":{"@id":"https:\/\/acuariosupremus.com\/#organization"},"potentialAction":[{"@type":"SearchAction","target":{"@type":"EntryPoint","urlTemplate":"https:\/\/acuariosupremus.com\/?s={search_term_string}"},"query-input":{"@type":"PropertyValueSpecification","valueRequired":true,"valueName":"search_term_string"}}],"inLanguage":"es"},{"@type":"Organization","@id":"https:\/\/acuariosupremus.com\/#organization","name":"Acuario Supremus","url":"https:\/\/acuariosupremus.com\/","logo":{"@type":"ImageObject","inLanguage":"es","@id":"https:\/\/acuariosupremus.com\/#\/schema\/logo\/image\/","url":"https:\/\/acuariosupremus.com\/wp-content\/uploads\/2021\/12\/cropped-logo_acuario_supremus_fn-2.png","contentUrl":"https:\/\/acuariosupremus.com\/wp-content\/uploads\/2021\/12\/cropped-logo_acuario_supremus_fn-2.png","width":1000,"height":318,"caption":"Acuario Supremus"},"image":{"@id":"https:\/\/acuariosupremus.com\/#\/schema\/logo\/image\/"},"sameAs":["https:\/\/www.facebook.com\/AcuarioSupremus","https:\/\/x.com\/AcuarioSupremus","https:\/\/www.instagram.com\/acuariosupremus\/?hl=es"]}]}},"jetpack_sharing_enabled":true,"_links":{"self":[{"href":"https:\/\/acuariosupremus.com\/index.php?rest_route=\/wp\/v2\/product\/1106","targetHints":{"allow":["GET"]}}],"collection":[{"href":"https:\/\/acuariosupremus.com\/index.php?rest_route=\/wp\/v2\/product"}],"about":[{"href":"https:\/\/acuariosupremus.com\/index.php?rest_route=\/wp\/v2\/types\/product"}],"wp:featuredmedia":[{"embeddable":true,"href":"https:\/\/acuariosupremus.com\/index.php?rest_route=\/wp\/v2\/media\/1108"}],"wp:attachment":[{"href":"https:\/\/acuariosupremus.com\/index.php?rest_route=%2Fwp%2Fv2%2Fmedia&parent=1106"}],"wp:term":[{"taxonomy":"product_brand","embeddable":true,"href":"https:\/\/acuariosupremus.com\/index.php?rest_route=%2Fwp%2Fv2%2Fproduct_brand&post=1106"},{"taxonomy":"product_cat","embeddable":true,"href":"https:\/\/acuariosupremus.com\/index.php?rest_route=%2Fwp%2Fv2%2Fproduct_cat&post=1106"},{"taxonomy":"product_tag","embeddable":true,"href":"https:\/\/acuariosupremus.com\/index.php?rest_route=%2Fwp%2Fv2%2Fproduct_tag&post=1106"}],"curies":[{"name":"wp","href":"https:\/\/api.w.org\/{rel}","templated":true}]}}