{"id":1109,"date":"2022-01-27T20:18:57","date_gmt":"2022-01-28T02:18:57","guid":{"rendered":"https:\/\/acuariosupremus.com\/?post_type=product&#038;p=1109"},"modified":"2025-12-11T15:08:54","modified_gmt":"2025-12-11T21:08:54","slug":"tetramin-tropical-granulos-100-gr-3-52-oz","status":"publish","type":"product","link":"https:\/\/acuariosupremus.com\/?product=tetramin-tropical-granulos-100-gr-3-52-oz","title":{"rendered":"TETRAMIN TROPICAL GRANULOS 100 G."},"content":{"rendered":"<p>Ingredientes:<br \/>\nHarina de pescado, harina de soya descascarillada, harina de germen de trigo, harina de avena, gluten de ma\u00edz, prote\u00edna de papa, levadura seca, harina de camar\u00f3n, harina de trigo, arroz molido, gluten de trigo, aceite de pescado, fosfato de calcio monob\u00e1sico, harina de alfalfa deshidratada, monohidrocloruro de L-lisina, lecitina, harina de algas, aceite de soya, \u00e1cido asc\u00f3rbico (fuente de Vit C.), inositol, niacina, A-acetato de tocoferol (fuente de vitamina E), riboflavina-5-fosfato (fuente de vitamina B2), polifosfato de L-ascorbil-2, cloruro de colina, pantotenato D-calcio, mononitrato de tiamina (fuente de vit. B1), clorhidrato de piridoxina (fuente de vit. B6) palmitato de vitamina A (fuente vit A), \u00e1cido f\u00f3lico, complejo bisulfito s\u00f3dico de menadiona, biotina, cianocobalamina (fuente de vit. B12), colecalciferol (fuente de vitamina D3), sulfato de manganeso, sulfato de zinc, sulfato de hierro, nitrato de cobalto.<br \/>\nColorantes: Betacaroteno, extracto de achiote. Etoxiquina y \u00e1cido c\u00edtrico como conservadores.<\/p>\n<p>An\u00e1lisis garantizado:<br \/>\nProte\u00edna cruda min. 46%<br \/>\nGrasa cruda min. 7%<br \/>\nFibra cruda max. 2%<br \/>\nHumedad max. 8%<br \/>\nFosforo min. 1.4%<br \/>\nVit. C min. 100 mg\/kg<\/p>\n<p>Medidas:<br \/>\n11.5 cm x 5.5 cm di\u00e1metro.<\/p>\n<p>Peso\/Capacidad:<br \/>\n<strong>100 gr. 3.52 oz.<\/strong><\/p>\n","protected":false},"excerpt":{"rendered":"<p>Dieta equilibrada nutricionalmente, para peque\u00f1os peces tropicales y\/o bettas.<br \/>\nAlimento de lento hundimiento, tama\u00f1o ideal para peces tropicales de tama\u00f1o peque\u00f1o.<br \/>\nFormula mejorada que no enturbia el agua.<br \/>\nMezcla cient\u00edficamente desarrollada con ingredientes altamente nutritivos, adicionada con vitaminas y minerales.<br \/>\nPromueve la coloraci\u00f3n de los peces.<\/p>\n","protected":false},"featured_media":1110,"template":"","meta":[],"product_brand":[116],"product_cat":[40,43],"product_tag":[152,148,150,149],"class_list":{"0":"post-1109","1":"product","2":"type-product","3":"status-publish","4":"has-post-thumbnail","6":"product_brand-tetra","7":"product_cat-peces","8":"product_cat-alimentos","9":"product_tag-alimento-granulos","10":"product_tag-alimento-peces-tropicales","11":"product_tag-alimento-premium","12":"product_tag-alimento-tetra","14":"first","15":"instock","16":"sale","17":"shipping-taxable","18":"purchasable","19":"product-type-simple"},"yoast_head":"<!-- This site is optimized with the Yoast SEO plugin v27.4 - https:\/\/yoast.com\/product\/yoast-seo-wordpress\/ -->\n<title>TETRAMIN TROPICAL GRANULOS 100 G. | Acuario Supremus<\/title>\n<meta name=\"description\" content=\"Dieta equilibrada nutricionalmente, para peque\u00f1os peces tropicales y\/o bettas, Alimento de lento hundimiento.\" \/>\n<meta name=\"robots\" content=\"index, follow, max-snippet:-1, max-image-preview:large, max-video-preview:-1\" \/>\n<link rel=\"canonical\" href=\"https:\/\/acuariosupremus.com\/?product=tetramin-tropical-granulos-100-gr-3-52-oz\" \/>\n<meta property=\"og:locale\" content=\"es_MX\" \/>\n<meta property=\"og:type\" content=\"article\" \/>\n<meta property=\"og:title\" content=\"TETRAMIN TROPICAL GRANULOS 100 G. | Acuario Supremus\" \/>\n<meta property=\"og:description\" content=\"Dieta equilibrada nutricionalmente, para peque\u00f1os peces tropicales y\/o bettas, Alimento de lento hundimiento.\" \/>\n<meta property=\"og:url\" content=\"https:\/\/acuariosupremus.com\/?product=tetramin-tropical-granulos-100-gr-3-52-oz\" \/>\n<meta property=\"og:site_name\" content=\"Acuario Supremus\" \/>\n<meta property=\"article:publisher\" content=\"https:\/\/www.facebook.com\/AcuarioSupremus\" \/>\n<meta property=\"article:modified_time\" content=\"2025-12-11T21:08:54+00:00\" \/>\n<meta property=\"og:image\" content=\"https:\/\/acuariosupremus.com\/wp-content\/uploads\/2022\/01\/TE16121.jpg\" \/>\n\t<meta property=\"og:image:width\" content=\"1000\" \/>\n\t<meta property=\"og:image:height\" content=\"1000\" \/>\n\t<meta property=\"og:image:type\" content=\"image\/jpeg\" \/>\n<meta name=\"twitter:card\" content=\"summary_large_image\" \/>\n<meta name=\"twitter:site\" content=\"@AcuarioSupremus\" \/>\n<meta name=\"twitter:label1\" content=\"Tiempo de lectura\" \/>\n\t<meta name=\"twitter:data1\" content=\"1 minuto\" \/>\n<script type=\"application\/ld+json\" class=\"yoast-schema-graph\">{\"@context\":\"https:\\\/\\\/schema.org\",\"@graph\":[{\"@type\":\"WebPage\",\"@id\":\"https:\\\/\\\/acuariosupremus.com\\\/?product=tetramin-tropical-granulos-100-gr-3-52-oz\",\"url\":\"https:\\\/\\\/acuariosupremus.com\\\/?product=tetramin-tropical-granulos-100-gr-3-52-oz\",\"name\":\"TETRAMIN TROPICAL GRANULOS 100 G. | Acuario Supremus\",\"isPartOf\":{\"@id\":\"https:\\\/\\\/acuariosupremus.com\\\/#website\"},\"primaryImageOfPage\":{\"@id\":\"https:\\\/\\\/acuariosupremus.com\\\/?product=tetramin-tropical-granulos-100-gr-3-52-oz#primaryimage\"},\"image\":{\"@id\":\"https:\\\/\\\/acuariosupremus.com\\\/?product=tetramin-tropical-granulos-100-gr-3-52-oz#primaryimage\"},\"thumbnailUrl\":\"https:\\\/\\\/acuariosupremus.com\\\/wp-content\\\/uploads\\\/2022\\\/01\\\/TE16121.jpg\",\"datePublished\":\"2022-01-28T02:18:57+00:00\",\"dateModified\":\"2025-12-11T21:08:54+00:00\",\"description\":\"Dieta equilibrada nutricionalmente, para peque\u00f1os peces tropicales y\\\/o bettas, Alimento de lento hundimiento.\",\"breadcrumb\":{\"@id\":\"https:\\\/\\\/acuariosupremus.com\\\/?product=tetramin-tropical-granulos-100-gr-3-52-oz#breadcrumb\"},\"inLanguage\":\"es\",\"potentialAction\":[{\"@type\":\"ReadAction\",\"target\":[\"https:\\\/\\\/acuariosupremus.com\\\/?product=tetramin-tropical-granulos-100-gr-3-52-oz\"]}]},{\"@type\":\"ImageObject\",\"inLanguage\":\"es\",\"@id\":\"https:\\\/\\\/acuariosupremus.com\\\/?product=tetramin-tropical-granulos-100-gr-3-52-oz#primaryimage\",\"url\":\"https:\\\/\\\/acuariosupremus.com\\\/wp-content\\\/uploads\\\/2022\\\/01\\\/TE16121.jpg\",\"contentUrl\":\"https:\\\/\\\/acuariosupremus.com\\\/wp-content\\\/uploads\\\/2022\\\/01\\\/TE16121.jpg\",\"width\":1000,\"height\":1000},{\"@type\":\"BreadcrumbList\",\"@id\":\"https:\\\/\\\/acuariosupremus.com\\\/?product=tetramin-tropical-granulos-100-gr-3-52-oz#breadcrumb\",\"itemListElement\":[{\"@type\":\"ListItem\",\"position\":1,\"name\":\"Portada\",\"item\":\"https:\\\/\\\/acuariosupremus.com\\\/\"},{\"@type\":\"ListItem\",\"position\":2,\"name\":\"Tienda\",\"item\":\"https:\\\/\\\/acuariosupremus.com\\\/tienda\\\/\"},{\"@type\":\"ListItem\",\"position\":3,\"name\":\"TETRAMIN TROPICAL GRANULOS 100 G.\"}]},{\"@type\":\"WebSite\",\"@id\":\"https:\\\/\\\/acuariosupremus.com\\\/#website\",\"url\":\"https:\\\/\\\/acuariosupremus.com\\\/\",\"name\":\"Acuario Supremus\",\"description\":\"Peces, Peceras y Mascotas.\",\"publisher\":{\"@id\":\"https:\\\/\\\/acuariosupremus.com\\\/#organization\"},\"potentialAction\":[{\"@type\":\"SearchAction\",\"target\":{\"@type\":\"EntryPoint\",\"urlTemplate\":\"https:\\\/\\\/acuariosupremus.com\\\/?s={search_term_string}\"},\"query-input\":{\"@type\":\"PropertyValueSpecification\",\"valueRequired\":true,\"valueName\":\"search_term_string\"}}],\"inLanguage\":\"es\"},{\"@type\":\"Organization\",\"@id\":\"https:\\\/\\\/acuariosupremus.com\\\/#organization\",\"name\":\"Acuario Supremus\",\"url\":\"https:\\\/\\\/acuariosupremus.com\\\/\",\"logo\":{\"@type\":\"ImageObject\",\"inLanguage\":\"es\",\"@id\":\"https:\\\/\\\/acuariosupremus.com\\\/#\\\/schema\\\/logo\\\/image\\\/\",\"url\":\"https:\\\/\\\/acuariosupremus.com\\\/wp-content\\\/uploads\\\/2021\\\/12\\\/cropped-logo_acuario_supremus_fn-2.png\",\"contentUrl\":\"https:\\\/\\\/acuariosupremus.com\\\/wp-content\\\/uploads\\\/2021\\\/12\\\/cropped-logo_acuario_supremus_fn-2.png\",\"width\":1000,\"height\":318,\"caption\":\"Acuario Supremus\"},\"image\":{\"@id\":\"https:\\\/\\\/acuariosupremus.com\\\/#\\\/schema\\\/logo\\\/image\\\/\"},\"sameAs\":[\"https:\\\/\\\/www.facebook.com\\\/AcuarioSupremus\",\"https:\\\/\\\/x.com\\\/AcuarioSupremus\",\"https:\\\/\\\/www.instagram.com\\\/acuariosupremus\\\/?hl=es\"]}]}<\/script>\n<!-- \/ Yoast SEO plugin. -->","yoast_head_json":{"title":"TETRAMIN TROPICAL GRANULOS 100 G. | Acuario Supremus","description":"Dieta equilibrada nutricionalmente, para peque\u00f1os peces tropicales y\/o bettas, Alimento de lento hundimiento.","robots":{"index":"index","follow":"follow","max-snippet":"max-snippet:-1","max-image-preview":"max-image-preview:large","max-video-preview":"max-video-preview:-1"},"canonical":"https:\/\/acuariosupremus.com\/?product=tetramin-tropical-granulos-100-gr-3-52-oz","og_locale":"es_MX","og_type":"article","og_title":"TETRAMIN TROPICAL GRANULOS 100 G. | Acuario Supremus","og_description":"Dieta equilibrada nutricionalmente, para peque\u00f1os peces tropicales y\/o bettas, Alimento de lento hundimiento.","og_url":"https:\/\/acuariosupremus.com\/?product=tetramin-tropical-granulos-100-gr-3-52-oz","og_site_name":"Acuario Supremus","article_publisher":"https:\/\/www.facebook.com\/AcuarioSupremus","article_modified_time":"2025-12-11T21:08:54+00:00","og_image":[{"width":1000,"height":1000,"url":"https:\/\/acuariosupremus.com\/wp-content\/uploads\/2022\/01\/TE16121.jpg","type":"image\/jpeg"}],"twitter_card":"summary_large_image","twitter_site":"@AcuarioSupremus","twitter_misc":{"Tiempo de lectura":"1 minuto"},"schema":{"@context":"https:\/\/schema.org","@graph":[{"@type":"WebPage","@id":"https:\/\/acuariosupremus.com\/?product=tetramin-tropical-granulos-100-gr-3-52-oz","url":"https:\/\/acuariosupremus.com\/?product=tetramin-tropical-granulos-100-gr-3-52-oz","name":"TETRAMIN TROPICAL GRANULOS 100 G. | Acuario Supremus","isPartOf":{"@id":"https:\/\/acuariosupremus.com\/#website"},"primaryImageOfPage":{"@id":"https:\/\/acuariosupremus.com\/?product=tetramin-tropical-granulos-100-gr-3-52-oz#primaryimage"},"image":{"@id":"https:\/\/acuariosupremus.com\/?product=tetramin-tropical-granulos-100-gr-3-52-oz#primaryimage"},"thumbnailUrl":"https:\/\/acuariosupremus.com\/wp-content\/uploads\/2022\/01\/TE16121.jpg","datePublished":"2022-01-28T02:18:57+00:00","dateModified":"2025-12-11T21:08:54+00:00","description":"Dieta equilibrada nutricionalmente, para peque\u00f1os peces tropicales y\/o bettas, Alimento de lento hundimiento.","breadcrumb":{"@id":"https:\/\/acuariosupremus.com\/?product=tetramin-tropical-granulos-100-gr-3-52-oz#breadcrumb"},"inLanguage":"es","potentialAction":[{"@type":"ReadAction","target":["https:\/\/acuariosupremus.com\/?product=tetramin-tropical-granulos-100-gr-3-52-oz"]}]},{"@type":"ImageObject","inLanguage":"es","@id":"https:\/\/acuariosupremus.com\/?product=tetramin-tropical-granulos-100-gr-3-52-oz#primaryimage","url":"https:\/\/acuariosupremus.com\/wp-content\/uploads\/2022\/01\/TE16121.jpg","contentUrl":"https:\/\/acuariosupremus.com\/wp-content\/uploads\/2022\/01\/TE16121.jpg","width":1000,"height":1000},{"@type":"BreadcrumbList","@id":"https:\/\/acuariosupremus.com\/?product=tetramin-tropical-granulos-100-gr-3-52-oz#breadcrumb","itemListElement":[{"@type":"ListItem","position":1,"name":"Portada","item":"https:\/\/acuariosupremus.com\/"},{"@type":"ListItem","position":2,"name":"Tienda","item":"https:\/\/acuariosupremus.com\/tienda\/"},{"@type":"ListItem","position":3,"name":"TETRAMIN TROPICAL GRANULOS 100 G."}]},{"@type":"WebSite","@id":"https:\/\/acuariosupremus.com\/#website","url":"https:\/\/acuariosupremus.com\/","name":"Acuario Supremus","description":"Peces, Peceras y Mascotas.","publisher":{"@id":"https:\/\/acuariosupremus.com\/#organization"},"potentialAction":[{"@type":"SearchAction","target":{"@type":"EntryPoint","urlTemplate":"https:\/\/acuariosupremus.com\/?s={search_term_string}"},"query-input":{"@type":"PropertyValueSpecification","valueRequired":true,"valueName":"search_term_string"}}],"inLanguage":"es"},{"@type":"Organization","@id":"https:\/\/acuariosupremus.com\/#organization","name":"Acuario Supremus","url":"https:\/\/acuariosupremus.com\/","logo":{"@type":"ImageObject","inLanguage":"es","@id":"https:\/\/acuariosupremus.com\/#\/schema\/logo\/image\/","url":"https:\/\/acuariosupremus.com\/wp-content\/uploads\/2021\/12\/cropped-logo_acuario_supremus_fn-2.png","contentUrl":"https:\/\/acuariosupremus.com\/wp-content\/uploads\/2021\/12\/cropped-logo_acuario_supremus_fn-2.png","width":1000,"height":318,"caption":"Acuario Supremus"},"image":{"@id":"https:\/\/acuariosupremus.com\/#\/schema\/logo\/image\/"},"sameAs":["https:\/\/www.facebook.com\/AcuarioSupremus","https:\/\/x.com\/AcuarioSupremus","https:\/\/www.instagram.com\/acuariosupremus\/?hl=es"]}]}},"jetpack_sharing_enabled":true,"_links":{"self":[{"href":"https:\/\/acuariosupremus.com\/index.php?rest_route=\/wp\/v2\/product\/1109","targetHints":{"allow":["GET"]}}],"collection":[{"href":"https:\/\/acuariosupremus.com\/index.php?rest_route=\/wp\/v2\/product"}],"about":[{"href":"https:\/\/acuariosupremus.com\/index.php?rest_route=\/wp\/v2\/types\/product"}],"wp:featuredmedia":[{"embeddable":true,"href":"https:\/\/acuariosupremus.com\/index.php?rest_route=\/wp\/v2\/media\/1110"}],"wp:attachment":[{"href":"https:\/\/acuariosupremus.com\/index.php?rest_route=%2Fwp%2Fv2%2Fmedia&parent=1109"}],"wp:term":[{"taxonomy":"product_brand","embeddable":true,"href":"https:\/\/acuariosupremus.com\/index.php?rest_route=%2Fwp%2Fv2%2Fproduct_brand&post=1109"},{"taxonomy":"product_cat","embeddable":true,"href":"https:\/\/acuariosupremus.com\/index.php?rest_route=%2Fwp%2Fv2%2Fproduct_cat&post=1109"},{"taxonomy":"product_tag","embeddable":true,"href":"https:\/\/acuariosupremus.com\/index.php?rest_route=%2Fwp%2Fv2%2Fproduct_tag&post=1109"}],"curies":[{"name":"wp","href":"https:\/\/api.w.org\/{rel}","templated":true}]}}