{"id":1243,"date":"2022-01-29T13:54:13","date_gmt":"2022-01-29T19:54:13","guid":{"rendered":"https:\/\/acuariosupremus.com\/?post_type=product&#038;p=1243"},"modified":"2026-04-21T15:20:55","modified_gmt":"2026-04-21T21:20:55","slug":"pleco-wafers-86-g-3-oz","status":"publish","type":"product","link":"https:\/\/acuariosupremus.com\/?product=pleco-wafers-86-g-3-oz","title":{"rendered":"PLECO WAFERS 86 G"},"content":{"rendered":"<p>An\u00e1lisis garantizado: Prote\u00edna Cruda m\u00edn. 28% Grasa Cruda m\u00edn. 7.0% Fibra Cruda m\u00e1x. 6.0% Humedad m\u00e1x. 9.0%<br \/>\nF\u00f3sforo m\u00edn. 0.7% \u00c1cido asc\u00f3rbico (vit C.) 158 mg\/kg Gu\u00eda de alimentaci\u00f3n: Para asegurarse de que sus peces de fondo<br \/>\nherb\u00edvoros reciban una nutrici\u00f3n completa, proporcione s\u00f3lo la cantidad de alimento que puedan consumir en cinco minutos.Retire cualquier alimento no consumido para ayudar a mantener su tanque limpio y despejado.<\/p>\n<p>Ingredientes:<br \/>\nHarina de germen de trigo, harina de avena, almid\u00f3n de ma\u00edz, harina de soya descascarillada, celulosa, prote\u00edna de papa,<br \/>\nlevadura seca, gluten de trigo, harina de algas, aceite de soya, harina de alga, calabac\u00edn, espirulina, fosfato de calcio<br \/>\nmonob\u00e1sico, goma de guar, vitaminas (\u00e1cido asc\u00f3rbico, inositol, niacina, pantotenato D-calcio, acetato A-tocoferol, mononitrato de tiamina, riboflavina-5-fosfato, palmitato de vitamina A, clorhidrato de piridoxina, vitamina B12, suplemento, colecalciferol), amarillo 5, azul 2, extracto de levadura, minerales (sulfato de manganeso, sulfato de zinc, sulfato ferroso),<br \/>\nL-ascorbilo-2-polifosfato (fuente de vitamina C), \u00e1cido c\u00edtrico (conservador), biotina, extracto de romero, mezcla de tocoferoles (conservador), galato de propilo (conservador).<\/p>\n<p>Medidas:<br \/>\n20.8 cm de altura x 12 cm de ancho<\/p>\n<p>Contenido:<br \/>\n<strong>83 g (3.03 oz)<\/strong><\/p>\n","protected":false},"excerpt":{"rendered":"<p>Obleas Tetra para pleco y organismos consumidores de alga 83 g (3.03 oz). Con f\u00f3rmula patentada ProCare, que favorece el buen funcionamiento del sistema inmunol\u00f3gico Obleas con concentrado de algas en el centro para peces herb\u00edvoros que se alimentan en la parte inferior de la acuario Adicionado con calabac\u00edn para una nutrici\u00f3n completa.<\/p>\n","protected":false},"featured_media":1244,"template":"","meta":[],"product_brand":[116],"product_cat":[40,43],"product_tag":[151,148,150,149],"class_list":{"0":"post-1243","1":"product","2":"type-product","3":"status-publish","4":"has-post-thumbnail","6":"product_brand-tetra","7":"product_cat-peces","8":"product_cat-alimentos","9":"product_tag-alimento-peces-de-fondo","10":"product_tag-alimento-peces-tropicales","11":"product_tag-alimento-premium","12":"product_tag-alimento-tetra","14":"first","15":"outofstock","16":"sale","17":"shipping-taxable","18":"purchasable","19":"product-type-simple"},"yoast_head":"<!-- This site is optimized with the Yoast SEO plugin v27.4 - https:\/\/yoast.com\/product\/yoast-seo-wordpress\/ -->\n<title>PLECO WAFERS 86 G | Acuario Supremus<\/title>\n<meta name=\"description\" content=\"Obleas para plecos y organismos consumidores de alga concentrado en el centro para peces que se alimentan en la parte inferior de la acuario.\" \/>\n<meta name=\"robots\" content=\"index, follow, max-snippet:-1, max-image-preview:large, max-video-preview:-1\" \/>\n<link rel=\"canonical\" href=\"https:\/\/acuariosupremus.com\/?product=pleco-wafers-86-g-3-oz\" \/>\n<meta property=\"og:locale\" content=\"es_MX\" \/>\n<meta property=\"og:type\" content=\"article\" \/>\n<meta property=\"og:title\" content=\"PLECO WAFERS 86 G | Acuario Supremus\" \/>\n<meta property=\"og:description\" content=\"Obleas para plecos y organismos consumidores de alga concentrado en el centro para peces que se alimentan en la parte inferior de la acuario.\" \/>\n<meta property=\"og:url\" content=\"https:\/\/acuariosupremus.com\/?product=pleco-wafers-86-g-3-oz\" \/>\n<meta property=\"og:site_name\" content=\"Acuario Supremus\" \/>\n<meta property=\"article:publisher\" content=\"https:\/\/www.facebook.com\/AcuarioSupremus\" \/>\n<meta property=\"article:modified_time\" content=\"2026-04-21T21:20:55+00:00\" \/>\n<meta property=\"og:image\" content=\"https:\/\/acuariosupremus.com\/wp-content\/uploads\/2022\/01\/TE77016.jpg\" \/>\n\t<meta property=\"og:image:width\" content=\"1000\" \/>\n\t<meta property=\"og:image:height\" content=\"1000\" \/>\n\t<meta property=\"og:image:type\" content=\"image\/jpeg\" \/>\n<meta name=\"twitter:card\" content=\"summary_large_image\" \/>\n<meta name=\"twitter:site\" content=\"@AcuarioSupremus\" \/>\n<meta name=\"twitter:label1\" content=\"Tiempo de lectura\" \/>\n\t<meta name=\"twitter:data1\" content=\"1 minuto\" \/>\n<script type=\"application\/ld+json\" class=\"yoast-schema-graph\">{\"@context\":\"https:\\\/\\\/schema.org\",\"@graph\":[{\"@type\":\"WebPage\",\"@id\":\"https:\\\/\\\/acuariosupremus.com\\\/?product=pleco-wafers-86-g-3-oz\",\"url\":\"https:\\\/\\\/acuariosupremus.com\\\/?product=pleco-wafers-86-g-3-oz\",\"name\":\"PLECO WAFERS 86 G | Acuario Supremus\",\"isPartOf\":{\"@id\":\"https:\\\/\\\/acuariosupremus.com\\\/#website\"},\"primaryImageOfPage\":{\"@id\":\"https:\\\/\\\/acuariosupremus.com\\\/?product=pleco-wafers-86-g-3-oz#primaryimage\"},\"image\":{\"@id\":\"https:\\\/\\\/acuariosupremus.com\\\/?product=pleco-wafers-86-g-3-oz#primaryimage\"},\"thumbnailUrl\":\"https:\\\/\\\/acuariosupremus.com\\\/wp-content\\\/uploads\\\/2022\\\/01\\\/TE77016.jpg\",\"datePublished\":\"2022-01-29T19:54:13+00:00\",\"dateModified\":\"2026-04-21T21:20:55+00:00\",\"description\":\"Obleas para plecos y organismos consumidores de alga concentrado en el centro para peces que se alimentan en la parte inferior de la acuario.\",\"breadcrumb\":{\"@id\":\"https:\\\/\\\/acuariosupremus.com\\\/?product=pleco-wafers-86-g-3-oz#breadcrumb\"},\"inLanguage\":\"es\",\"potentialAction\":[{\"@type\":\"ReadAction\",\"target\":[\"https:\\\/\\\/acuariosupremus.com\\\/?product=pleco-wafers-86-g-3-oz\"]}]},{\"@type\":\"ImageObject\",\"inLanguage\":\"es\",\"@id\":\"https:\\\/\\\/acuariosupremus.com\\\/?product=pleco-wafers-86-g-3-oz#primaryimage\",\"url\":\"https:\\\/\\\/acuariosupremus.com\\\/wp-content\\\/uploads\\\/2022\\\/01\\\/TE77016.jpg\",\"contentUrl\":\"https:\\\/\\\/acuariosupremus.com\\\/wp-content\\\/uploads\\\/2022\\\/01\\\/TE77016.jpg\",\"width\":1000,\"height\":1000},{\"@type\":\"BreadcrumbList\",\"@id\":\"https:\\\/\\\/acuariosupremus.com\\\/?product=pleco-wafers-86-g-3-oz#breadcrumb\",\"itemListElement\":[{\"@type\":\"ListItem\",\"position\":1,\"name\":\"Portada\",\"item\":\"https:\\\/\\\/acuariosupremus.com\\\/\"},{\"@type\":\"ListItem\",\"position\":2,\"name\":\"Tienda\",\"item\":\"https:\\\/\\\/acuariosupremus.com\\\/tienda\\\/\"},{\"@type\":\"ListItem\",\"position\":3,\"name\":\"PLECO WAFERS 86 G\"}]},{\"@type\":\"WebSite\",\"@id\":\"https:\\\/\\\/acuariosupremus.com\\\/#website\",\"url\":\"https:\\\/\\\/acuariosupremus.com\\\/\",\"name\":\"Acuario Supremus\",\"description\":\"Peces, Peceras y Mascotas.\",\"publisher\":{\"@id\":\"https:\\\/\\\/acuariosupremus.com\\\/#organization\"},\"potentialAction\":[{\"@type\":\"SearchAction\",\"target\":{\"@type\":\"EntryPoint\",\"urlTemplate\":\"https:\\\/\\\/acuariosupremus.com\\\/?s={search_term_string}\"},\"query-input\":{\"@type\":\"PropertyValueSpecification\",\"valueRequired\":true,\"valueName\":\"search_term_string\"}}],\"inLanguage\":\"es\"},{\"@type\":\"Organization\",\"@id\":\"https:\\\/\\\/acuariosupremus.com\\\/#organization\",\"name\":\"Acuario Supremus\",\"url\":\"https:\\\/\\\/acuariosupremus.com\\\/\",\"logo\":{\"@type\":\"ImageObject\",\"inLanguage\":\"es\",\"@id\":\"https:\\\/\\\/acuariosupremus.com\\\/#\\\/schema\\\/logo\\\/image\\\/\",\"url\":\"https:\\\/\\\/acuariosupremus.com\\\/wp-content\\\/uploads\\\/2021\\\/12\\\/cropped-logo_acuario_supremus_fn-2.png\",\"contentUrl\":\"https:\\\/\\\/acuariosupremus.com\\\/wp-content\\\/uploads\\\/2021\\\/12\\\/cropped-logo_acuario_supremus_fn-2.png\",\"width\":1000,\"height\":318,\"caption\":\"Acuario Supremus\"},\"image\":{\"@id\":\"https:\\\/\\\/acuariosupremus.com\\\/#\\\/schema\\\/logo\\\/image\\\/\"},\"sameAs\":[\"https:\\\/\\\/www.facebook.com\\\/AcuarioSupremus\",\"https:\\\/\\\/x.com\\\/AcuarioSupremus\",\"https:\\\/\\\/www.instagram.com\\\/acuariosupremus\\\/?hl=es\"]}]}<\/script>\n<!-- \/ Yoast SEO plugin. -->","yoast_head_json":{"title":"PLECO WAFERS 86 G | Acuario Supremus","description":"Obleas para plecos y organismos consumidores de alga concentrado en el centro para peces que se alimentan en la parte inferior de la acuario.","robots":{"index":"index","follow":"follow","max-snippet":"max-snippet:-1","max-image-preview":"max-image-preview:large","max-video-preview":"max-video-preview:-1"},"canonical":"https:\/\/acuariosupremus.com\/?product=pleco-wafers-86-g-3-oz","og_locale":"es_MX","og_type":"article","og_title":"PLECO WAFERS 86 G | Acuario Supremus","og_description":"Obleas para plecos y organismos consumidores de alga concentrado en el centro para peces que se alimentan en la parte inferior de la acuario.","og_url":"https:\/\/acuariosupremus.com\/?product=pleco-wafers-86-g-3-oz","og_site_name":"Acuario Supremus","article_publisher":"https:\/\/www.facebook.com\/AcuarioSupremus","article_modified_time":"2026-04-21T21:20:55+00:00","og_image":[{"width":1000,"height":1000,"url":"https:\/\/acuariosupremus.com\/wp-content\/uploads\/2022\/01\/TE77016.jpg","type":"image\/jpeg"}],"twitter_card":"summary_large_image","twitter_site":"@AcuarioSupremus","twitter_misc":{"Tiempo de lectura":"1 minuto"},"schema":{"@context":"https:\/\/schema.org","@graph":[{"@type":"WebPage","@id":"https:\/\/acuariosupremus.com\/?product=pleco-wafers-86-g-3-oz","url":"https:\/\/acuariosupremus.com\/?product=pleco-wafers-86-g-3-oz","name":"PLECO WAFERS 86 G | Acuario Supremus","isPartOf":{"@id":"https:\/\/acuariosupremus.com\/#website"},"primaryImageOfPage":{"@id":"https:\/\/acuariosupremus.com\/?product=pleco-wafers-86-g-3-oz#primaryimage"},"image":{"@id":"https:\/\/acuariosupremus.com\/?product=pleco-wafers-86-g-3-oz#primaryimage"},"thumbnailUrl":"https:\/\/acuariosupremus.com\/wp-content\/uploads\/2022\/01\/TE77016.jpg","datePublished":"2022-01-29T19:54:13+00:00","dateModified":"2026-04-21T21:20:55+00:00","description":"Obleas para plecos y organismos consumidores de alga concentrado en el centro para peces que se alimentan en la parte inferior de la acuario.","breadcrumb":{"@id":"https:\/\/acuariosupremus.com\/?product=pleco-wafers-86-g-3-oz#breadcrumb"},"inLanguage":"es","potentialAction":[{"@type":"ReadAction","target":["https:\/\/acuariosupremus.com\/?product=pleco-wafers-86-g-3-oz"]}]},{"@type":"ImageObject","inLanguage":"es","@id":"https:\/\/acuariosupremus.com\/?product=pleco-wafers-86-g-3-oz#primaryimage","url":"https:\/\/acuariosupremus.com\/wp-content\/uploads\/2022\/01\/TE77016.jpg","contentUrl":"https:\/\/acuariosupremus.com\/wp-content\/uploads\/2022\/01\/TE77016.jpg","width":1000,"height":1000},{"@type":"BreadcrumbList","@id":"https:\/\/acuariosupremus.com\/?product=pleco-wafers-86-g-3-oz#breadcrumb","itemListElement":[{"@type":"ListItem","position":1,"name":"Portada","item":"https:\/\/acuariosupremus.com\/"},{"@type":"ListItem","position":2,"name":"Tienda","item":"https:\/\/acuariosupremus.com\/tienda\/"},{"@type":"ListItem","position":3,"name":"PLECO WAFERS 86 G"}]},{"@type":"WebSite","@id":"https:\/\/acuariosupremus.com\/#website","url":"https:\/\/acuariosupremus.com\/","name":"Acuario Supremus","description":"Peces, Peceras y Mascotas.","publisher":{"@id":"https:\/\/acuariosupremus.com\/#organization"},"potentialAction":[{"@type":"SearchAction","target":{"@type":"EntryPoint","urlTemplate":"https:\/\/acuariosupremus.com\/?s={search_term_string}"},"query-input":{"@type":"PropertyValueSpecification","valueRequired":true,"valueName":"search_term_string"}}],"inLanguage":"es"},{"@type":"Organization","@id":"https:\/\/acuariosupremus.com\/#organization","name":"Acuario Supremus","url":"https:\/\/acuariosupremus.com\/","logo":{"@type":"ImageObject","inLanguage":"es","@id":"https:\/\/acuariosupremus.com\/#\/schema\/logo\/image\/","url":"https:\/\/acuariosupremus.com\/wp-content\/uploads\/2021\/12\/cropped-logo_acuario_supremus_fn-2.png","contentUrl":"https:\/\/acuariosupremus.com\/wp-content\/uploads\/2021\/12\/cropped-logo_acuario_supremus_fn-2.png","width":1000,"height":318,"caption":"Acuario Supremus"},"image":{"@id":"https:\/\/acuariosupremus.com\/#\/schema\/logo\/image\/"},"sameAs":["https:\/\/www.facebook.com\/AcuarioSupremus","https:\/\/x.com\/AcuarioSupremus","https:\/\/www.instagram.com\/acuariosupremus\/?hl=es"]}]}},"jetpack_sharing_enabled":true,"_links":{"self":[{"href":"https:\/\/acuariosupremus.com\/index.php?rest_route=\/wp\/v2\/product\/1243","targetHints":{"allow":["GET"]}}],"collection":[{"href":"https:\/\/acuariosupremus.com\/index.php?rest_route=\/wp\/v2\/product"}],"about":[{"href":"https:\/\/acuariosupremus.com\/index.php?rest_route=\/wp\/v2\/types\/product"}],"wp:featuredmedia":[{"embeddable":true,"href":"https:\/\/acuariosupremus.com\/index.php?rest_route=\/wp\/v2\/media\/1244"}],"wp:attachment":[{"href":"https:\/\/acuariosupremus.com\/index.php?rest_route=%2Fwp%2Fv2%2Fmedia&parent=1243"}],"wp:term":[{"taxonomy":"product_brand","embeddable":true,"href":"https:\/\/acuariosupremus.com\/index.php?rest_route=%2Fwp%2Fv2%2Fproduct_brand&post=1243"},{"taxonomy":"product_cat","embeddable":true,"href":"https:\/\/acuariosupremus.com\/index.php?rest_route=%2Fwp%2Fv2%2Fproduct_cat&post=1243"},{"taxonomy":"product_tag","embeddable":true,"href":"https:\/\/acuariosupremus.com\/index.php?rest_route=%2Fwp%2Fv2%2Fproduct_tag&post=1243"}],"curies":[{"name":"wp","href":"https:\/\/api.w.org\/{rel}","templated":true}]}}