{"id":1251,"date":"2022-01-29T14:30:12","date_gmt":"2022-01-29T20:30:12","guid":{"rendered":"https:\/\/acuariosupremus.com\/?post_type=product&#038;p=1251"},"modified":"2025-12-11T19:26:58","modified_gmt":"2025-12-12T01:26:58","slug":"tetramin-select-a-food-64-gr-2-26-oz","status":"publish","type":"product","link":"https:\/\/acuariosupremus.com\/?product=tetramin-select-a-food-64-gr-2-26-oz","title":{"rendered":"TETRAMIN SELECT-A-FOOD 64 GR"},"content":{"rendered":"<p>Ingredientes:<br \/>\nTetramin hojuelas: harina de pescado, levadura deshidratada, arroz, harina de camar\u00f3n, gluten de trigo, harina de avena,<br \/>\naceite de pescado, prote\u00edna de papa, harina de soya descascarillada, harina de alga, sorbitol, lecitina, fosfato de calcio<br \/>\nmonob\u00e1sico, acido asc\u00f3rbico, extracto de levadura, inositol, niacina, l-ascorbilo-2-polifosfato, riboflavina.5-fosfato,<br \/>\na-tocoferol-acetato, pantotenato, mononitrato de tiamina, hidroclorato de piridoxina, vitamina a palmitato, complejo bisulfato de menadiona s\u00f3dica, biotina, cianocobalamina, colecalciferol, sulfato de manganeso monohidratado, sulfato de zinc monohidratado, sulfato de hierro monohidratado, nitrato de cobalto. colores incluidos: betacarotenos, extracto de achiote, azul lago 2, rojo 3, amarillo lago 5, amarillo lago 6. etoxiquina como conservador. Tetramin granulos: harina de pescado, harina de soya descascarillada, harina de germen de trigo, harina de avena, gluten de ma\u00edz, prote\u00edna de papa, levadura deshidratada, harina de camar\u00f3n, harina de trigo, arroz, gluten de trigo, aceite de pescado, fosfato de calcio monob\u00e1sico, harina de alfalfa deshidratada, monohidroclorato de l-lisina, lecitina, harina de alga, aceite de soya, acido asc\u00f3rbico, inositol, niacina, a-tocoferol-acetato, riboflavina 5-fosfato, l-ascorbilo-2-polifosfato, cloruro de colina, d-calcio pantotenato, mononitrato de tiamina, hidroclorato de piridoxina, vitamina a palmitato, acido f\u00f3lico, complejo bisulfato de menadiona s\u00f3dica, biotina, cianocobalamina, colecalciferol, sulfato de manganeso, sulfato de zinc, sulfato de hierro, nitrato de cobalto. colores incluidos: betacarotenos, extracto de achiote, cantaxantinas, azul lago 2, rojo 3, amarillo lago 6. etoxiquina y acido c\u00edtrico ambos como conservadores. Camar\u00f3n: \u00fanicamente cr\u00eda de camar\u00f3n deshidratado.<\/p>\n<p>An\u00e1lisis garantizado:<br \/>\nProte\u00edna cruda m\u00edn. 47.0%<br \/>\nGrasa cruda m\u00edn. 10.0%<br \/>\nFibra cruda max. 3.0%<br \/>\nHumedad max. 6.0%<br \/>\nFosforo m\u00edn. 1.0%<br \/>\nVit.C. m\u00edn. . 390 mg \/kg<\/p>\n<p>Medidas:<br \/>\nAlto: 11.7 cm x diametro: 6 cm<\/p>\n<p>Peso\/Capacidad:<br \/>\n<strong>64 GR 2.26 OZ<\/strong><\/p>\n","protected":false},"excerpt":{"rendered":"<p>TretaMin Select-A-Foods 3 alimentos en uno. Incluye TetraMin Flakes, Camar\u00f3n deshidratado y TetraMin gr\u00e1nulos.<br \/>\nVariedad nutritiva para los peces tropicales. -\u00danico envase con m\u00faltiples secciones.<\/p>\n","protected":false},"featured_media":1253,"template":"","meta":[],"product_brand":[116],"product_cat":[40,43],"product_tag":[162,148,150,149],"class_list":{"0":"post-1251","1":"product","2":"type-product","3":"status-publish","4":"has-post-thumbnail","6":"product_brand-tetra","7":"product_cat-peces","8":"product_cat-alimentos","9":"product_tag-alimento-3-en-1","10":"product_tag-alimento-peces-tropicales","11":"product_tag-alimento-premium","12":"product_tag-alimento-tetra","14":"first","15":"instock","16":"sale","17":"shipping-taxable","18":"purchasable","19":"product-type-simple"},"yoast_head":"<!-- This site is optimized with the Yoast SEO plugin v27.4 - https:\/\/yoast.com\/product\/yoast-seo-wordpress\/ -->\n<title>TETRAMIN SELECT-A-FOOD 64 GR | Acuario Supremus<\/title>\n<meta name=\"description\" content=\"3 alimentos en uno. Incluye TetraMin Flakes, Camar\u00f3n deshidratado y TetraMin gr\u00e1nulos.Variedad nutritiva para los peces tropicales.\" \/>\n<meta name=\"robots\" content=\"index, follow, max-snippet:-1, max-image-preview:large, max-video-preview:-1\" \/>\n<link rel=\"canonical\" href=\"https:\/\/acuariosupremus.com\/?product=tetramin-select-a-food-64-gr-2-26-oz\" \/>\n<meta property=\"og:locale\" content=\"es_MX\" \/>\n<meta property=\"og:type\" content=\"article\" \/>\n<meta property=\"og:title\" content=\"TETRAMIN SELECT-A-FOOD 64 GR | Acuario Supremus\" \/>\n<meta property=\"og:description\" content=\"3 alimentos en uno. Incluye TetraMin Flakes, Camar\u00f3n deshidratado y TetraMin gr\u00e1nulos.Variedad nutritiva para los peces tropicales.\" \/>\n<meta property=\"og:url\" content=\"https:\/\/acuariosupremus.com\/?product=tetramin-select-a-food-64-gr-2-26-oz\" \/>\n<meta property=\"og:site_name\" content=\"Acuario Supremus\" \/>\n<meta property=\"article:publisher\" content=\"https:\/\/www.facebook.com\/AcuarioSupremus\" \/>\n<meta property=\"article:modified_time\" content=\"2025-12-12T01:26:58+00:00\" \/>\n<meta property=\"og:image\" content=\"https:\/\/acuariosupremus.com\/wp-content\/uploads\/2022\/01\/TE77031.jpg\" \/>\n\t<meta property=\"og:image:width\" content=\"1000\" \/>\n\t<meta property=\"og:image:height\" content=\"1000\" \/>\n\t<meta property=\"og:image:type\" content=\"image\/jpeg\" \/>\n<meta name=\"twitter:card\" content=\"summary_large_image\" \/>\n<meta name=\"twitter:site\" content=\"@AcuarioSupremus\" \/>\n<meta name=\"twitter:label1\" content=\"Tiempo de lectura\" \/>\n\t<meta name=\"twitter:data1\" content=\"1 minuto\" \/>\n<script type=\"application\/ld+json\" class=\"yoast-schema-graph\">{\"@context\":\"https:\\\/\\\/schema.org\",\"@graph\":[{\"@type\":\"WebPage\",\"@id\":\"https:\\\/\\\/acuariosupremus.com\\\/?product=tetramin-select-a-food-64-gr-2-26-oz\",\"url\":\"https:\\\/\\\/acuariosupremus.com\\\/?product=tetramin-select-a-food-64-gr-2-26-oz\",\"name\":\"TETRAMIN SELECT-A-FOOD 64 GR | Acuario Supremus\",\"isPartOf\":{\"@id\":\"https:\\\/\\\/acuariosupremus.com\\\/#website\"},\"primaryImageOfPage\":{\"@id\":\"https:\\\/\\\/acuariosupremus.com\\\/?product=tetramin-select-a-food-64-gr-2-26-oz#primaryimage\"},\"image\":{\"@id\":\"https:\\\/\\\/acuariosupremus.com\\\/?product=tetramin-select-a-food-64-gr-2-26-oz#primaryimage\"},\"thumbnailUrl\":\"https:\\\/\\\/acuariosupremus.com\\\/wp-content\\\/uploads\\\/2022\\\/01\\\/TE77031.jpg\",\"datePublished\":\"2022-01-29T20:30:12+00:00\",\"dateModified\":\"2025-12-12T01:26:58+00:00\",\"description\":\"3 alimentos en uno. Incluye TetraMin Flakes, Camar\u00f3n deshidratado y TetraMin gr\u00e1nulos.Variedad nutritiva para los peces tropicales.\",\"breadcrumb\":{\"@id\":\"https:\\\/\\\/acuariosupremus.com\\\/?product=tetramin-select-a-food-64-gr-2-26-oz#breadcrumb\"},\"inLanguage\":\"es\",\"potentialAction\":[{\"@type\":\"ReadAction\",\"target\":[\"https:\\\/\\\/acuariosupremus.com\\\/?product=tetramin-select-a-food-64-gr-2-26-oz\"]}]},{\"@type\":\"ImageObject\",\"inLanguage\":\"es\",\"@id\":\"https:\\\/\\\/acuariosupremus.com\\\/?product=tetramin-select-a-food-64-gr-2-26-oz#primaryimage\",\"url\":\"https:\\\/\\\/acuariosupremus.com\\\/wp-content\\\/uploads\\\/2022\\\/01\\\/TE77031.jpg\",\"contentUrl\":\"https:\\\/\\\/acuariosupremus.com\\\/wp-content\\\/uploads\\\/2022\\\/01\\\/TE77031.jpg\",\"width\":1000,\"height\":1000},{\"@type\":\"BreadcrumbList\",\"@id\":\"https:\\\/\\\/acuariosupremus.com\\\/?product=tetramin-select-a-food-64-gr-2-26-oz#breadcrumb\",\"itemListElement\":[{\"@type\":\"ListItem\",\"position\":1,\"name\":\"Portada\",\"item\":\"https:\\\/\\\/acuariosupremus.com\\\/\"},{\"@type\":\"ListItem\",\"position\":2,\"name\":\"Tienda\",\"item\":\"https:\\\/\\\/acuariosupremus.com\\\/tienda\\\/\"},{\"@type\":\"ListItem\",\"position\":3,\"name\":\"TETRAMIN SELECT-A-FOOD 64 GR\"}]},{\"@type\":\"WebSite\",\"@id\":\"https:\\\/\\\/acuariosupremus.com\\\/#website\",\"url\":\"https:\\\/\\\/acuariosupremus.com\\\/\",\"name\":\"Acuario Supremus\",\"description\":\"Peces, Peceras y Mascotas.\",\"publisher\":{\"@id\":\"https:\\\/\\\/acuariosupremus.com\\\/#organization\"},\"potentialAction\":[{\"@type\":\"SearchAction\",\"target\":{\"@type\":\"EntryPoint\",\"urlTemplate\":\"https:\\\/\\\/acuariosupremus.com\\\/?s={search_term_string}\"},\"query-input\":{\"@type\":\"PropertyValueSpecification\",\"valueRequired\":true,\"valueName\":\"search_term_string\"}}],\"inLanguage\":\"es\"},{\"@type\":\"Organization\",\"@id\":\"https:\\\/\\\/acuariosupremus.com\\\/#organization\",\"name\":\"Acuario Supremus\",\"url\":\"https:\\\/\\\/acuariosupremus.com\\\/\",\"logo\":{\"@type\":\"ImageObject\",\"inLanguage\":\"es\",\"@id\":\"https:\\\/\\\/acuariosupremus.com\\\/#\\\/schema\\\/logo\\\/image\\\/\",\"url\":\"https:\\\/\\\/acuariosupremus.com\\\/wp-content\\\/uploads\\\/2021\\\/12\\\/cropped-logo_acuario_supremus_fn-2.png\",\"contentUrl\":\"https:\\\/\\\/acuariosupremus.com\\\/wp-content\\\/uploads\\\/2021\\\/12\\\/cropped-logo_acuario_supremus_fn-2.png\",\"width\":1000,\"height\":318,\"caption\":\"Acuario Supremus\"},\"image\":{\"@id\":\"https:\\\/\\\/acuariosupremus.com\\\/#\\\/schema\\\/logo\\\/image\\\/\"},\"sameAs\":[\"https:\\\/\\\/www.facebook.com\\\/AcuarioSupremus\",\"https:\\\/\\\/x.com\\\/AcuarioSupremus\",\"https:\\\/\\\/www.instagram.com\\\/acuariosupremus\\\/?hl=es\"]}]}<\/script>\n<!-- \/ Yoast SEO plugin. -->","yoast_head_json":{"title":"TETRAMIN SELECT-A-FOOD 64 GR | Acuario Supremus","description":"3 alimentos en uno. Incluye TetraMin Flakes, Camar\u00f3n deshidratado y TetraMin gr\u00e1nulos.Variedad nutritiva para los peces tropicales.","robots":{"index":"index","follow":"follow","max-snippet":"max-snippet:-1","max-image-preview":"max-image-preview:large","max-video-preview":"max-video-preview:-1"},"canonical":"https:\/\/acuariosupremus.com\/?product=tetramin-select-a-food-64-gr-2-26-oz","og_locale":"es_MX","og_type":"article","og_title":"TETRAMIN SELECT-A-FOOD 64 GR | Acuario Supremus","og_description":"3 alimentos en uno. Incluye TetraMin Flakes, Camar\u00f3n deshidratado y TetraMin gr\u00e1nulos.Variedad nutritiva para los peces tropicales.","og_url":"https:\/\/acuariosupremus.com\/?product=tetramin-select-a-food-64-gr-2-26-oz","og_site_name":"Acuario Supremus","article_publisher":"https:\/\/www.facebook.com\/AcuarioSupremus","article_modified_time":"2025-12-12T01:26:58+00:00","og_image":[{"width":1000,"height":1000,"url":"https:\/\/acuariosupremus.com\/wp-content\/uploads\/2022\/01\/TE77031.jpg","type":"image\/jpeg"}],"twitter_card":"summary_large_image","twitter_site":"@AcuarioSupremus","twitter_misc":{"Tiempo de lectura":"1 minuto"},"schema":{"@context":"https:\/\/schema.org","@graph":[{"@type":"WebPage","@id":"https:\/\/acuariosupremus.com\/?product=tetramin-select-a-food-64-gr-2-26-oz","url":"https:\/\/acuariosupremus.com\/?product=tetramin-select-a-food-64-gr-2-26-oz","name":"TETRAMIN SELECT-A-FOOD 64 GR | Acuario Supremus","isPartOf":{"@id":"https:\/\/acuariosupremus.com\/#website"},"primaryImageOfPage":{"@id":"https:\/\/acuariosupremus.com\/?product=tetramin-select-a-food-64-gr-2-26-oz#primaryimage"},"image":{"@id":"https:\/\/acuariosupremus.com\/?product=tetramin-select-a-food-64-gr-2-26-oz#primaryimage"},"thumbnailUrl":"https:\/\/acuariosupremus.com\/wp-content\/uploads\/2022\/01\/TE77031.jpg","datePublished":"2022-01-29T20:30:12+00:00","dateModified":"2025-12-12T01:26:58+00:00","description":"3 alimentos en uno. Incluye TetraMin Flakes, Camar\u00f3n deshidratado y TetraMin gr\u00e1nulos.Variedad nutritiva para los peces tropicales.","breadcrumb":{"@id":"https:\/\/acuariosupremus.com\/?product=tetramin-select-a-food-64-gr-2-26-oz#breadcrumb"},"inLanguage":"es","potentialAction":[{"@type":"ReadAction","target":["https:\/\/acuariosupremus.com\/?product=tetramin-select-a-food-64-gr-2-26-oz"]}]},{"@type":"ImageObject","inLanguage":"es","@id":"https:\/\/acuariosupremus.com\/?product=tetramin-select-a-food-64-gr-2-26-oz#primaryimage","url":"https:\/\/acuariosupremus.com\/wp-content\/uploads\/2022\/01\/TE77031.jpg","contentUrl":"https:\/\/acuariosupremus.com\/wp-content\/uploads\/2022\/01\/TE77031.jpg","width":1000,"height":1000},{"@type":"BreadcrumbList","@id":"https:\/\/acuariosupremus.com\/?product=tetramin-select-a-food-64-gr-2-26-oz#breadcrumb","itemListElement":[{"@type":"ListItem","position":1,"name":"Portada","item":"https:\/\/acuariosupremus.com\/"},{"@type":"ListItem","position":2,"name":"Tienda","item":"https:\/\/acuariosupremus.com\/tienda\/"},{"@type":"ListItem","position":3,"name":"TETRAMIN SELECT-A-FOOD 64 GR"}]},{"@type":"WebSite","@id":"https:\/\/acuariosupremus.com\/#website","url":"https:\/\/acuariosupremus.com\/","name":"Acuario Supremus","description":"Peces, Peceras y Mascotas.","publisher":{"@id":"https:\/\/acuariosupremus.com\/#organization"},"potentialAction":[{"@type":"SearchAction","target":{"@type":"EntryPoint","urlTemplate":"https:\/\/acuariosupremus.com\/?s={search_term_string}"},"query-input":{"@type":"PropertyValueSpecification","valueRequired":true,"valueName":"search_term_string"}}],"inLanguage":"es"},{"@type":"Organization","@id":"https:\/\/acuariosupremus.com\/#organization","name":"Acuario Supremus","url":"https:\/\/acuariosupremus.com\/","logo":{"@type":"ImageObject","inLanguage":"es","@id":"https:\/\/acuariosupremus.com\/#\/schema\/logo\/image\/","url":"https:\/\/acuariosupremus.com\/wp-content\/uploads\/2021\/12\/cropped-logo_acuario_supremus_fn-2.png","contentUrl":"https:\/\/acuariosupremus.com\/wp-content\/uploads\/2021\/12\/cropped-logo_acuario_supremus_fn-2.png","width":1000,"height":318,"caption":"Acuario Supremus"},"image":{"@id":"https:\/\/acuariosupremus.com\/#\/schema\/logo\/image\/"},"sameAs":["https:\/\/www.facebook.com\/AcuarioSupremus","https:\/\/x.com\/AcuarioSupremus","https:\/\/www.instagram.com\/acuariosupremus\/?hl=es"]}]}},"jetpack_sharing_enabled":true,"_links":{"self":[{"href":"https:\/\/acuariosupremus.com\/index.php?rest_route=\/wp\/v2\/product\/1251","targetHints":{"allow":["GET"]}}],"collection":[{"href":"https:\/\/acuariosupremus.com\/index.php?rest_route=\/wp\/v2\/product"}],"about":[{"href":"https:\/\/acuariosupremus.com\/index.php?rest_route=\/wp\/v2\/types\/product"}],"wp:featuredmedia":[{"embeddable":true,"href":"https:\/\/acuariosupremus.com\/index.php?rest_route=\/wp\/v2\/media\/1253"}],"wp:attachment":[{"href":"https:\/\/acuariosupremus.com\/index.php?rest_route=%2Fwp%2Fv2%2Fmedia&parent=1251"}],"wp:term":[{"taxonomy":"product_brand","embeddable":true,"href":"https:\/\/acuariosupremus.com\/index.php?rest_route=%2Fwp%2Fv2%2Fproduct_brand&post=1251"},{"taxonomy":"product_cat","embeddable":true,"href":"https:\/\/acuariosupremus.com\/index.php?rest_route=%2Fwp%2Fv2%2Fproduct_cat&post=1251"},{"taxonomy":"product_tag","embeddable":true,"href":"https:\/\/acuariosupremus.com\/index.php?rest_route=%2Fwp%2Fv2%2Fproduct_tag&post=1251"}],"curies":[{"name":"wp","href":"https:\/\/api.w.org\/{rel}","templated":true}]}}