{"id":12873,"date":"2024-08-23T15:36:07","date_gmt":"2024-08-23T21:36:07","guid":{"rendered":"https:\/\/acuariosupremus.com\/?post_type=product&#038;p=12873"},"modified":"2026-01-21T13:59:53","modified_gmt":"2026-01-21T19:59:53","slug":"sustituto-de-leche-p-gatitos-ps-360-g","status":"publish","type":"product","link":"https:\/\/acuariosupremus.com\/?product=sustituto-de-leche-p-gatitos-ps-360-g","title":{"rendered":"SUSTITUTO DE LECHE P\/GATITOS PS 360 G"},"content":{"rendered":"<div id=\"tab-label-product.info.beneficios\" class=\"data item title active\" tabindex=\"0\" role=\"tab\" aria-labeledby=\"tab-label-product.info.beneficios-title\" data-role=\"collapsible\" data-collapsible=\"true\" aria-controls=\"product.info.beneficios\" aria-selected=\"true\" aria-expanded=\"true\">BENEFICIOS<\/div>\n<div id=\"product.info.beneficios\" class=\"data item content\" role=\"tabpanel\" data-role=\"content\" aria-labelledby=\"tab-label-product.info.beneficios\" aria-hidden=\"false\">\n<div class=\"product attribute beneficios\">\n<div class=\"value\">\u2022Formulaci\u00f3n especializada para cubrir los requerimientos necesarios para el crecimiento de gatitos.\u2022Para gatitos de 0 a 2 meses \u2022Puede ser administrado a hembras gestantes y en lactancia, as\u00ed como gatos de edad avanzada, enfermos o convalecientes.\u2022F\u00f3rmula adicionada con DHA que ayuda a desarrollar al m\u00e1ximo el sentido de la vista, asimismo para promover el movimiento y la flexibilidad de las articulaciones en perros de edad avanzada.\u2022Favorece a la salud de la piel y pelaje de los perros en cualquier etapa de crecimiento.\u2022Contiene lactobacilos que equilibran la flora intestinal. Junto con los nucle\u00f3tidos, los \u00df-glucanos y los mananoligosac\u00e1ridos, contribuyen a la actividad inmune de las c\u00e9lulas fagoc\u00edticas e impiden la colonizaci\u00f3n del tracto intestinal, formando una pared inmunol\u00f3gica contra organismos pat\u00f3genos. \u2022 Con taurina, amino\u00e1cido indispensable para los gatos. Entre sus m\u00faltiples funciones en el organismo, la taurina facilita la s\u00edntesis hep\u00e1tica de las sales biliares, ayuda en la integridad de la retina y c\u00e9lulas del coraz\u00f3n, al desarrollo del tejido nervioso y act\u00faa como antioxidante.<\/div>\n<div><\/div>\n<\/div>\n<\/div>\n","protected":false},"excerpt":{"rendered":"<p>El sustituto de leche para gatitos de Perfect Sense\u00ae aporta los nutrientes que provee la leche materna, para el \u00f3ptimo desarrollo del gatito. Con los requerimientos nutricionales recomendados para administrarse como suplemento de leche materna en casos de falta de producci\u00f3n de la madre, camadas hu\u00e9rfanas o numerosas o gatos enfermos o convalecientes. F\u00f3rmula adicionada con DHA para mejorar la respuesta visual y capacidad de adiestramiento.<\/p>\n","protected":false},"featured_media":12874,"template":"","meta":[],"product_brand":[107],"product_cat":[30,35],"product_tag":[333],"class_list":{"0":"post-12873","1":"product","2":"type-product","3":"status-publish","4":"has-post-thumbnail","6":"product_brand-perfectsense","7":"product_cat-gatos","8":"product_cat-nutricion-gatos","9":"product_tag-leche-gatitos","11":"first","12":"instock","13":"sale","14":"shipping-taxable","15":"purchasable","16":"product-type-simple"},"yoast_head":"<!-- This site is optimized with the Yoast SEO plugin v27.4 - https:\/\/yoast.com\/product\/yoast-seo-wordpress\/ -->\n<title>SUSTITUTO DE LECHE P\/GATITOS PS 360 G | Acuario Supremus<\/title>\n<meta name=\"description\" content=\"El sustituto de leche para gatitos de Perfect Sense aporta los nutrientes que provee la leche materna, para el \u00f3ptimo desarrollo del gatito.\" \/>\n<meta name=\"robots\" content=\"index, follow, max-snippet:-1, max-image-preview:large, max-video-preview:-1\" \/>\n<link rel=\"canonical\" href=\"https:\/\/acuariosupremus.com\/?product=sustituto-de-leche-p-gatitos-ps-360-g\" \/>\n<meta property=\"og:locale\" content=\"es_MX\" \/>\n<meta property=\"og:type\" content=\"article\" \/>\n<meta property=\"og:title\" content=\"SUSTITUTO DE LECHE P\/GATITOS PS 360 G | Acuario Supremus\" \/>\n<meta property=\"og:description\" content=\"El sustituto de leche para gatitos de Perfect Sense aporta los nutrientes que provee la leche materna, para el \u00f3ptimo desarrollo del gatito.\" \/>\n<meta property=\"og:url\" content=\"https:\/\/acuariosupremus.com\/?product=sustituto-de-leche-p-gatitos-ps-360-g\" \/>\n<meta property=\"og:site_name\" content=\"Acuario Supremus\" \/>\n<meta property=\"article:publisher\" content=\"https:\/\/www.facebook.com\/AcuarioSupremus\" \/>\n<meta property=\"article:modified_time\" content=\"2026-01-21T19:59:53+00:00\" \/>\n<meta property=\"og:image\" content=\"https:\/\/acuariosupremus.com\/wp-content\/uploads\/2024\/08\/FL3885_1.png\" \/>\n\t<meta property=\"og:image:width\" content=\"600\" \/>\n\t<meta property=\"og:image:height\" content=\"600\" \/>\n\t<meta property=\"og:image:type\" content=\"image\/png\" \/>\n<meta name=\"twitter:card\" content=\"summary_large_image\" \/>\n<meta name=\"twitter:site\" content=\"@AcuarioSupremus\" \/>\n<meta name=\"twitter:label1\" content=\"Tiempo de lectura\" \/>\n\t<meta name=\"twitter:data1\" content=\"1 minuto\" \/>\n<script type=\"application\/ld+json\" class=\"yoast-schema-graph\">{\"@context\":\"https:\\\/\\\/schema.org\",\"@graph\":[{\"@type\":\"WebPage\",\"@id\":\"https:\\\/\\\/acuariosupremus.com\\\/?product=sustituto-de-leche-p-gatitos-ps-360-g\",\"url\":\"https:\\\/\\\/acuariosupremus.com\\\/?product=sustituto-de-leche-p-gatitos-ps-360-g\",\"name\":\"SUSTITUTO DE LECHE P\\\/GATITOS PS 360 G | Acuario Supremus\",\"isPartOf\":{\"@id\":\"https:\\\/\\\/acuariosupremus.com\\\/#website\"},\"primaryImageOfPage\":{\"@id\":\"https:\\\/\\\/acuariosupremus.com\\\/?product=sustituto-de-leche-p-gatitos-ps-360-g#primaryimage\"},\"image\":{\"@id\":\"https:\\\/\\\/acuariosupremus.com\\\/?product=sustituto-de-leche-p-gatitos-ps-360-g#primaryimage\"},\"thumbnailUrl\":\"https:\\\/\\\/acuariosupremus.com\\\/wp-content\\\/uploads\\\/2024\\\/08\\\/FL3885_1.png\",\"datePublished\":\"2024-08-23T21:36:07+00:00\",\"dateModified\":\"2026-01-21T19:59:53+00:00\",\"description\":\"El sustituto de leche para gatitos de Perfect Sense aporta los nutrientes que provee la leche materna, para el \u00f3ptimo desarrollo del gatito.\",\"breadcrumb\":{\"@id\":\"https:\\\/\\\/acuariosupremus.com\\\/?product=sustituto-de-leche-p-gatitos-ps-360-g#breadcrumb\"},\"inLanguage\":\"es\",\"potentialAction\":[{\"@type\":\"ReadAction\",\"target\":[\"https:\\\/\\\/acuariosupremus.com\\\/?product=sustituto-de-leche-p-gatitos-ps-360-g\"]}]},{\"@type\":\"ImageObject\",\"inLanguage\":\"es\",\"@id\":\"https:\\\/\\\/acuariosupremus.com\\\/?product=sustituto-de-leche-p-gatitos-ps-360-g#primaryimage\",\"url\":\"https:\\\/\\\/acuariosupremus.com\\\/wp-content\\\/uploads\\\/2024\\\/08\\\/FL3885_1.png\",\"contentUrl\":\"https:\\\/\\\/acuariosupremus.com\\\/wp-content\\\/uploads\\\/2024\\\/08\\\/FL3885_1.png\",\"width\":600,\"height\":600},{\"@type\":\"BreadcrumbList\",\"@id\":\"https:\\\/\\\/acuariosupremus.com\\\/?product=sustituto-de-leche-p-gatitos-ps-360-g#breadcrumb\",\"itemListElement\":[{\"@type\":\"ListItem\",\"position\":1,\"name\":\"Portada\",\"item\":\"https:\\\/\\\/acuariosupremus.com\\\/\"},{\"@type\":\"ListItem\",\"position\":2,\"name\":\"Tienda\",\"item\":\"https:\\\/\\\/acuariosupremus.com\\\/tienda\\\/\"},{\"@type\":\"ListItem\",\"position\":3,\"name\":\"SUSTITUTO DE LECHE P\\\/GATITOS PS 360 G\"}]},{\"@type\":\"WebSite\",\"@id\":\"https:\\\/\\\/acuariosupremus.com\\\/#website\",\"url\":\"https:\\\/\\\/acuariosupremus.com\\\/\",\"name\":\"Acuario Supremus\",\"description\":\"Peces, Peceras y Mascotas.\",\"publisher\":{\"@id\":\"https:\\\/\\\/acuariosupremus.com\\\/#organization\"},\"potentialAction\":[{\"@type\":\"SearchAction\",\"target\":{\"@type\":\"EntryPoint\",\"urlTemplate\":\"https:\\\/\\\/acuariosupremus.com\\\/?s={search_term_string}\"},\"query-input\":{\"@type\":\"PropertyValueSpecification\",\"valueRequired\":true,\"valueName\":\"search_term_string\"}}],\"inLanguage\":\"es\"},{\"@type\":\"Organization\",\"@id\":\"https:\\\/\\\/acuariosupremus.com\\\/#organization\",\"name\":\"Acuario Supremus\",\"url\":\"https:\\\/\\\/acuariosupremus.com\\\/\",\"logo\":{\"@type\":\"ImageObject\",\"inLanguage\":\"es\",\"@id\":\"https:\\\/\\\/acuariosupremus.com\\\/#\\\/schema\\\/logo\\\/image\\\/\",\"url\":\"https:\\\/\\\/acuariosupremus.com\\\/wp-content\\\/uploads\\\/2021\\\/12\\\/cropped-logo_acuario_supremus_fn-2.png\",\"contentUrl\":\"https:\\\/\\\/acuariosupremus.com\\\/wp-content\\\/uploads\\\/2021\\\/12\\\/cropped-logo_acuario_supremus_fn-2.png\",\"width\":1000,\"height\":318,\"caption\":\"Acuario Supremus\"},\"image\":{\"@id\":\"https:\\\/\\\/acuariosupremus.com\\\/#\\\/schema\\\/logo\\\/image\\\/\"},\"sameAs\":[\"https:\\\/\\\/www.facebook.com\\\/AcuarioSupremus\",\"https:\\\/\\\/x.com\\\/AcuarioSupremus\",\"https:\\\/\\\/www.instagram.com\\\/acuariosupremus\\\/?hl=es\"]}]}<\/script>\n<!-- \/ Yoast SEO plugin. -->","yoast_head_json":{"title":"SUSTITUTO DE LECHE P\/GATITOS PS 360 G | Acuario Supremus","description":"El sustituto de leche para gatitos de Perfect Sense aporta los nutrientes que provee la leche materna, para el \u00f3ptimo desarrollo del gatito.","robots":{"index":"index","follow":"follow","max-snippet":"max-snippet:-1","max-image-preview":"max-image-preview:large","max-video-preview":"max-video-preview:-1"},"canonical":"https:\/\/acuariosupremus.com\/?product=sustituto-de-leche-p-gatitos-ps-360-g","og_locale":"es_MX","og_type":"article","og_title":"SUSTITUTO DE LECHE P\/GATITOS PS 360 G | Acuario Supremus","og_description":"El sustituto de leche para gatitos de Perfect Sense aporta los nutrientes que provee la leche materna, para el \u00f3ptimo desarrollo del gatito.","og_url":"https:\/\/acuariosupremus.com\/?product=sustituto-de-leche-p-gatitos-ps-360-g","og_site_name":"Acuario Supremus","article_publisher":"https:\/\/www.facebook.com\/AcuarioSupremus","article_modified_time":"2026-01-21T19:59:53+00:00","og_image":[{"width":600,"height":600,"url":"https:\/\/acuariosupremus.com\/wp-content\/uploads\/2024\/08\/FL3885_1.png","type":"image\/png"}],"twitter_card":"summary_large_image","twitter_site":"@AcuarioSupremus","twitter_misc":{"Tiempo de lectura":"1 minuto"},"schema":{"@context":"https:\/\/schema.org","@graph":[{"@type":"WebPage","@id":"https:\/\/acuariosupremus.com\/?product=sustituto-de-leche-p-gatitos-ps-360-g","url":"https:\/\/acuariosupremus.com\/?product=sustituto-de-leche-p-gatitos-ps-360-g","name":"SUSTITUTO DE LECHE P\/GATITOS PS 360 G | Acuario Supremus","isPartOf":{"@id":"https:\/\/acuariosupremus.com\/#website"},"primaryImageOfPage":{"@id":"https:\/\/acuariosupremus.com\/?product=sustituto-de-leche-p-gatitos-ps-360-g#primaryimage"},"image":{"@id":"https:\/\/acuariosupremus.com\/?product=sustituto-de-leche-p-gatitos-ps-360-g#primaryimage"},"thumbnailUrl":"https:\/\/acuariosupremus.com\/wp-content\/uploads\/2024\/08\/FL3885_1.png","datePublished":"2024-08-23T21:36:07+00:00","dateModified":"2026-01-21T19:59:53+00:00","description":"El sustituto de leche para gatitos de Perfect Sense aporta los nutrientes que provee la leche materna, para el \u00f3ptimo desarrollo del gatito.","breadcrumb":{"@id":"https:\/\/acuariosupremus.com\/?product=sustituto-de-leche-p-gatitos-ps-360-g#breadcrumb"},"inLanguage":"es","potentialAction":[{"@type":"ReadAction","target":["https:\/\/acuariosupremus.com\/?product=sustituto-de-leche-p-gatitos-ps-360-g"]}]},{"@type":"ImageObject","inLanguage":"es","@id":"https:\/\/acuariosupremus.com\/?product=sustituto-de-leche-p-gatitos-ps-360-g#primaryimage","url":"https:\/\/acuariosupremus.com\/wp-content\/uploads\/2024\/08\/FL3885_1.png","contentUrl":"https:\/\/acuariosupremus.com\/wp-content\/uploads\/2024\/08\/FL3885_1.png","width":600,"height":600},{"@type":"BreadcrumbList","@id":"https:\/\/acuariosupremus.com\/?product=sustituto-de-leche-p-gatitos-ps-360-g#breadcrumb","itemListElement":[{"@type":"ListItem","position":1,"name":"Portada","item":"https:\/\/acuariosupremus.com\/"},{"@type":"ListItem","position":2,"name":"Tienda","item":"https:\/\/acuariosupremus.com\/tienda\/"},{"@type":"ListItem","position":3,"name":"SUSTITUTO DE LECHE P\/GATITOS PS 360 G"}]},{"@type":"WebSite","@id":"https:\/\/acuariosupremus.com\/#website","url":"https:\/\/acuariosupremus.com\/","name":"Acuario Supremus","description":"Peces, Peceras y Mascotas.","publisher":{"@id":"https:\/\/acuariosupremus.com\/#organization"},"potentialAction":[{"@type":"SearchAction","target":{"@type":"EntryPoint","urlTemplate":"https:\/\/acuariosupremus.com\/?s={search_term_string}"},"query-input":{"@type":"PropertyValueSpecification","valueRequired":true,"valueName":"search_term_string"}}],"inLanguage":"es"},{"@type":"Organization","@id":"https:\/\/acuariosupremus.com\/#organization","name":"Acuario Supremus","url":"https:\/\/acuariosupremus.com\/","logo":{"@type":"ImageObject","inLanguage":"es","@id":"https:\/\/acuariosupremus.com\/#\/schema\/logo\/image\/","url":"https:\/\/acuariosupremus.com\/wp-content\/uploads\/2021\/12\/cropped-logo_acuario_supremus_fn-2.png","contentUrl":"https:\/\/acuariosupremus.com\/wp-content\/uploads\/2021\/12\/cropped-logo_acuario_supremus_fn-2.png","width":1000,"height":318,"caption":"Acuario Supremus"},"image":{"@id":"https:\/\/acuariosupremus.com\/#\/schema\/logo\/image\/"},"sameAs":["https:\/\/www.facebook.com\/AcuarioSupremus","https:\/\/x.com\/AcuarioSupremus","https:\/\/www.instagram.com\/acuariosupremus\/?hl=es"]}]}},"jetpack_sharing_enabled":true,"_links":{"self":[{"href":"https:\/\/acuariosupremus.com\/index.php?rest_route=\/wp\/v2\/product\/12873","targetHints":{"allow":["GET"]}}],"collection":[{"href":"https:\/\/acuariosupremus.com\/index.php?rest_route=\/wp\/v2\/product"}],"about":[{"href":"https:\/\/acuariosupremus.com\/index.php?rest_route=\/wp\/v2\/types\/product"}],"wp:featuredmedia":[{"embeddable":true,"href":"https:\/\/acuariosupremus.com\/index.php?rest_route=\/wp\/v2\/media\/12874"}],"wp:attachment":[{"href":"https:\/\/acuariosupremus.com\/index.php?rest_route=%2Fwp%2Fv2%2Fmedia&parent=12873"}],"wp:term":[{"taxonomy":"product_brand","embeddable":true,"href":"https:\/\/acuariosupremus.com\/index.php?rest_route=%2Fwp%2Fv2%2Fproduct_brand&post=12873"},{"taxonomy":"product_cat","embeddable":true,"href":"https:\/\/acuariosupremus.com\/index.php?rest_route=%2Fwp%2Fv2%2Fproduct_cat&post=12873"},{"taxonomy":"product_tag","embeddable":true,"href":"https:\/\/acuariosupremus.com\/index.php?rest_route=%2Fwp%2Fv2%2Fproduct_tag&post=12873"}],"curies":[{"name":"wp","href":"https:\/\/api.w.org\/{rel}","templated":true}]}}