{"id":13100,"date":"2024-08-26T15:19:30","date_gmt":"2024-08-26T21:19:30","guid":{"rendered":"https:\/\/acuariosupremus.com\/?post_type=product&#038;p=13100"},"modified":"2026-01-22T18:41:33","modified_gmt":"2026-01-23T00:41:33","slug":"set-de-cepillos-dentales-p-mascota-3pz","status":"publish","type":"product","link":"https:\/\/acuariosupremus.com\/?product=set-de-cepillos-dentales-p-mascota-3pz","title":{"rendered":"SET DE CEPILLOS DENTALES P\/MASCOTA &#8211; 3PZ"},"content":{"rendered":"<div id=\"tab-label-product.info.beneficios\" class=\"data item title active\" tabindex=\"0\" role=\"tab\" aria-labeledby=\"tab-label-product.info.beneficios-title\" data-role=\"collapsible\" data-collapsible=\"true\" aria-controls=\"product.info.beneficios\" aria-selected=\"true\" aria-expanded=\"true\">\n<div id=\"tab-label-product.info.beneficios\" class=\"data item title active\" tabindex=\"0\" role=\"tab\" aria-labeledby=\"tab-label-product.info.beneficios-title\" data-role=\"collapsible\" data-collapsible=\"true\" aria-controls=\"product.info.beneficios\" aria-selected=\"true\" aria-expanded=\"true\">BENEFICIOS<\/div>\n<div id=\"product.info.beneficios\" class=\"data item content\" role=\"tabpanel\" data-role=\"content\" aria-labelledby=\"tab-label-product.info.beneficios\" aria-hidden=\"false\">\n<div class=\"product attribute beneficios\">\n<div class=\"value\">\u2022Promueve la higiene dental.<\/div>\n<div class=\"value\">\u2022Para diferentes especies de mascotas, sugerido para perros y gatos.<\/div>\n<div class=\"value\">\u2022Mantiene limpia la dentadura de residuos de alimento.<\/div>\n<div class=\"value\">\u2022Doble cabezal: 2 tama\u00f1os de cabeza para adaptarse a todas las razas.<\/div>\n<div class=\"value\">\u2022Mango ergon\u00f3mico para mejor manejo.<\/div>\n<div class=\"value\">\u2022Cerdas suaves.<\/div>\n<\/div>\n<\/div>\n<\/div>\n<div id=\"product.info.beneficios\" class=\"data item content\" role=\"tabpanel\" data-role=\"content\" aria-labelledby=\"tab-label-product.info.beneficios\" aria-hidden=\"false\">\n<div class=\"product attribute beneficios\">\n<div>\n<div id=\"tab-label-additional\" class=\"data item title active\" tabindex=\"0\" role=\"tab\" aria-labeledby=\"tab-label-additional-title\" data-role=\"collapsible\" data-collapsible=\"true\" aria-controls=\"additional\" aria-selected=\"true\" aria-expanded=\"true\">MODO DE USO \/ PRECAUCIONES Y ADVERTENCIAS:<\/div>\n<\/div>\n<div>\n<div id=\"product.info.ingredientes.modo.de.uso\" class=\"data item content\" role=\"tabpanel\" data-role=\"content\" aria-labelledby=\"tab-label-product.info.ingredientes.modo.de.uso\" aria-hidden=\"false\">\n<div class=\"product attribute modo_de_uso_precuaciones_y_adv\">\n<div class=\"value\">1) Familiariza a tu mascota con el sabor de la pasta de dientes y con la manipulaci\u00f3n de su hocico.- Coloca un poco de pasta de dientes en tu dedo \u00edndice y deja que tu mascota la pruebe. Introduce suavemente tu dedo en su boca, desl\u00edzalo por la superficie de los dientes y de las enc\u00edas un par de veces.2) El cepillado de los dientes:- Sujeta suavemente el hocico de la mascota y cepilla sus colmillos con movimientos verticales, llevando el cepillo desde la enc\u00eda hasta el extremo del diente. Evita cepillar los dientes frontales (incisivos), ya que son los m\u00e1s sensibles.- Avanza poco a poco hacia los dientes posteriores, cepillando con movimientos circulares. Limpia los dientes maxilares y mandibulares.- Finalmente, levanta el labio superior e inferior para cepillar los dientes frontales (incisivos). Recuerda hacerlo con delicadeza, ya que son los dientes m\u00e1s sensibles. Aumenta la duraci\u00f3n del cepillado gradualmente conforme tu mascota se sienta c\u00f3moda. &#8211; Inicia con este h\u00e1bito desde cachorro para acostumbrarlo al cepillado y a las inspecciones bucales.- Realiza una rutina de limpieza dental para evitar problemas de salud.- No uses productos dentales para humanos, pueden ser da\u00f1inos para la mascota.- Conoce <a href=\"https:\/\/acuariosupremus.com\/producto\/pasta-dental-90-g\/\">PASTA DE DIENTES <\/a>\u00a0Y <a href=\"https:\/\/acuariosupremus.com\/producto\/ms-pasta-dental-para-perros\/\">MS PASTA DE DIENTES<\/a>\u00a0 CONSULTE AL M\u00c9DICO VETERINARIO.<\/div>\n<\/div>\n<\/div>\n<\/div>\n<\/div>\n<\/div>\n","protected":false},"excerpt":{"rendered":"<p>El set de cepillos dentales de la l\u00ednea dental de Fancy Pets\u00ae es una herramienta indispensable para la higiene bucal de la macota. Auxiliar en la remoci\u00f3n de sarro y placa dentobacteriana.<\/p>\n","protected":false},"featured_media":13101,"template":"","meta":[],"product_brand":[106],"product_cat":[30,73,83,39],"product_tag":[381],"class_list":{"0":"post-13100","1":"product","2":"type-product","3":"status-publish","4":"has-post-thumbnail","6":"product_brand-fancypets","7":"product_cat-gatos","8":"product_cat-perros","9":"product_cat-salud-perros","10":"product_cat-salud","11":"product_tag-cepillo-dental-mascota","13":"first","14":"instock","15":"sale","16":"shipping-taxable","17":"purchasable","18":"product-type-simple"},"yoast_head":"<!-- This site is optimized with the Yoast SEO plugin v27.4 - https:\/\/yoast.com\/product\/yoast-seo-wordpress\/ -->\n<title>SET DE CEPILLOS DENTALES P\/MASCOTA - 3PZ | Acuario Supremus<\/title>\n<meta name=\"description\" content=\"El set de cepillos dentales de la l\u00ednea dental de Fancy Pets\u00ae es una herramienta indispensable para la higiene bucal de la macota\" \/>\n<meta name=\"robots\" content=\"index, follow, max-snippet:-1, max-image-preview:large, max-video-preview:-1\" \/>\n<link rel=\"canonical\" href=\"https:\/\/acuariosupremus.com\/?product=set-de-cepillos-dentales-p-mascota-3pz\" \/>\n<meta property=\"og:locale\" content=\"es_MX\" \/>\n<meta property=\"og:type\" content=\"article\" \/>\n<meta property=\"og:title\" content=\"SET DE CEPILLOS DENTALES P\/MASCOTA - 3PZ | Acuario Supremus\" \/>\n<meta property=\"og:description\" content=\"El set de cepillos dentales de la l\u00ednea dental de Fancy Pets\u00ae es una herramienta indispensable para la higiene bucal de la macota\" \/>\n<meta property=\"og:url\" content=\"https:\/\/acuariosupremus.com\/?product=set-de-cepillos-dentales-p-mascota-3pz\" \/>\n<meta property=\"og:site_name\" content=\"Acuario Supremus\" \/>\n<meta property=\"article:publisher\" content=\"https:\/\/www.facebook.com\/AcuarioSupremus\" \/>\n<meta property=\"article:modified_time\" content=\"2026-01-23T00:41:33+00:00\" \/>\n<meta property=\"og:image\" content=\"https:\/\/acuariosupremus.com\/wp-content\/uploads\/2024\/08\/FL8354.png\" \/>\n\t<meta property=\"og:image:width\" content=\"600\" \/>\n\t<meta property=\"og:image:height\" content=\"600\" \/>\n\t<meta property=\"og:image:type\" content=\"image\/png\" \/>\n<meta name=\"twitter:card\" content=\"summary_large_image\" \/>\n<meta name=\"twitter:site\" content=\"@AcuarioSupremus\" \/>\n<meta name=\"twitter:label1\" content=\"Tiempo de lectura\" \/>\n\t<meta name=\"twitter:data1\" content=\"2 minutos\" \/>\n<script type=\"application\/ld+json\" class=\"yoast-schema-graph\">{\"@context\":\"https:\\\/\\\/schema.org\",\"@graph\":[{\"@type\":\"WebPage\",\"@id\":\"https:\\\/\\\/acuariosupremus.com\\\/?product=set-de-cepillos-dentales-p-mascota-3pz\",\"url\":\"https:\\\/\\\/acuariosupremus.com\\\/?product=set-de-cepillos-dentales-p-mascota-3pz\",\"name\":\"SET DE CEPILLOS DENTALES P\\\/MASCOTA - 3PZ | Acuario Supremus\",\"isPartOf\":{\"@id\":\"https:\\\/\\\/acuariosupremus.com\\\/#website\"},\"primaryImageOfPage\":{\"@id\":\"https:\\\/\\\/acuariosupremus.com\\\/?product=set-de-cepillos-dentales-p-mascota-3pz#primaryimage\"},\"image\":{\"@id\":\"https:\\\/\\\/acuariosupremus.com\\\/?product=set-de-cepillos-dentales-p-mascota-3pz#primaryimage\"},\"thumbnailUrl\":\"https:\\\/\\\/acuariosupremus.com\\\/wp-content\\\/uploads\\\/2024\\\/08\\\/FL8354.png\",\"datePublished\":\"2024-08-26T21:19:30+00:00\",\"dateModified\":\"2026-01-23T00:41:33+00:00\",\"description\":\"El set de cepillos dentales de la l\u00ednea dental de Fancy Pets\u00ae es una herramienta indispensable para la higiene bucal de la macota\",\"breadcrumb\":{\"@id\":\"https:\\\/\\\/acuariosupremus.com\\\/?product=set-de-cepillos-dentales-p-mascota-3pz#breadcrumb\"},\"inLanguage\":\"es\",\"potentialAction\":[{\"@type\":\"ReadAction\",\"target\":[\"https:\\\/\\\/acuariosupremus.com\\\/?product=set-de-cepillos-dentales-p-mascota-3pz\"]}]},{\"@type\":\"ImageObject\",\"inLanguage\":\"es\",\"@id\":\"https:\\\/\\\/acuariosupremus.com\\\/?product=set-de-cepillos-dentales-p-mascota-3pz#primaryimage\",\"url\":\"https:\\\/\\\/acuariosupremus.com\\\/wp-content\\\/uploads\\\/2024\\\/08\\\/FL8354.png\",\"contentUrl\":\"https:\\\/\\\/acuariosupremus.com\\\/wp-content\\\/uploads\\\/2024\\\/08\\\/FL8354.png\",\"width\":600,\"height\":600},{\"@type\":\"BreadcrumbList\",\"@id\":\"https:\\\/\\\/acuariosupremus.com\\\/?product=set-de-cepillos-dentales-p-mascota-3pz#breadcrumb\",\"itemListElement\":[{\"@type\":\"ListItem\",\"position\":1,\"name\":\"Portada\",\"item\":\"https:\\\/\\\/acuariosupremus.com\\\/\"},{\"@type\":\"ListItem\",\"position\":2,\"name\":\"Tienda\",\"item\":\"https:\\\/\\\/acuariosupremus.com\\\/tienda\\\/\"},{\"@type\":\"ListItem\",\"position\":3,\"name\":\"SET DE CEPILLOS DENTALES P\\\/MASCOTA &#8211; 3PZ\"}]},{\"@type\":\"WebSite\",\"@id\":\"https:\\\/\\\/acuariosupremus.com\\\/#website\",\"url\":\"https:\\\/\\\/acuariosupremus.com\\\/\",\"name\":\"Acuario Supremus\",\"description\":\"Peces, Peceras y Mascotas.\",\"publisher\":{\"@id\":\"https:\\\/\\\/acuariosupremus.com\\\/#organization\"},\"potentialAction\":[{\"@type\":\"SearchAction\",\"target\":{\"@type\":\"EntryPoint\",\"urlTemplate\":\"https:\\\/\\\/acuariosupremus.com\\\/?s={search_term_string}\"},\"query-input\":{\"@type\":\"PropertyValueSpecification\",\"valueRequired\":true,\"valueName\":\"search_term_string\"}}],\"inLanguage\":\"es\"},{\"@type\":\"Organization\",\"@id\":\"https:\\\/\\\/acuariosupremus.com\\\/#organization\",\"name\":\"Acuario Supremus\",\"url\":\"https:\\\/\\\/acuariosupremus.com\\\/\",\"logo\":{\"@type\":\"ImageObject\",\"inLanguage\":\"es\",\"@id\":\"https:\\\/\\\/acuariosupremus.com\\\/#\\\/schema\\\/logo\\\/image\\\/\",\"url\":\"https:\\\/\\\/acuariosupremus.com\\\/wp-content\\\/uploads\\\/2021\\\/12\\\/cropped-logo_acuario_supremus_fn-2.png\",\"contentUrl\":\"https:\\\/\\\/acuariosupremus.com\\\/wp-content\\\/uploads\\\/2021\\\/12\\\/cropped-logo_acuario_supremus_fn-2.png\",\"width\":1000,\"height\":318,\"caption\":\"Acuario Supremus\"},\"image\":{\"@id\":\"https:\\\/\\\/acuariosupremus.com\\\/#\\\/schema\\\/logo\\\/image\\\/\"},\"sameAs\":[\"https:\\\/\\\/www.facebook.com\\\/AcuarioSupremus\",\"https:\\\/\\\/x.com\\\/AcuarioSupremus\",\"https:\\\/\\\/www.instagram.com\\\/acuariosupremus\\\/?hl=es\"]}]}<\/script>\n<!-- \/ Yoast SEO plugin. -->","yoast_head_json":{"title":"SET DE CEPILLOS DENTALES P\/MASCOTA - 3PZ | Acuario Supremus","description":"El set de cepillos dentales de la l\u00ednea dental de Fancy Pets\u00ae es una herramienta indispensable para la higiene bucal de la macota","robots":{"index":"index","follow":"follow","max-snippet":"max-snippet:-1","max-image-preview":"max-image-preview:large","max-video-preview":"max-video-preview:-1"},"canonical":"https:\/\/acuariosupremus.com\/?product=set-de-cepillos-dentales-p-mascota-3pz","og_locale":"es_MX","og_type":"article","og_title":"SET DE CEPILLOS DENTALES P\/MASCOTA - 3PZ | Acuario Supremus","og_description":"El set de cepillos dentales de la l\u00ednea dental de Fancy Pets\u00ae es una herramienta indispensable para la higiene bucal de la macota","og_url":"https:\/\/acuariosupremus.com\/?product=set-de-cepillos-dentales-p-mascota-3pz","og_site_name":"Acuario Supremus","article_publisher":"https:\/\/www.facebook.com\/AcuarioSupremus","article_modified_time":"2026-01-23T00:41:33+00:00","og_image":[{"width":600,"height":600,"url":"https:\/\/acuariosupremus.com\/wp-content\/uploads\/2024\/08\/FL8354.png","type":"image\/png"}],"twitter_card":"summary_large_image","twitter_site":"@AcuarioSupremus","twitter_misc":{"Tiempo de lectura":"2 minutos"},"schema":{"@context":"https:\/\/schema.org","@graph":[{"@type":"WebPage","@id":"https:\/\/acuariosupremus.com\/?product=set-de-cepillos-dentales-p-mascota-3pz","url":"https:\/\/acuariosupremus.com\/?product=set-de-cepillos-dentales-p-mascota-3pz","name":"SET DE CEPILLOS DENTALES P\/MASCOTA - 3PZ | Acuario Supremus","isPartOf":{"@id":"https:\/\/acuariosupremus.com\/#website"},"primaryImageOfPage":{"@id":"https:\/\/acuariosupremus.com\/?product=set-de-cepillos-dentales-p-mascota-3pz#primaryimage"},"image":{"@id":"https:\/\/acuariosupremus.com\/?product=set-de-cepillos-dentales-p-mascota-3pz#primaryimage"},"thumbnailUrl":"https:\/\/acuariosupremus.com\/wp-content\/uploads\/2024\/08\/FL8354.png","datePublished":"2024-08-26T21:19:30+00:00","dateModified":"2026-01-23T00:41:33+00:00","description":"El set de cepillos dentales de la l\u00ednea dental de Fancy Pets\u00ae es una herramienta indispensable para la higiene bucal de la macota","breadcrumb":{"@id":"https:\/\/acuariosupremus.com\/?product=set-de-cepillos-dentales-p-mascota-3pz#breadcrumb"},"inLanguage":"es","potentialAction":[{"@type":"ReadAction","target":["https:\/\/acuariosupremus.com\/?product=set-de-cepillos-dentales-p-mascota-3pz"]}]},{"@type":"ImageObject","inLanguage":"es","@id":"https:\/\/acuariosupremus.com\/?product=set-de-cepillos-dentales-p-mascota-3pz#primaryimage","url":"https:\/\/acuariosupremus.com\/wp-content\/uploads\/2024\/08\/FL8354.png","contentUrl":"https:\/\/acuariosupremus.com\/wp-content\/uploads\/2024\/08\/FL8354.png","width":600,"height":600},{"@type":"BreadcrumbList","@id":"https:\/\/acuariosupremus.com\/?product=set-de-cepillos-dentales-p-mascota-3pz#breadcrumb","itemListElement":[{"@type":"ListItem","position":1,"name":"Portada","item":"https:\/\/acuariosupremus.com\/"},{"@type":"ListItem","position":2,"name":"Tienda","item":"https:\/\/acuariosupremus.com\/tienda\/"},{"@type":"ListItem","position":3,"name":"SET DE CEPILLOS DENTALES P\/MASCOTA &#8211; 3PZ"}]},{"@type":"WebSite","@id":"https:\/\/acuariosupremus.com\/#website","url":"https:\/\/acuariosupremus.com\/","name":"Acuario Supremus","description":"Peces, Peceras y Mascotas.","publisher":{"@id":"https:\/\/acuariosupremus.com\/#organization"},"potentialAction":[{"@type":"SearchAction","target":{"@type":"EntryPoint","urlTemplate":"https:\/\/acuariosupremus.com\/?s={search_term_string}"},"query-input":{"@type":"PropertyValueSpecification","valueRequired":true,"valueName":"search_term_string"}}],"inLanguage":"es"},{"@type":"Organization","@id":"https:\/\/acuariosupremus.com\/#organization","name":"Acuario Supremus","url":"https:\/\/acuariosupremus.com\/","logo":{"@type":"ImageObject","inLanguage":"es","@id":"https:\/\/acuariosupremus.com\/#\/schema\/logo\/image\/","url":"https:\/\/acuariosupremus.com\/wp-content\/uploads\/2021\/12\/cropped-logo_acuario_supremus_fn-2.png","contentUrl":"https:\/\/acuariosupremus.com\/wp-content\/uploads\/2021\/12\/cropped-logo_acuario_supremus_fn-2.png","width":1000,"height":318,"caption":"Acuario Supremus"},"image":{"@id":"https:\/\/acuariosupremus.com\/#\/schema\/logo\/image\/"},"sameAs":["https:\/\/www.facebook.com\/AcuarioSupremus","https:\/\/x.com\/AcuarioSupremus","https:\/\/www.instagram.com\/acuariosupremus\/?hl=es"]}]}},"jetpack_sharing_enabled":true,"_links":{"self":[{"href":"https:\/\/acuariosupremus.com\/index.php?rest_route=\/wp\/v2\/product\/13100","targetHints":{"allow":["GET"]}}],"collection":[{"href":"https:\/\/acuariosupremus.com\/index.php?rest_route=\/wp\/v2\/product"}],"about":[{"href":"https:\/\/acuariosupremus.com\/index.php?rest_route=\/wp\/v2\/types\/product"}],"wp:featuredmedia":[{"embeddable":true,"href":"https:\/\/acuariosupremus.com\/index.php?rest_route=\/wp\/v2\/media\/13101"}],"wp:attachment":[{"href":"https:\/\/acuariosupremus.com\/index.php?rest_route=%2Fwp%2Fv2%2Fmedia&parent=13100"}],"wp:term":[{"taxonomy":"product_brand","embeddable":true,"href":"https:\/\/acuariosupremus.com\/index.php?rest_route=%2Fwp%2Fv2%2Fproduct_brand&post=13100"},{"taxonomy":"product_cat","embeddable":true,"href":"https:\/\/acuariosupremus.com\/index.php?rest_route=%2Fwp%2Fv2%2Fproduct_cat&post=13100"},{"taxonomy":"product_tag","embeddable":true,"href":"https:\/\/acuariosupremus.com\/index.php?rest_route=%2Fwp%2Fv2%2Fproduct_tag&post=13100"}],"curies":[{"name":"wp","href":"https:\/\/api.w.org\/{rel}","templated":true}]}}