{"id":1342,"date":"2022-01-29T17:26:42","date_gmt":"2022-01-29T23:26:42","guid":{"rendered":"https:\/\/acuariosupremus.com\/?post_type=product&#038;p=1342"},"modified":"2025-04-15T14:58:20","modified_gmt":"2025-04-15T20:58:20","slug":"alimento-para-peces-de-fondo-70-gr","status":"publish","type":"product","link":"https:\/\/acuariosupremus.com\/?product=alimento-para-peces-de-fondo-70-gr","title":{"rendered":"ALIMENTO PARA PECES DE FONDO 70 GR."},"content":{"rendered":"<p>An\u00e1lisis garantizado:<br \/>\nProte\u00edna cruda. min. 34.0%<br \/>\nGrasa cruda. min. 8.0%<br \/>\nFibra cruda. m\u00e1x. 4.0%<br \/>\nHumedad. m\u00e1x. 8.0%<\/p>\n<p>Ingredientes:<br \/>\nEspirulina, gluten de ma\u00edz, ma\u00edz entero, harina de trigo, germen de trigo, gluten de trigo, cascarilla de trigo, harina de linaza,<br \/>\nharina de canola, harina de soya, concentrado de prote\u00edna de soya, prote\u00edna de guisante, levadura de cerveza, harina de ma\u00edz, harina de arroz, harina de alfalfa, cebada molida, carbonato de calcio, aceite de soya, harina de espinaca, lecitina<br \/>\nL-ascorbilo-2-fosfato (fuente de vitamina C), fosfato dic\u00e1lcico, cloruro de colina, acetato de vitamina A, acetato de d-alfa<br \/>\ntocoferol, colecalciferol, (fuente de vitamina D3), fosfonato de calcio, biotina, hidrocloruro de piridoxina, etoxiquina, mononitrato de tiamina, \u00e1cido f\u00f3lico, riboflavina, cianocobalamina (fuente de vitamina B12), \u00f3xido manganoso, \u00f3xido de zinc, carbonato ferroso, sulfato de cobre, sulfato de zinc, yodato de calcio, carbonato de cobalto, selenito de sodio.<\/p>\n<p>Medidas:<br \/>\n12 cm. x 1.5 cm. x 16.5 cm.<\/p>\n<p>Contenido:<br \/>\n<strong>70 g.<\/strong><\/p>\n","protected":false},"excerpt":{"rendered":"<p>Alimento vegetal para peces herb\u00edvoros formulado con alga espirulina como ingrediente principal por su abundancia en<br \/>\nacentuadores de color. Adici\u00f3nado con vitamina C estabilizada y un suplemento multivitam\u00ednico, este alimento es una dieta perfecta para peces de fondo.<\/p>\n","protected":false},"featured_media":1343,"template":"","meta":[],"product_brand":[105],"product_cat":[40,43],"product_tag":[142,168,151,148],"class_list":{"0":"post-1342","1":"product","2":"type-product","3":"status-publish","4":"has-post-thumbnail","6":"product_brand-lomas","7":"product_cat-peces","8":"product_cat-alimentos","9":"product_tag-alimento-lomas","10":"product_tag-alimento-medio","11":"product_tag-alimento-peces-de-fondo","12":"product_tag-alimento-peces-tropicales","14":"first","15":"instock","16":"shipping-taxable","17":"purchasable","18":"product-type-simple"},"yoast_head":"<!-- This site is optimized with the Yoast SEO plugin v27.4 - https:\/\/yoast.com\/product\/yoast-seo-wordpress\/ -->\n<title>ALIMENTO PARA PECES DE FONDO 70 GR. | Acuario Supremus<\/title>\n<meta name=\"description\" content=\"Adici\u00f3nado con vitamina C estabilizada y un suplemento multivitam\u00ednico, este alimento es una dieta perfecta para peces de fondo.\" \/>\n<meta name=\"robots\" content=\"index, follow, max-snippet:-1, max-image-preview:large, max-video-preview:-1\" \/>\n<link rel=\"canonical\" href=\"https:\/\/acuariosupremus.com\/?product=alimento-para-peces-de-fondo-70-gr\" \/>\n<meta property=\"og:locale\" content=\"es_MX\" \/>\n<meta property=\"og:type\" content=\"article\" \/>\n<meta property=\"og:title\" content=\"ALIMENTO PARA PECES DE FONDO 70 GR. | Acuario Supremus\" \/>\n<meta property=\"og:description\" content=\"Adici\u00f3nado con vitamina C estabilizada y un suplemento multivitam\u00ednico, este alimento es una dieta perfecta para peces de fondo.\" \/>\n<meta property=\"og:url\" content=\"https:\/\/acuariosupremus.com\/?product=alimento-para-peces-de-fondo-70-gr\" \/>\n<meta property=\"og:site_name\" content=\"Acuario Supremus\" \/>\n<meta property=\"article:publisher\" content=\"https:\/\/www.facebook.com\/AcuarioSupremus\" \/>\n<meta property=\"article:modified_time\" content=\"2025-04-15T20:58:20+00:00\" \/>\n<meta property=\"og:image\" content=\"https:\/\/acuariosupremus.com\/wp-content\/uploads\/2022\/01\/WAT638.jpg\" \/>\n\t<meta property=\"og:image:width\" content=\"1000\" \/>\n\t<meta property=\"og:image:height\" content=\"1000\" \/>\n\t<meta property=\"og:image:type\" content=\"image\/jpeg\" \/>\n<meta name=\"twitter:card\" content=\"summary_large_image\" \/>\n<meta name=\"twitter:site\" content=\"@AcuarioSupremus\" \/>\n<meta name=\"twitter:label1\" content=\"Tiempo de lectura\" \/>\n\t<meta name=\"twitter:data1\" content=\"1 minuto\" \/>\n<script type=\"application\/ld+json\" class=\"yoast-schema-graph\">{\"@context\":\"https:\\\/\\\/schema.org\",\"@graph\":[{\"@type\":\"WebPage\",\"@id\":\"https:\\\/\\\/acuariosupremus.com\\\/?product=alimento-para-peces-de-fondo-70-gr\",\"url\":\"https:\\\/\\\/acuariosupremus.com\\\/?product=alimento-para-peces-de-fondo-70-gr\",\"name\":\"ALIMENTO PARA PECES DE FONDO 70 GR. | Acuario Supremus\",\"isPartOf\":{\"@id\":\"https:\\\/\\\/acuariosupremus.com\\\/#website\"},\"primaryImageOfPage\":{\"@id\":\"https:\\\/\\\/acuariosupremus.com\\\/?product=alimento-para-peces-de-fondo-70-gr#primaryimage\"},\"image\":{\"@id\":\"https:\\\/\\\/acuariosupremus.com\\\/?product=alimento-para-peces-de-fondo-70-gr#primaryimage\"},\"thumbnailUrl\":\"https:\\\/\\\/acuariosupremus.com\\\/wp-content\\\/uploads\\\/2022\\\/01\\\/WAT638.jpg\",\"datePublished\":\"2022-01-29T23:26:42+00:00\",\"dateModified\":\"2025-04-15T20:58:20+00:00\",\"description\":\"Adici\u00f3nado con vitamina C estabilizada y un suplemento multivitam\u00ednico, este alimento es una dieta perfecta para peces de fondo.\",\"breadcrumb\":{\"@id\":\"https:\\\/\\\/acuariosupremus.com\\\/?product=alimento-para-peces-de-fondo-70-gr#breadcrumb\"},\"inLanguage\":\"es\",\"potentialAction\":[{\"@type\":\"ReadAction\",\"target\":[\"https:\\\/\\\/acuariosupremus.com\\\/?product=alimento-para-peces-de-fondo-70-gr\"]}]},{\"@type\":\"ImageObject\",\"inLanguage\":\"es\",\"@id\":\"https:\\\/\\\/acuariosupremus.com\\\/?product=alimento-para-peces-de-fondo-70-gr#primaryimage\",\"url\":\"https:\\\/\\\/acuariosupremus.com\\\/wp-content\\\/uploads\\\/2022\\\/01\\\/WAT638.jpg\",\"contentUrl\":\"https:\\\/\\\/acuariosupremus.com\\\/wp-content\\\/uploads\\\/2022\\\/01\\\/WAT638.jpg\",\"width\":1000,\"height\":1000},{\"@type\":\"BreadcrumbList\",\"@id\":\"https:\\\/\\\/acuariosupremus.com\\\/?product=alimento-para-peces-de-fondo-70-gr#breadcrumb\",\"itemListElement\":[{\"@type\":\"ListItem\",\"position\":1,\"name\":\"Portada\",\"item\":\"https:\\\/\\\/acuariosupremus.com\\\/\"},{\"@type\":\"ListItem\",\"position\":2,\"name\":\"Tienda\",\"item\":\"https:\\\/\\\/acuariosupremus.com\\\/tienda\\\/\"},{\"@type\":\"ListItem\",\"position\":3,\"name\":\"ALIMENTO PARA PECES DE FONDO 70 GR.\"}]},{\"@type\":\"WebSite\",\"@id\":\"https:\\\/\\\/acuariosupremus.com\\\/#website\",\"url\":\"https:\\\/\\\/acuariosupremus.com\\\/\",\"name\":\"Acuario Supremus\",\"description\":\"Peces, Peceras y Mascotas.\",\"publisher\":{\"@id\":\"https:\\\/\\\/acuariosupremus.com\\\/#organization\"},\"potentialAction\":[{\"@type\":\"SearchAction\",\"target\":{\"@type\":\"EntryPoint\",\"urlTemplate\":\"https:\\\/\\\/acuariosupremus.com\\\/?s={search_term_string}\"},\"query-input\":{\"@type\":\"PropertyValueSpecification\",\"valueRequired\":true,\"valueName\":\"search_term_string\"}}],\"inLanguage\":\"es\"},{\"@type\":\"Organization\",\"@id\":\"https:\\\/\\\/acuariosupremus.com\\\/#organization\",\"name\":\"Acuario Supremus\",\"url\":\"https:\\\/\\\/acuariosupremus.com\\\/\",\"logo\":{\"@type\":\"ImageObject\",\"inLanguage\":\"es\",\"@id\":\"https:\\\/\\\/acuariosupremus.com\\\/#\\\/schema\\\/logo\\\/image\\\/\",\"url\":\"https:\\\/\\\/acuariosupremus.com\\\/wp-content\\\/uploads\\\/2021\\\/12\\\/cropped-logo_acuario_supremus_fn-2.png\",\"contentUrl\":\"https:\\\/\\\/acuariosupremus.com\\\/wp-content\\\/uploads\\\/2021\\\/12\\\/cropped-logo_acuario_supremus_fn-2.png\",\"width\":1000,\"height\":318,\"caption\":\"Acuario Supremus\"},\"image\":{\"@id\":\"https:\\\/\\\/acuariosupremus.com\\\/#\\\/schema\\\/logo\\\/image\\\/\"},\"sameAs\":[\"https:\\\/\\\/www.facebook.com\\\/AcuarioSupremus\",\"https:\\\/\\\/x.com\\\/AcuarioSupremus\",\"https:\\\/\\\/www.instagram.com\\\/acuariosupremus\\\/?hl=es\"]}]}<\/script>\n<!-- \/ Yoast SEO plugin. -->","yoast_head_json":{"title":"ALIMENTO PARA PECES DE FONDO 70 GR. | Acuario Supremus","description":"Adici\u00f3nado con vitamina C estabilizada y un suplemento multivitam\u00ednico, este alimento es una dieta perfecta para peces de fondo.","robots":{"index":"index","follow":"follow","max-snippet":"max-snippet:-1","max-image-preview":"max-image-preview:large","max-video-preview":"max-video-preview:-1"},"canonical":"https:\/\/acuariosupremus.com\/?product=alimento-para-peces-de-fondo-70-gr","og_locale":"es_MX","og_type":"article","og_title":"ALIMENTO PARA PECES DE FONDO 70 GR. | Acuario Supremus","og_description":"Adici\u00f3nado con vitamina C estabilizada y un suplemento multivitam\u00ednico, este alimento es una dieta perfecta para peces de fondo.","og_url":"https:\/\/acuariosupremus.com\/?product=alimento-para-peces-de-fondo-70-gr","og_site_name":"Acuario Supremus","article_publisher":"https:\/\/www.facebook.com\/AcuarioSupremus","article_modified_time":"2025-04-15T20:58:20+00:00","og_image":[{"width":1000,"height":1000,"url":"https:\/\/acuariosupremus.com\/wp-content\/uploads\/2022\/01\/WAT638.jpg","type":"image\/jpeg"}],"twitter_card":"summary_large_image","twitter_site":"@AcuarioSupremus","twitter_misc":{"Tiempo de lectura":"1 minuto"},"schema":{"@context":"https:\/\/schema.org","@graph":[{"@type":"WebPage","@id":"https:\/\/acuariosupremus.com\/?product=alimento-para-peces-de-fondo-70-gr","url":"https:\/\/acuariosupremus.com\/?product=alimento-para-peces-de-fondo-70-gr","name":"ALIMENTO PARA PECES DE FONDO 70 GR. | Acuario Supremus","isPartOf":{"@id":"https:\/\/acuariosupremus.com\/#website"},"primaryImageOfPage":{"@id":"https:\/\/acuariosupremus.com\/?product=alimento-para-peces-de-fondo-70-gr#primaryimage"},"image":{"@id":"https:\/\/acuariosupremus.com\/?product=alimento-para-peces-de-fondo-70-gr#primaryimage"},"thumbnailUrl":"https:\/\/acuariosupremus.com\/wp-content\/uploads\/2022\/01\/WAT638.jpg","datePublished":"2022-01-29T23:26:42+00:00","dateModified":"2025-04-15T20:58:20+00:00","description":"Adici\u00f3nado con vitamina C estabilizada y un suplemento multivitam\u00ednico, este alimento es una dieta perfecta para peces de fondo.","breadcrumb":{"@id":"https:\/\/acuariosupremus.com\/?product=alimento-para-peces-de-fondo-70-gr#breadcrumb"},"inLanguage":"es","potentialAction":[{"@type":"ReadAction","target":["https:\/\/acuariosupremus.com\/?product=alimento-para-peces-de-fondo-70-gr"]}]},{"@type":"ImageObject","inLanguage":"es","@id":"https:\/\/acuariosupremus.com\/?product=alimento-para-peces-de-fondo-70-gr#primaryimage","url":"https:\/\/acuariosupremus.com\/wp-content\/uploads\/2022\/01\/WAT638.jpg","contentUrl":"https:\/\/acuariosupremus.com\/wp-content\/uploads\/2022\/01\/WAT638.jpg","width":1000,"height":1000},{"@type":"BreadcrumbList","@id":"https:\/\/acuariosupremus.com\/?product=alimento-para-peces-de-fondo-70-gr#breadcrumb","itemListElement":[{"@type":"ListItem","position":1,"name":"Portada","item":"https:\/\/acuariosupremus.com\/"},{"@type":"ListItem","position":2,"name":"Tienda","item":"https:\/\/acuariosupremus.com\/tienda\/"},{"@type":"ListItem","position":3,"name":"ALIMENTO PARA PECES DE FONDO 70 GR."}]},{"@type":"WebSite","@id":"https:\/\/acuariosupremus.com\/#website","url":"https:\/\/acuariosupremus.com\/","name":"Acuario Supremus","description":"Peces, Peceras y Mascotas.","publisher":{"@id":"https:\/\/acuariosupremus.com\/#organization"},"potentialAction":[{"@type":"SearchAction","target":{"@type":"EntryPoint","urlTemplate":"https:\/\/acuariosupremus.com\/?s={search_term_string}"},"query-input":{"@type":"PropertyValueSpecification","valueRequired":true,"valueName":"search_term_string"}}],"inLanguage":"es"},{"@type":"Organization","@id":"https:\/\/acuariosupremus.com\/#organization","name":"Acuario Supremus","url":"https:\/\/acuariosupremus.com\/","logo":{"@type":"ImageObject","inLanguage":"es","@id":"https:\/\/acuariosupremus.com\/#\/schema\/logo\/image\/","url":"https:\/\/acuariosupremus.com\/wp-content\/uploads\/2021\/12\/cropped-logo_acuario_supremus_fn-2.png","contentUrl":"https:\/\/acuariosupremus.com\/wp-content\/uploads\/2021\/12\/cropped-logo_acuario_supremus_fn-2.png","width":1000,"height":318,"caption":"Acuario Supremus"},"image":{"@id":"https:\/\/acuariosupremus.com\/#\/schema\/logo\/image\/"},"sameAs":["https:\/\/www.facebook.com\/AcuarioSupremus","https:\/\/x.com\/AcuarioSupremus","https:\/\/www.instagram.com\/acuariosupremus\/?hl=es"]}]}},"jetpack_sharing_enabled":true,"_links":{"self":[{"href":"https:\/\/acuariosupremus.com\/index.php?rest_route=\/wp\/v2\/product\/1342","targetHints":{"allow":["GET"]}}],"collection":[{"href":"https:\/\/acuariosupremus.com\/index.php?rest_route=\/wp\/v2\/product"}],"about":[{"href":"https:\/\/acuariosupremus.com\/index.php?rest_route=\/wp\/v2\/types\/product"}],"wp:featuredmedia":[{"embeddable":true,"href":"https:\/\/acuariosupremus.com\/index.php?rest_route=\/wp\/v2\/media\/1343"}],"wp:attachment":[{"href":"https:\/\/acuariosupremus.com\/index.php?rest_route=%2Fwp%2Fv2%2Fmedia&parent=1342"}],"wp:term":[{"taxonomy":"product_brand","embeddable":true,"href":"https:\/\/acuariosupremus.com\/index.php?rest_route=%2Fwp%2Fv2%2Fproduct_brand&post=1342"},{"taxonomy":"product_cat","embeddable":true,"href":"https:\/\/acuariosupremus.com\/index.php?rest_route=%2Fwp%2Fv2%2Fproduct_cat&post=1342"},{"taxonomy":"product_tag","embeddable":true,"href":"https:\/\/acuariosupremus.com\/index.php?rest_route=%2Fwp%2Fv2%2Fproduct_tag&post=1342"}],"curies":[{"name":"wp","href":"https:\/\/api.w.org\/{rel}","templated":true}]}}