{"id":13677,"date":"2025-05-20T16:33:11","date_gmt":"2025-05-20T22:33:11","guid":{"rendered":"https:\/\/acuariosupremus.com\/?post_type=product&#038;p=13677"},"modified":"2025-12-26T15:45:56","modified_gmt":"2025-12-26T21:45:56","slug":"acuario-inteligente-boyu-lc-1200-equipado-para-agua-dulce-332-l","status":"publish","type":"product","link":"https:\/\/acuariosupremus.com\/?product=acuario-inteligente-boyu-lc-1200-equipado-para-agua-dulce-332-l","title":{"rendered":"Acuario inteligente BOYU LC-1200 equipado para agua dulce 332 l."},"content":{"rendered":"<p><span class=\"fontstyle0\">Este acuario altamente tecnificado viene equipado con una consola el\u00e9ctrica ubicada en el gabinete, con la misi\u00f3n de suministrar energ\u00eda a todos los componentes el\u00e9ctricos del acuario para que usted pueda controlar su acuario f\u00e1cilmente mediante desde su panel t\u00e1ctil frontal. Un dise\u00f1o muy depurado en sus acabados crea un solo conjunto de acuario y gabinete, usando materiales de excelente calidad como el aluminio de extrusi\u00f3n anodizado, o el resistente pl\u00e1stico ABS. Regula autom\u00e1ticamente la temperatura mediante un sensor sumergible, controlando hasta dos calentadores (no incluidos). Su moderna interface, permite encender y apagar mediante su pantalla t\u00e1ctil sus dos canales de luces, el esterilizador U.V (No incluido), una bomba de aire (no incluida) y la bomba de agua. Su gabinete se ilumina autom\u00e1ticamente al abrir las puertas.<\/span><\/p>\n<p>Modelo: <strong>LC-1200<\/strong> Medidas: 1.240x 487 x 1.540 ( l x a x h mm) Capacidad: 332 (Litros) Volt. \/ frec. 127\/60 (V\/Hz) Bomba de agua: 23(w) Caudal: 3000 (L\/h) Iluminaci\u00f3n: LED 3&#215;16<span class=\"fontstyle0\">\u00a0<\/span>Medidas c. Embalaje: 1.300 x 545 x 835 ( l x a x h mm) Peso con embalaje: 162.150 (kg).<\/p>\n<p>Gabinete:<\/p>\n<p>Modelo: <strong>LC-1200<\/strong> Medidas: 1.240x 487 x 750 ( l x a x h mm) Medidas c. Embalaje: 1.300 x 542 x 765 ( l x a x h mm) Peso con embalaje: 229 (kg).<\/p>\n","protected":false},"excerpt":{"rendered":"<p><span class=\"fontstyle0\">BOYU presenta su l\u00ednea m\u00e1s equipada y moderna con los acuarios inteligentes LC. Estos acuarios para agua dulce destacan por ofrecer unos acabados de excelente calidad junto con los niveles de equipamiento m\u00e1s altos del mercado. Con unas capacidades que van desde los 332 a los 617 litros, estos acuarios premium usan un sistema de filtraci\u00f3n por rebosamiento y sumidero que permiten usar configuraciones y opciones de equipamiento pr\u00e1cticamente ilimitadas, todo ello movido por una potente, eficiente y silenciosa bomba de agua.<\/span><\/p>\n","protected":false},"featured_media":13678,"template":"","meta":[],"product_brand":[122],"product_cat":[40,53],"product_tag":[943,613,942],"class_list":{"0":"post-13677","1":"product","2":"type-product","3":"status-publish","4":"has-post-thumbnail","6":"product_brand-boyu","7":"product_cat-peces","8":"product_cat-peceras","9":"product_tag-acuario-300-litros","10":"product_tag-acuario-boyu","11":"product_tag-acuario-boyu-lc","13":"first","14":"instock","15":"sale","16":"shipping-taxable","17":"purchasable","18":"product-type-simple"},"yoast_head":"<!-- This site is optimized with the Yoast SEO plugin v27.3 - https:\/\/yoast.com\/product\/yoast-seo-wordpress\/ -->\n<title>Acuario inteligente BOYU LC-1200 equipado para agua dulce 332 l. | Acuario Supremus<\/title>\n<meta name=\"description\" content=\"El Acuario Inteligente BOYU LC-1200 es la linea m\u00e1s equipada y moderna con los acuarios que ofrecen unos acabados de excelente calidad para agua dulce.\" \/>\n<meta name=\"robots\" content=\"index, follow, max-snippet:-1, max-image-preview:large, max-video-preview:-1\" \/>\n<link rel=\"canonical\" href=\"https:\/\/acuariosupremus.com\/?product=acuario-inteligente-boyu-lc-1200-equipado-para-agua-dulce-332-l\" \/>\n<meta property=\"og:locale\" content=\"es_MX\" \/>\n<meta property=\"og:type\" content=\"article\" \/>\n<meta property=\"og:title\" content=\"Acuario inteligente BOYU LC-1200 equipado para agua dulce 332 l. | Acuario Supremus\" \/>\n<meta property=\"og:description\" content=\"El Acuario Inteligente BOYU LC-1200 es la linea m\u00e1s equipada y moderna con los acuarios que ofrecen unos acabados de excelente calidad para agua dulce.\" \/>\n<meta property=\"og:url\" content=\"https:\/\/acuariosupremus.com\/?product=acuario-inteligente-boyu-lc-1200-equipado-para-agua-dulce-332-l\" \/>\n<meta property=\"og:site_name\" content=\"Acuario Supremus\" \/>\n<meta property=\"article:publisher\" content=\"https:\/\/www.facebook.com\/AcuarioSupremus\" \/>\n<meta property=\"article:modified_time\" content=\"2025-12-26T21:45:56+00:00\" \/>\n<meta property=\"og:image\" content=\"https:\/\/acuariosupremus.com\/wp-content\/uploads\/2025\/05\/acuarios_boyu_serie_lc_01.jpg.jpg\" \/>\n\t<meta property=\"og:image:width\" content=\"1500\" \/>\n\t<meta property=\"og:image:height\" content=\"1500\" \/>\n\t<meta property=\"og:image:type\" content=\"image\/jpeg\" \/>\n<meta name=\"twitter:card\" content=\"summary_large_image\" \/>\n<meta name=\"twitter:site\" content=\"@AcuarioSupremus\" \/>\n<meta name=\"twitter:label1\" content=\"Tiempo de lectura\" \/>\n\t<meta name=\"twitter:data1\" content=\"2 minutos\" \/>\n<script type=\"application\/ld+json\" class=\"yoast-schema-graph\">{\"@context\":\"https:\\\/\\\/schema.org\",\"@graph\":[{\"@type\":\"WebPage\",\"@id\":\"https:\\\/\\\/acuariosupremus.com\\\/?product=acuario-inteligente-boyu-lc-1200-equipado-para-agua-dulce-332-l\",\"url\":\"https:\\\/\\\/acuariosupremus.com\\\/?product=acuario-inteligente-boyu-lc-1200-equipado-para-agua-dulce-332-l\",\"name\":\"Acuario inteligente BOYU LC-1200 equipado para agua dulce 332 l. | Acuario Supremus\",\"isPartOf\":{\"@id\":\"https:\\\/\\\/acuariosupremus.com\\\/#website\"},\"primaryImageOfPage\":{\"@id\":\"https:\\\/\\\/acuariosupremus.com\\\/?product=acuario-inteligente-boyu-lc-1200-equipado-para-agua-dulce-332-l#primaryimage\"},\"image\":{\"@id\":\"https:\\\/\\\/acuariosupremus.com\\\/?product=acuario-inteligente-boyu-lc-1200-equipado-para-agua-dulce-332-l#primaryimage\"},\"thumbnailUrl\":\"https:\\\/\\\/acuariosupremus.com\\\/wp-content\\\/uploads\\\/2025\\\/05\\\/acuarios_boyu_serie_lc_01.jpg.jpg\",\"datePublished\":\"2025-05-20T22:33:11+00:00\",\"dateModified\":\"2025-12-26T21:45:56+00:00\",\"description\":\"El Acuario Inteligente BOYU LC-1200 es la linea m\u00e1s equipada y moderna con los acuarios que ofrecen unos acabados de excelente calidad para agua dulce.\",\"breadcrumb\":{\"@id\":\"https:\\\/\\\/acuariosupremus.com\\\/?product=acuario-inteligente-boyu-lc-1200-equipado-para-agua-dulce-332-l#breadcrumb\"},\"inLanguage\":\"es\",\"potentialAction\":[{\"@type\":\"ReadAction\",\"target\":[\"https:\\\/\\\/acuariosupremus.com\\\/?product=acuario-inteligente-boyu-lc-1200-equipado-para-agua-dulce-332-l\"]}]},{\"@type\":\"ImageObject\",\"inLanguage\":\"es\",\"@id\":\"https:\\\/\\\/acuariosupremus.com\\\/?product=acuario-inteligente-boyu-lc-1200-equipado-para-agua-dulce-332-l#primaryimage\",\"url\":\"https:\\\/\\\/acuariosupremus.com\\\/wp-content\\\/uploads\\\/2025\\\/05\\\/acuarios_boyu_serie_lc_01.jpg.jpg\",\"contentUrl\":\"https:\\\/\\\/acuariosupremus.com\\\/wp-content\\\/uploads\\\/2025\\\/05\\\/acuarios_boyu_serie_lc_01.jpg.jpg\",\"width\":1500,\"height\":1500},{\"@type\":\"BreadcrumbList\",\"@id\":\"https:\\\/\\\/acuariosupremus.com\\\/?product=acuario-inteligente-boyu-lc-1200-equipado-para-agua-dulce-332-l#breadcrumb\",\"itemListElement\":[{\"@type\":\"ListItem\",\"position\":1,\"name\":\"Portada\",\"item\":\"https:\\\/\\\/acuariosupremus.com\\\/\"},{\"@type\":\"ListItem\",\"position\":2,\"name\":\"Tienda\",\"item\":\"https:\\\/\\\/acuariosupremus.com\\\/tienda\\\/\"},{\"@type\":\"ListItem\",\"position\":3,\"name\":\"Acuario inteligente BOYU LC-1200 equipado para agua dulce 332 l.\"}]},{\"@type\":\"WebSite\",\"@id\":\"https:\\\/\\\/acuariosupremus.com\\\/#website\",\"url\":\"https:\\\/\\\/acuariosupremus.com\\\/\",\"name\":\"Acuario Supremus\",\"description\":\"Peces, Peceras y Mascotas.\",\"publisher\":{\"@id\":\"https:\\\/\\\/acuariosupremus.com\\\/#organization\"},\"potentialAction\":[{\"@type\":\"SearchAction\",\"target\":{\"@type\":\"EntryPoint\",\"urlTemplate\":\"https:\\\/\\\/acuariosupremus.com\\\/?s={search_term_string}\"},\"query-input\":{\"@type\":\"PropertyValueSpecification\",\"valueRequired\":true,\"valueName\":\"search_term_string\"}}],\"inLanguage\":\"es\"},{\"@type\":\"Organization\",\"@id\":\"https:\\\/\\\/acuariosupremus.com\\\/#organization\",\"name\":\"Acuario Supremus\",\"url\":\"https:\\\/\\\/acuariosupremus.com\\\/\",\"logo\":{\"@type\":\"ImageObject\",\"inLanguage\":\"es\",\"@id\":\"https:\\\/\\\/acuariosupremus.com\\\/#\\\/schema\\\/logo\\\/image\\\/\",\"url\":\"https:\\\/\\\/acuariosupremus.com\\\/wp-content\\\/uploads\\\/2021\\\/12\\\/cropped-logo_acuario_supremus_fn-2.png\",\"contentUrl\":\"https:\\\/\\\/acuariosupremus.com\\\/wp-content\\\/uploads\\\/2021\\\/12\\\/cropped-logo_acuario_supremus_fn-2.png\",\"width\":1000,\"height\":318,\"caption\":\"Acuario Supremus\"},\"image\":{\"@id\":\"https:\\\/\\\/acuariosupremus.com\\\/#\\\/schema\\\/logo\\\/image\\\/\"},\"sameAs\":[\"https:\\\/\\\/www.facebook.com\\\/AcuarioSupremus\",\"https:\\\/\\\/x.com\\\/AcuarioSupremus\",\"https:\\\/\\\/www.instagram.com\\\/acuariosupremus\\\/?hl=es\"]}]}<\/script>\n<!-- \/ Yoast SEO plugin. -->","yoast_head_json":{"title":"Acuario inteligente BOYU LC-1200 equipado para agua dulce 332 l. | Acuario Supremus","description":"El Acuario Inteligente BOYU LC-1200 es la linea m\u00e1s equipada y moderna con los acuarios que ofrecen unos acabados de excelente calidad para agua dulce.","robots":{"index":"index","follow":"follow","max-snippet":"max-snippet:-1","max-image-preview":"max-image-preview:large","max-video-preview":"max-video-preview:-1"},"canonical":"https:\/\/acuariosupremus.com\/?product=acuario-inteligente-boyu-lc-1200-equipado-para-agua-dulce-332-l","og_locale":"es_MX","og_type":"article","og_title":"Acuario inteligente BOYU LC-1200 equipado para agua dulce 332 l. | Acuario Supremus","og_description":"El Acuario Inteligente BOYU LC-1200 es la linea m\u00e1s equipada y moderna con los acuarios que ofrecen unos acabados de excelente calidad para agua dulce.","og_url":"https:\/\/acuariosupremus.com\/?product=acuario-inteligente-boyu-lc-1200-equipado-para-agua-dulce-332-l","og_site_name":"Acuario Supremus","article_publisher":"https:\/\/www.facebook.com\/AcuarioSupremus","article_modified_time":"2025-12-26T21:45:56+00:00","og_image":[{"width":1500,"height":1500,"url":"https:\/\/acuariosupremus.com\/wp-content\/uploads\/2025\/05\/acuarios_boyu_serie_lc_01.jpg.jpg","type":"image\/jpeg"}],"twitter_card":"summary_large_image","twitter_site":"@AcuarioSupremus","twitter_misc":{"Tiempo de lectura":"2 minutos"},"schema":{"@context":"https:\/\/schema.org","@graph":[{"@type":"WebPage","@id":"https:\/\/acuariosupremus.com\/?product=acuario-inteligente-boyu-lc-1200-equipado-para-agua-dulce-332-l","url":"https:\/\/acuariosupremus.com\/?product=acuario-inteligente-boyu-lc-1200-equipado-para-agua-dulce-332-l","name":"Acuario inteligente BOYU LC-1200 equipado para agua dulce 332 l. | Acuario Supremus","isPartOf":{"@id":"https:\/\/acuariosupremus.com\/#website"},"primaryImageOfPage":{"@id":"https:\/\/acuariosupremus.com\/?product=acuario-inteligente-boyu-lc-1200-equipado-para-agua-dulce-332-l#primaryimage"},"image":{"@id":"https:\/\/acuariosupremus.com\/?product=acuario-inteligente-boyu-lc-1200-equipado-para-agua-dulce-332-l#primaryimage"},"thumbnailUrl":"https:\/\/acuariosupremus.com\/wp-content\/uploads\/2025\/05\/acuarios_boyu_serie_lc_01.jpg.jpg","datePublished":"2025-05-20T22:33:11+00:00","dateModified":"2025-12-26T21:45:56+00:00","description":"El Acuario Inteligente BOYU LC-1200 es la linea m\u00e1s equipada y moderna con los acuarios que ofrecen unos acabados de excelente calidad para agua dulce.","breadcrumb":{"@id":"https:\/\/acuariosupremus.com\/?product=acuario-inteligente-boyu-lc-1200-equipado-para-agua-dulce-332-l#breadcrumb"},"inLanguage":"es","potentialAction":[{"@type":"ReadAction","target":["https:\/\/acuariosupremus.com\/?product=acuario-inteligente-boyu-lc-1200-equipado-para-agua-dulce-332-l"]}]},{"@type":"ImageObject","inLanguage":"es","@id":"https:\/\/acuariosupremus.com\/?product=acuario-inteligente-boyu-lc-1200-equipado-para-agua-dulce-332-l#primaryimage","url":"https:\/\/acuariosupremus.com\/wp-content\/uploads\/2025\/05\/acuarios_boyu_serie_lc_01.jpg.jpg","contentUrl":"https:\/\/acuariosupremus.com\/wp-content\/uploads\/2025\/05\/acuarios_boyu_serie_lc_01.jpg.jpg","width":1500,"height":1500},{"@type":"BreadcrumbList","@id":"https:\/\/acuariosupremus.com\/?product=acuario-inteligente-boyu-lc-1200-equipado-para-agua-dulce-332-l#breadcrumb","itemListElement":[{"@type":"ListItem","position":1,"name":"Portada","item":"https:\/\/acuariosupremus.com\/"},{"@type":"ListItem","position":2,"name":"Tienda","item":"https:\/\/acuariosupremus.com\/tienda\/"},{"@type":"ListItem","position":3,"name":"Acuario inteligente BOYU LC-1200 equipado para agua dulce 332 l."}]},{"@type":"WebSite","@id":"https:\/\/acuariosupremus.com\/#website","url":"https:\/\/acuariosupremus.com\/","name":"Acuario Supremus","description":"Peces, Peceras y Mascotas.","publisher":{"@id":"https:\/\/acuariosupremus.com\/#organization"},"potentialAction":[{"@type":"SearchAction","target":{"@type":"EntryPoint","urlTemplate":"https:\/\/acuariosupremus.com\/?s={search_term_string}"},"query-input":{"@type":"PropertyValueSpecification","valueRequired":true,"valueName":"search_term_string"}}],"inLanguage":"es"},{"@type":"Organization","@id":"https:\/\/acuariosupremus.com\/#organization","name":"Acuario Supremus","url":"https:\/\/acuariosupremus.com\/","logo":{"@type":"ImageObject","inLanguage":"es","@id":"https:\/\/acuariosupremus.com\/#\/schema\/logo\/image\/","url":"https:\/\/acuariosupremus.com\/wp-content\/uploads\/2021\/12\/cropped-logo_acuario_supremus_fn-2.png","contentUrl":"https:\/\/acuariosupremus.com\/wp-content\/uploads\/2021\/12\/cropped-logo_acuario_supremus_fn-2.png","width":1000,"height":318,"caption":"Acuario Supremus"},"image":{"@id":"https:\/\/acuariosupremus.com\/#\/schema\/logo\/image\/"},"sameAs":["https:\/\/www.facebook.com\/AcuarioSupremus","https:\/\/x.com\/AcuarioSupremus","https:\/\/www.instagram.com\/acuariosupremus\/?hl=es"]}]}},"jetpack_sharing_enabled":true,"_links":{"self":[{"href":"https:\/\/acuariosupremus.com\/index.php?rest_route=\/wp\/v2\/product\/13677","targetHints":{"allow":["GET"]}}],"collection":[{"href":"https:\/\/acuariosupremus.com\/index.php?rest_route=\/wp\/v2\/product"}],"about":[{"href":"https:\/\/acuariosupremus.com\/index.php?rest_route=\/wp\/v2\/types\/product"}],"wp:featuredmedia":[{"embeddable":true,"href":"https:\/\/acuariosupremus.com\/index.php?rest_route=\/wp\/v2\/media\/13678"}],"wp:attachment":[{"href":"https:\/\/acuariosupremus.com\/index.php?rest_route=%2Fwp%2Fv2%2Fmedia&parent=13677"}],"wp:term":[{"taxonomy":"product_brand","embeddable":true,"href":"https:\/\/acuariosupremus.com\/index.php?rest_route=%2Fwp%2Fv2%2Fproduct_brand&post=13677"},{"taxonomy":"product_cat","embeddable":true,"href":"https:\/\/acuariosupremus.com\/index.php?rest_route=%2Fwp%2Fv2%2Fproduct_cat&post=13677"},{"taxonomy":"product_tag","embeddable":true,"href":"https:\/\/acuariosupremus.com\/index.php?rest_route=%2Fwp%2Fv2%2Fproduct_tag&post=13677"}],"curies":[{"name":"wp","href":"https:\/\/api.w.org\/{rel}","templated":true}]}}