{"id":13715,"date":"2025-05-20T20:27:34","date_gmt":"2025-05-21T02:27:34","guid":{"rendered":"https:\/\/acuariosupremus.com\/?post_type=product&#038;p=13715"},"modified":"2025-12-26T19:21:01","modified_gmt":"2025-12-27T01:21:01","slug":"enfriador-de-agua-boyu-ls10a-1-4-hp","status":"publish","type":"product","link":"https:\/\/acuariosupremus.com\/?product=enfriador-de-agua-boyu-ls10a-1-4-hp","title":{"rendered":"Enfriador de agua BOYU LS10A 1\/4 HP."},"content":{"rendered":"<p><span class=\"fontstyle0\">Equipa un sistema intercambiador de calor multi tubular fabricado en aleaci\u00f3n de titanio. Este material es inerte al agua proporciona una alta eficiencia termodin\u00e1mica, as\u00ed como una m\u00e1xima robustez y durabilidad en acuarios de agua dulce y salada. No tiene ning\u00fan componente de cobre expuesto al agua, as\u00ed que es totalmente seguro para agua salada. Presenta una arquitectura vertical en sus componentes para favorecer un dise\u00f1o ultra compacto que permite dirigir su flujo de salida de aire caliente por una tobera orientable en tres posiciones, hacia atr\u00e1s, hacia adelante y hacia la derecha. Para gestionar flujo de aire fr\u00edo de entrada usa un sistema de filtraci\u00f3n mec\u00e1nica alojado en una amplia parrilla muy pr\u00e1ctica para posibilitar un f\u00e1cil mantenimiento. La carcasa es f\u00e1cilmente desmontable y est\u00e1 construida en pl\u00e1stico industrial.<\/span><\/p>\n<p>Modelo: <strong>LS10A <\/strong>Medidas: 322 x 384 x 465 ( l x a x h mm) Capacidad 100-600 (Litros) Volt. \/ frec. 127\/60 (V\/Hz) Potencia Compresor 1\/4 (HP) Caudal m\u00e1x: 500 (L\/h) Tipo de gas: R134 a,\u00a0 Medidas con embalaje 390x 375 x 575 ( L x a x h mm) Peso con embalaje: 20.49 (kg)<\/p>\n","protected":false},"excerpt":{"rendered":"<p><span class=\"fontstyle0\">La l\u00ednea profesional de enfriadores BOYU LS toma el control de la temperatura de su acuario de la forma m\u00e1s precisa y eficiente posible, garantizando el m\u00e1ximo confort para los organismos acu\u00e1ticos m\u00e1s exigentes. Poseen un motor con tecnolog\u00eda \u201cInverter\u201d s\u00faper silencioso, capaz de enfriar\u00a0 el agua de su acuario con una alta eficiencia energ\u00e9tica. Su compresor rotativo usa gas ecol\u00f3gico R-134a y est\u00e1 construido con componentes de la m\u00e1s alta calidad. Est\u00e1 controlado mediante un display electr\u00f3nico muy intuitivo dotado de un sensor de temperatura de gran precisi\u00f3n, gracias a su \u00fanico chip de control computarizado con memoria RAM CMOS integrada. Esto permite un control total de la temperatura de su acuario gracias a su capacidad para realizar operaciones electr\u00f3nicas memorizables y autom\u00e1ticas para enfriar\u00a0 el agua. <\/span><\/p>\n","protected":false},"featured_media":13716,"template":"","meta":[],"product_brand":[122],"product_cat":[40,66],"product_tag":[687,688],"class_list":{"0":"post-13715","1":"product","2":"type-product","3":"status-publish","4":"has-post-thumbnail","6":"product_brand-boyu","7":"product_cat-peces","8":"product_cat-varios","9":"product_tag-chiller-para-acuario","10":"product_tag-enfriador-de-agua","12":"first","13":"instock","14":"sale","15":"shipping-taxable","16":"purchasable","17":"product-type-simple"},"yoast_head":"<!-- This site is optimized with the Yoast SEO plugin v27.4 - https:\/\/yoast.com\/product\/yoast-seo-wordpress\/ -->\n<title>Enfriador de agua BOYU LS10A 1\/4 HP. | Acuario Supremus<\/title>\n<meta name=\"description\" content=\"La l\u00ednea profesional de enfriadores BOYU LS toma el control de la temperatura de su acuario de la forma m\u00e1s precisa y eficiente posible.\" \/>\n<meta name=\"robots\" content=\"index, follow, max-snippet:-1, max-image-preview:large, max-video-preview:-1\" \/>\n<link rel=\"canonical\" href=\"https:\/\/acuariosupremus.com\/?product=enfriador-de-agua-boyu-ls10a-1-4-hp\" \/>\n<meta property=\"og:locale\" content=\"es_MX\" \/>\n<meta property=\"og:type\" content=\"article\" \/>\n<meta property=\"og:title\" content=\"Enfriador de agua BOYU LS10A 1\/4 HP. | Acuario Supremus\" \/>\n<meta property=\"og:description\" content=\"La l\u00ednea profesional de enfriadores BOYU LS toma el control de la temperatura de su acuario de la forma m\u00e1s precisa y eficiente posible.\" \/>\n<meta property=\"og:url\" content=\"https:\/\/acuariosupremus.com\/?product=enfriador-de-agua-boyu-ls10a-1-4-hp\" \/>\n<meta property=\"og:site_name\" content=\"Acuario Supremus\" \/>\n<meta property=\"article:publisher\" content=\"https:\/\/www.facebook.com\/AcuarioSupremus\" \/>\n<meta property=\"article:modified_time\" content=\"2025-12-27T01:21:01+00:00\" \/>\n<meta property=\"og:image\" content=\"https:\/\/acuariosupremus.com\/wp-content\/uploads\/2025\/05\/enfriador_calentador_boyu_ls_01.jpg\" \/>\n\t<meta property=\"og:image:width\" content=\"1250\" \/>\n\t<meta property=\"og:image:height\" content=\"1250\" \/>\n\t<meta property=\"og:image:type\" content=\"image\/jpeg\" \/>\n<meta name=\"twitter:card\" content=\"summary_large_image\" \/>\n<meta name=\"twitter:site\" content=\"@AcuarioSupremus\" \/>\n<meta name=\"twitter:label1\" content=\"Tiempo de lectura\" \/>\n\t<meta name=\"twitter:data1\" content=\"2 minutos\" \/>\n<script type=\"application\/ld+json\" class=\"yoast-schema-graph\">{\"@context\":\"https:\\\/\\\/schema.org\",\"@graph\":[{\"@type\":\"WebPage\",\"@id\":\"https:\\\/\\\/acuariosupremus.com\\\/?product=enfriador-de-agua-boyu-ls10a-1-4-hp\",\"url\":\"https:\\\/\\\/acuariosupremus.com\\\/?product=enfriador-de-agua-boyu-ls10a-1-4-hp\",\"name\":\"Enfriador de agua BOYU LS10A 1\\\/4 HP. | Acuario Supremus\",\"isPartOf\":{\"@id\":\"https:\\\/\\\/acuariosupremus.com\\\/#website\"},\"primaryImageOfPage\":{\"@id\":\"https:\\\/\\\/acuariosupremus.com\\\/?product=enfriador-de-agua-boyu-ls10a-1-4-hp#primaryimage\"},\"image\":{\"@id\":\"https:\\\/\\\/acuariosupremus.com\\\/?product=enfriador-de-agua-boyu-ls10a-1-4-hp#primaryimage\"},\"thumbnailUrl\":\"https:\\\/\\\/acuariosupremus.com\\\/wp-content\\\/uploads\\\/2025\\\/05\\\/enfriador_calentador_boyu_ls_01.jpg\",\"datePublished\":\"2025-05-21T02:27:34+00:00\",\"dateModified\":\"2025-12-27T01:21:01+00:00\",\"description\":\"La l\u00ednea profesional de enfriadores BOYU LS toma el control de la temperatura de su acuario de la forma m\u00e1s precisa y eficiente posible.\",\"breadcrumb\":{\"@id\":\"https:\\\/\\\/acuariosupremus.com\\\/?product=enfriador-de-agua-boyu-ls10a-1-4-hp#breadcrumb\"},\"inLanguage\":\"es\",\"potentialAction\":[{\"@type\":\"ReadAction\",\"target\":[\"https:\\\/\\\/acuariosupremus.com\\\/?product=enfriador-de-agua-boyu-ls10a-1-4-hp\"]}]},{\"@type\":\"ImageObject\",\"inLanguage\":\"es\",\"@id\":\"https:\\\/\\\/acuariosupremus.com\\\/?product=enfriador-de-agua-boyu-ls10a-1-4-hp#primaryimage\",\"url\":\"https:\\\/\\\/acuariosupremus.com\\\/wp-content\\\/uploads\\\/2025\\\/05\\\/enfriador_calentador_boyu_ls_01.jpg\",\"contentUrl\":\"https:\\\/\\\/acuariosupremus.com\\\/wp-content\\\/uploads\\\/2025\\\/05\\\/enfriador_calentador_boyu_ls_01.jpg\",\"width\":1250,\"height\":1250},{\"@type\":\"BreadcrumbList\",\"@id\":\"https:\\\/\\\/acuariosupremus.com\\\/?product=enfriador-de-agua-boyu-ls10a-1-4-hp#breadcrumb\",\"itemListElement\":[{\"@type\":\"ListItem\",\"position\":1,\"name\":\"Portada\",\"item\":\"https:\\\/\\\/acuariosupremus.com\\\/\"},{\"@type\":\"ListItem\",\"position\":2,\"name\":\"Tienda\",\"item\":\"https:\\\/\\\/acuariosupremus.com\\\/tienda\\\/\"},{\"@type\":\"ListItem\",\"position\":3,\"name\":\"Enfriador de agua BOYU LS10A 1\\\/4 HP.\"}]},{\"@type\":\"WebSite\",\"@id\":\"https:\\\/\\\/acuariosupremus.com\\\/#website\",\"url\":\"https:\\\/\\\/acuariosupremus.com\\\/\",\"name\":\"Acuario Supremus\",\"description\":\"Peces, Peceras y Mascotas.\",\"publisher\":{\"@id\":\"https:\\\/\\\/acuariosupremus.com\\\/#organization\"},\"potentialAction\":[{\"@type\":\"SearchAction\",\"target\":{\"@type\":\"EntryPoint\",\"urlTemplate\":\"https:\\\/\\\/acuariosupremus.com\\\/?s={search_term_string}\"},\"query-input\":{\"@type\":\"PropertyValueSpecification\",\"valueRequired\":true,\"valueName\":\"search_term_string\"}}],\"inLanguage\":\"es\"},{\"@type\":\"Organization\",\"@id\":\"https:\\\/\\\/acuariosupremus.com\\\/#organization\",\"name\":\"Acuario Supremus\",\"url\":\"https:\\\/\\\/acuariosupremus.com\\\/\",\"logo\":{\"@type\":\"ImageObject\",\"inLanguage\":\"es\",\"@id\":\"https:\\\/\\\/acuariosupremus.com\\\/#\\\/schema\\\/logo\\\/image\\\/\",\"url\":\"https:\\\/\\\/acuariosupremus.com\\\/wp-content\\\/uploads\\\/2021\\\/12\\\/cropped-logo_acuario_supremus_fn-2.png\",\"contentUrl\":\"https:\\\/\\\/acuariosupremus.com\\\/wp-content\\\/uploads\\\/2021\\\/12\\\/cropped-logo_acuario_supremus_fn-2.png\",\"width\":1000,\"height\":318,\"caption\":\"Acuario Supremus\"},\"image\":{\"@id\":\"https:\\\/\\\/acuariosupremus.com\\\/#\\\/schema\\\/logo\\\/image\\\/\"},\"sameAs\":[\"https:\\\/\\\/www.facebook.com\\\/AcuarioSupremus\",\"https:\\\/\\\/x.com\\\/AcuarioSupremus\",\"https:\\\/\\\/www.instagram.com\\\/acuariosupremus\\\/?hl=es\"]}]}<\/script>\n<!-- \/ Yoast SEO plugin. -->","yoast_head_json":{"title":"Enfriador de agua BOYU LS10A 1\/4 HP. | Acuario Supremus","description":"La l\u00ednea profesional de enfriadores BOYU LS toma el control de la temperatura de su acuario de la forma m\u00e1s precisa y eficiente posible.","robots":{"index":"index","follow":"follow","max-snippet":"max-snippet:-1","max-image-preview":"max-image-preview:large","max-video-preview":"max-video-preview:-1"},"canonical":"https:\/\/acuariosupremus.com\/?product=enfriador-de-agua-boyu-ls10a-1-4-hp","og_locale":"es_MX","og_type":"article","og_title":"Enfriador de agua BOYU LS10A 1\/4 HP. | Acuario Supremus","og_description":"La l\u00ednea profesional de enfriadores BOYU LS toma el control de la temperatura de su acuario de la forma m\u00e1s precisa y eficiente posible.","og_url":"https:\/\/acuariosupremus.com\/?product=enfriador-de-agua-boyu-ls10a-1-4-hp","og_site_name":"Acuario Supremus","article_publisher":"https:\/\/www.facebook.com\/AcuarioSupremus","article_modified_time":"2025-12-27T01:21:01+00:00","og_image":[{"width":1250,"height":1250,"url":"https:\/\/acuariosupremus.com\/wp-content\/uploads\/2025\/05\/enfriador_calentador_boyu_ls_01.jpg","type":"image\/jpeg"}],"twitter_card":"summary_large_image","twitter_site":"@AcuarioSupremus","twitter_misc":{"Tiempo de lectura":"2 minutos"},"schema":{"@context":"https:\/\/schema.org","@graph":[{"@type":"WebPage","@id":"https:\/\/acuariosupremus.com\/?product=enfriador-de-agua-boyu-ls10a-1-4-hp","url":"https:\/\/acuariosupremus.com\/?product=enfriador-de-agua-boyu-ls10a-1-4-hp","name":"Enfriador de agua BOYU LS10A 1\/4 HP. | Acuario Supremus","isPartOf":{"@id":"https:\/\/acuariosupremus.com\/#website"},"primaryImageOfPage":{"@id":"https:\/\/acuariosupremus.com\/?product=enfriador-de-agua-boyu-ls10a-1-4-hp#primaryimage"},"image":{"@id":"https:\/\/acuariosupremus.com\/?product=enfriador-de-agua-boyu-ls10a-1-4-hp#primaryimage"},"thumbnailUrl":"https:\/\/acuariosupremus.com\/wp-content\/uploads\/2025\/05\/enfriador_calentador_boyu_ls_01.jpg","datePublished":"2025-05-21T02:27:34+00:00","dateModified":"2025-12-27T01:21:01+00:00","description":"La l\u00ednea profesional de enfriadores BOYU LS toma el control de la temperatura de su acuario de la forma m\u00e1s precisa y eficiente posible.","breadcrumb":{"@id":"https:\/\/acuariosupremus.com\/?product=enfriador-de-agua-boyu-ls10a-1-4-hp#breadcrumb"},"inLanguage":"es","potentialAction":[{"@type":"ReadAction","target":["https:\/\/acuariosupremus.com\/?product=enfriador-de-agua-boyu-ls10a-1-4-hp"]}]},{"@type":"ImageObject","inLanguage":"es","@id":"https:\/\/acuariosupremus.com\/?product=enfriador-de-agua-boyu-ls10a-1-4-hp#primaryimage","url":"https:\/\/acuariosupremus.com\/wp-content\/uploads\/2025\/05\/enfriador_calentador_boyu_ls_01.jpg","contentUrl":"https:\/\/acuariosupremus.com\/wp-content\/uploads\/2025\/05\/enfriador_calentador_boyu_ls_01.jpg","width":1250,"height":1250},{"@type":"BreadcrumbList","@id":"https:\/\/acuariosupremus.com\/?product=enfriador-de-agua-boyu-ls10a-1-4-hp#breadcrumb","itemListElement":[{"@type":"ListItem","position":1,"name":"Portada","item":"https:\/\/acuariosupremus.com\/"},{"@type":"ListItem","position":2,"name":"Tienda","item":"https:\/\/acuariosupremus.com\/tienda\/"},{"@type":"ListItem","position":3,"name":"Enfriador de agua BOYU LS10A 1\/4 HP."}]},{"@type":"WebSite","@id":"https:\/\/acuariosupremus.com\/#website","url":"https:\/\/acuariosupremus.com\/","name":"Acuario Supremus","description":"Peces, Peceras y Mascotas.","publisher":{"@id":"https:\/\/acuariosupremus.com\/#organization"},"potentialAction":[{"@type":"SearchAction","target":{"@type":"EntryPoint","urlTemplate":"https:\/\/acuariosupremus.com\/?s={search_term_string}"},"query-input":{"@type":"PropertyValueSpecification","valueRequired":true,"valueName":"search_term_string"}}],"inLanguage":"es"},{"@type":"Organization","@id":"https:\/\/acuariosupremus.com\/#organization","name":"Acuario Supremus","url":"https:\/\/acuariosupremus.com\/","logo":{"@type":"ImageObject","inLanguage":"es","@id":"https:\/\/acuariosupremus.com\/#\/schema\/logo\/image\/","url":"https:\/\/acuariosupremus.com\/wp-content\/uploads\/2021\/12\/cropped-logo_acuario_supremus_fn-2.png","contentUrl":"https:\/\/acuariosupremus.com\/wp-content\/uploads\/2021\/12\/cropped-logo_acuario_supremus_fn-2.png","width":1000,"height":318,"caption":"Acuario Supremus"},"image":{"@id":"https:\/\/acuariosupremus.com\/#\/schema\/logo\/image\/"},"sameAs":["https:\/\/www.facebook.com\/AcuarioSupremus","https:\/\/x.com\/AcuarioSupremus","https:\/\/www.instagram.com\/acuariosupremus\/?hl=es"]}]}},"jetpack_sharing_enabled":true,"_links":{"self":[{"href":"https:\/\/acuariosupremus.com\/index.php?rest_route=\/wp\/v2\/product\/13715","targetHints":{"allow":["GET"]}}],"collection":[{"href":"https:\/\/acuariosupremus.com\/index.php?rest_route=\/wp\/v2\/product"}],"about":[{"href":"https:\/\/acuariosupremus.com\/index.php?rest_route=\/wp\/v2\/types\/product"}],"wp:featuredmedia":[{"embeddable":true,"href":"https:\/\/acuariosupremus.com\/index.php?rest_route=\/wp\/v2\/media\/13716"}],"wp:attachment":[{"href":"https:\/\/acuariosupremus.com\/index.php?rest_route=%2Fwp%2Fv2%2Fmedia&parent=13715"}],"wp:term":[{"taxonomy":"product_brand","embeddable":true,"href":"https:\/\/acuariosupremus.com\/index.php?rest_route=%2Fwp%2Fv2%2Fproduct_brand&post=13715"},{"taxonomy":"product_cat","embeddable":true,"href":"https:\/\/acuariosupremus.com\/index.php?rest_route=%2Fwp%2Fv2%2Fproduct_cat&post=13715"},{"taxonomy":"product_tag","embeddable":true,"href":"https:\/\/acuariosupremus.com\/index.php?rest_route=%2Fwp%2Fv2%2Fproduct_tag&post=13715"}],"curies":[{"name":"wp","href":"https:\/\/api.w.org\/{rel}","templated":true}]}}