{"id":13749,"date":"2025-05-21T14:25:52","date_gmt":"2025-05-21T20:25:52","guid":{"rendered":"https:\/\/acuariosupremus.com\/?post_type=product&#038;p=13749"},"modified":"2025-12-24T17:41:18","modified_gmt":"2025-12-24T23:41:18","slug":"eco-bomba-sumergible-para-estanque-6500-lph-boyu-xl-6500t","status":"publish","type":"product","link":"https:\/\/acuariosupremus.com\/?product=eco-bomba-sumergible-para-estanque-6500-lph-boyu-xl-6500t","title":{"rendered":"ECO-Bomba sumergible para estanque 6500 lph BOYU XL-6500T."},"content":{"rendered":"<p>Pueden trabajar perfectamente las 24 horas del d\u00eda tanto dentro del agua como fuera de ella mientras circula el agua, y gracias a sus adaptadores puede ser conectada mediante rosca o pegar directamente una tuber\u00eda r\u00edgida de 1 \u00bc \u00f3 1 \u00bd \u201co bien, conectarla a mangueras flexibles desde los 26 hasta 42 mm. Proporcionan un flujo de agua fuerte y constante, con unas capacidades de elevaci\u00f3n de hasta cinco metros para el modelo m\u00e1s potente. A pesar de ello, su consumo el\u00e9ctrico es muy reducido gracias a la gran eficiencia energ\u00e9tica que proporciona su motor DC de octava generaci\u00f3n.<\/p>\n<p>Corriente: 127V\/60Hz (V\/HZ) Consumo 50 (W\/h) Protecci\u00f3n al agua: IPX68 Long. Cable\u00a0 493 (cm) Tipo de enchufe: \u201cA\u201d 3 pines Peso: 2,470(grs.) Dimensiones: 224 x 100 x 161(l x a x h, mm) Peso c. embalaje: 2,830 (grs.) Dim. embalaje: 250 x 175 x 185 (l x a x h, mm).<\/p>\n<p>Sistemas entre: 1,300 &#8211; 6,500 (L) Caudal aprox: 6,500 (l\/h) Conexi\u00f3n: <span class=\"fontstyle0\">38\/1\u201d \u00bd<\/span>(\u00d8 mm\/\u201d) Cap. elevaci\u00f3n: 3.8 (metros) Temp. Min\/ M\u00e1x: 5-35 (\u00b0C).<\/p>\n","protected":false},"excerpt":{"rendered":"<p>Una bomba para uso medio.<br \/>\nGX4P es una l\u00ednea de bombas ECO de\u00a0 S\u00e9ptima generaci\u00f3n dise\u00f1ada para estanques, aunque puede ser usada en cualquier acuario o sistema de agua dulce o salada. Son ideales para aquellas situaciones donde se requiere elevar el agua a la salida de un fitro en un \u201csump\u201d, o bien para accionar filtros elevados por encima del nivel del agua. Tambi\u00e9n son \u00fatiles para crear fuentes en estanques al aire libre o en aplicaciones comerciales o industriales relacionadas con acuicultura o la industria alimentaria.<\/p>\n","protected":false},"featured_media":13738,"template":"","meta":[],"product_brand":[122],"product_cat":[40,93],"product_tag":[175,614,616,949,158],"class_list":{"0":"post-13749","1":"product","2":"type-product","3":"status-publish","4":"has-post-thumbnail","6":"product_brand-boyu","7":"product_cat-peces","8":"product_cat-bombas-fuente-y-estanque","9":"product_tag-bomba","10":"product_tag-bomba-estanque","11":"product_tag-eco-bomba-boyu","12":"product_tag-eco-bomba-boyu-xl","13":"product_tag-estanque","15":"first","16":"instock","17":"sale","18":"shipping-taxable","19":"purchasable","20":"product-type-simple"},"yoast_head":"<!-- This site is optimized with the Yoast SEO plugin v27.4 - https:\/\/yoast.com\/product\/yoast-seo-wordpress\/ -->\n<title>ECO-Bomba sumergible para estanque 6500 lph BOYU XL-6500T. | Acuario Supremus<\/title>\n<meta name=\"description\" content=\"BOYU XL es una bomba ECO de septima generaci\u00f3n dise\u00f1ada para estanques, aunque puede ser usada en cualquier acuario o sistema de agua dulce o salada.\" \/>\n<meta name=\"robots\" content=\"index, follow, max-snippet:-1, max-image-preview:large, max-video-preview:-1\" \/>\n<link rel=\"canonical\" href=\"https:\/\/acuariosupremus.com\/?product=eco-bomba-sumergible-para-estanque-6500-lph-boyu-xl-6500t\" \/>\n<meta property=\"og:locale\" content=\"es_MX\" \/>\n<meta property=\"og:type\" content=\"article\" \/>\n<meta property=\"og:title\" content=\"ECO-Bomba sumergible para estanque 6500 lph BOYU XL-6500T. | Acuario Supremus\" \/>\n<meta property=\"og:description\" content=\"BOYU XL es una bomba ECO de septima generaci\u00f3n dise\u00f1ada para estanques, aunque puede ser usada en cualquier acuario o sistema de agua dulce o salada.\" \/>\n<meta property=\"og:url\" content=\"https:\/\/acuariosupremus.com\/?product=eco-bomba-sumergible-para-estanque-6500-lph-boyu-xl-6500t\" \/>\n<meta property=\"og:site_name\" content=\"Acuario Supremus\" \/>\n<meta property=\"article:publisher\" content=\"https:\/\/www.facebook.com\/AcuarioSupremus\" \/>\n<meta property=\"article:modified_time\" content=\"2025-12-24T23:41:18+00:00\" \/>\n<meta property=\"og:image\" content=\"https:\/\/acuariosupremus.com\/wp-content\/uploads\/2025\/05\/bomba_circulacion_xl-t_01.jpg\" \/>\n\t<meta property=\"og:image:width\" content=\"1250\" \/>\n\t<meta property=\"og:image:height\" content=\"1250\" \/>\n\t<meta property=\"og:image:type\" content=\"image\/jpeg\" \/>\n<meta name=\"twitter:card\" content=\"summary_large_image\" \/>\n<meta name=\"twitter:site\" content=\"@AcuarioSupremus\" \/>\n<meta name=\"twitter:label1\" content=\"Tiempo de lectura\" \/>\n\t<meta name=\"twitter:data1\" content=\"1 minuto\" \/>\n<script type=\"application\/ld+json\" class=\"yoast-schema-graph\">{\"@context\":\"https:\\\/\\\/schema.org\",\"@graph\":[{\"@type\":\"WebPage\",\"@id\":\"https:\\\/\\\/acuariosupremus.com\\\/?product=eco-bomba-sumergible-para-estanque-6500-lph-boyu-xl-6500t\",\"url\":\"https:\\\/\\\/acuariosupremus.com\\\/?product=eco-bomba-sumergible-para-estanque-6500-lph-boyu-xl-6500t\",\"name\":\"ECO-Bomba sumergible para estanque 6500 lph BOYU XL-6500T. | Acuario Supremus\",\"isPartOf\":{\"@id\":\"https:\\\/\\\/acuariosupremus.com\\\/#website\"},\"primaryImageOfPage\":{\"@id\":\"https:\\\/\\\/acuariosupremus.com\\\/?product=eco-bomba-sumergible-para-estanque-6500-lph-boyu-xl-6500t#primaryimage\"},\"image\":{\"@id\":\"https:\\\/\\\/acuariosupremus.com\\\/?product=eco-bomba-sumergible-para-estanque-6500-lph-boyu-xl-6500t#primaryimage\"},\"thumbnailUrl\":\"https:\\\/\\\/acuariosupremus.com\\\/wp-content\\\/uploads\\\/2025\\\/05\\\/bomba_circulacion_xl-t_01.jpg\",\"datePublished\":\"2025-05-21T20:25:52+00:00\",\"dateModified\":\"2025-12-24T23:41:18+00:00\",\"description\":\"BOYU XL es una bomba ECO de septima generaci\u00f3n dise\u00f1ada para estanques, aunque puede ser usada en cualquier acuario o sistema de agua dulce o salada.\",\"breadcrumb\":{\"@id\":\"https:\\\/\\\/acuariosupremus.com\\\/?product=eco-bomba-sumergible-para-estanque-6500-lph-boyu-xl-6500t#breadcrumb\"},\"inLanguage\":\"es\",\"potentialAction\":[{\"@type\":\"ReadAction\",\"target\":[\"https:\\\/\\\/acuariosupremus.com\\\/?product=eco-bomba-sumergible-para-estanque-6500-lph-boyu-xl-6500t\"]}]},{\"@type\":\"ImageObject\",\"inLanguage\":\"es\",\"@id\":\"https:\\\/\\\/acuariosupremus.com\\\/?product=eco-bomba-sumergible-para-estanque-6500-lph-boyu-xl-6500t#primaryimage\",\"url\":\"https:\\\/\\\/acuariosupremus.com\\\/wp-content\\\/uploads\\\/2025\\\/05\\\/bomba_circulacion_xl-t_01.jpg\",\"contentUrl\":\"https:\\\/\\\/acuariosupremus.com\\\/wp-content\\\/uploads\\\/2025\\\/05\\\/bomba_circulacion_xl-t_01.jpg\",\"width\":1250,\"height\":1250},{\"@type\":\"BreadcrumbList\",\"@id\":\"https:\\\/\\\/acuariosupremus.com\\\/?product=eco-bomba-sumergible-para-estanque-6500-lph-boyu-xl-6500t#breadcrumb\",\"itemListElement\":[{\"@type\":\"ListItem\",\"position\":1,\"name\":\"Portada\",\"item\":\"https:\\\/\\\/acuariosupremus.com\\\/\"},{\"@type\":\"ListItem\",\"position\":2,\"name\":\"Tienda\",\"item\":\"https:\\\/\\\/acuariosupremus.com\\\/tienda\\\/\"},{\"@type\":\"ListItem\",\"position\":3,\"name\":\"ECO-Bomba sumergible para estanque 6500 lph BOYU XL-6500T.\"}]},{\"@type\":\"WebSite\",\"@id\":\"https:\\\/\\\/acuariosupremus.com\\\/#website\",\"url\":\"https:\\\/\\\/acuariosupremus.com\\\/\",\"name\":\"Acuario Supremus\",\"description\":\"Peces, Peceras y Mascotas.\",\"publisher\":{\"@id\":\"https:\\\/\\\/acuariosupremus.com\\\/#organization\"},\"potentialAction\":[{\"@type\":\"SearchAction\",\"target\":{\"@type\":\"EntryPoint\",\"urlTemplate\":\"https:\\\/\\\/acuariosupremus.com\\\/?s={search_term_string}\"},\"query-input\":{\"@type\":\"PropertyValueSpecification\",\"valueRequired\":true,\"valueName\":\"search_term_string\"}}],\"inLanguage\":\"es\"},{\"@type\":\"Organization\",\"@id\":\"https:\\\/\\\/acuariosupremus.com\\\/#organization\",\"name\":\"Acuario Supremus\",\"url\":\"https:\\\/\\\/acuariosupremus.com\\\/\",\"logo\":{\"@type\":\"ImageObject\",\"inLanguage\":\"es\",\"@id\":\"https:\\\/\\\/acuariosupremus.com\\\/#\\\/schema\\\/logo\\\/image\\\/\",\"url\":\"https:\\\/\\\/acuariosupremus.com\\\/wp-content\\\/uploads\\\/2021\\\/12\\\/cropped-logo_acuario_supremus_fn-2.png\",\"contentUrl\":\"https:\\\/\\\/acuariosupremus.com\\\/wp-content\\\/uploads\\\/2021\\\/12\\\/cropped-logo_acuario_supremus_fn-2.png\",\"width\":1000,\"height\":318,\"caption\":\"Acuario Supremus\"},\"image\":{\"@id\":\"https:\\\/\\\/acuariosupremus.com\\\/#\\\/schema\\\/logo\\\/image\\\/\"},\"sameAs\":[\"https:\\\/\\\/www.facebook.com\\\/AcuarioSupremus\",\"https:\\\/\\\/x.com\\\/AcuarioSupremus\",\"https:\\\/\\\/www.instagram.com\\\/acuariosupremus\\\/?hl=es\"]}]}<\/script>\n<!-- \/ Yoast SEO plugin. -->","yoast_head_json":{"title":"ECO-Bomba sumergible para estanque 6500 lph BOYU XL-6500T. | Acuario Supremus","description":"BOYU XL es una bomba ECO de septima generaci\u00f3n dise\u00f1ada para estanques, aunque puede ser usada en cualquier acuario o sistema de agua dulce o salada.","robots":{"index":"index","follow":"follow","max-snippet":"max-snippet:-1","max-image-preview":"max-image-preview:large","max-video-preview":"max-video-preview:-1"},"canonical":"https:\/\/acuariosupremus.com\/?product=eco-bomba-sumergible-para-estanque-6500-lph-boyu-xl-6500t","og_locale":"es_MX","og_type":"article","og_title":"ECO-Bomba sumergible para estanque 6500 lph BOYU XL-6500T. | Acuario Supremus","og_description":"BOYU XL es una bomba ECO de septima generaci\u00f3n dise\u00f1ada para estanques, aunque puede ser usada en cualquier acuario o sistema de agua dulce o salada.","og_url":"https:\/\/acuariosupremus.com\/?product=eco-bomba-sumergible-para-estanque-6500-lph-boyu-xl-6500t","og_site_name":"Acuario Supremus","article_publisher":"https:\/\/www.facebook.com\/AcuarioSupremus","article_modified_time":"2025-12-24T23:41:18+00:00","og_image":[{"width":1250,"height":1250,"url":"https:\/\/acuariosupremus.com\/wp-content\/uploads\/2025\/05\/bomba_circulacion_xl-t_01.jpg","type":"image\/jpeg"}],"twitter_card":"summary_large_image","twitter_site":"@AcuarioSupremus","twitter_misc":{"Tiempo de lectura":"1 minuto"},"schema":{"@context":"https:\/\/schema.org","@graph":[{"@type":"WebPage","@id":"https:\/\/acuariosupremus.com\/?product=eco-bomba-sumergible-para-estanque-6500-lph-boyu-xl-6500t","url":"https:\/\/acuariosupremus.com\/?product=eco-bomba-sumergible-para-estanque-6500-lph-boyu-xl-6500t","name":"ECO-Bomba sumergible para estanque 6500 lph BOYU XL-6500T. | Acuario Supremus","isPartOf":{"@id":"https:\/\/acuariosupremus.com\/#website"},"primaryImageOfPage":{"@id":"https:\/\/acuariosupremus.com\/?product=eco-bomba-sumergible-para-estanque-6500-lph-boyu-xl-6500t#primaryimage"},"image":{"@id":"https:\/\/acuariosupremus.com\/?product=eco-bomba-sumergible-para-estanque-6500-lph-boyu-xl-6500t#primaryimage"},"thumbnailUrl":"https:\/\/acuariosupremus.com\/wp-content\/uploads\/2025\/05\/bomba_circulacion_xl-t_01.jpg","datePublished":"2025-05-21T20:25:52+00:00","dateModified":"2025-12-24T23:41:18+00:00","description":"BOYU XL es una bomba ECO de septima generaci\u00f3n dise\u00f1ada para estanques, aunque puede ser usada en cualquier acuario o sistema de agua dulce o salada.","breadcrumb":{"@id":"https:\/\/acuariosupremus.com\/?product=eco-bomba-sumergible-para-estanque-6500-lph-boyu-xl-6500t#breadcrumb"},"inLanguage":"es","potentialAction":[{"@type":"ReadAction","target":["https:\/\/acuariosupremus.com\/?product=eco-bomba-sumergible-para-estanque-6500-lph-boyu-xl-6500t"]}]},{"@type":"ImageObject","inLanguage":"es","@id":"https:\/\/acuariosupremus.com\/?product=eco-bomba-sumergible-para-estanque-6500-lph-boyu-xl-6500t#primaryimage","url":"https:\/\/acuariosupremus.com\/wp-content\/uploads\/2025\/05\/bomba_circulacion_xl-t_01.jpg","contentUrl":"https:\/\/acuariosupremus.com\/wp-content\/uploads\/2025\/05\/bomba_circulacion_xl-t_01.jpg","width":1250,"height":1250},{"@type":"BreadcrumbList","@id":"https:\/\/acuariosupremus.com\/?product=eco-bomba-sumergible-para-estanque-6500-lph-boyu-xl-6500t#breadcrumb","itemListElement":[{"@type":"ListItem","position":1,"name":"Portada","item":"https:\/\/acuariosupremus.com\/"},{"@type":"ListItem","position":2,"name":"Tienda","item":"https:\/\/acuariosupremus.com\/tienda\/"},{"@type":"ListItem","position":3,"name":"ECO-Bomba sumergible para estanque 6500 lph BOYU XL-6500T."}]},{"@type":"WebSite","@id":"https:\/\/acuariosupremus.com\/#website","url":"https:\/\/acuariosupremus.com\/","name":"Acuario Supremus","description":"Peces, Peceras y Mascotas.","publisher":{"@id":"https:\/\/acuariosupremus.com\/#organization"},"potentialAction":[{"@type":"SearchAction","target":{"@type":"EntryPoint","urlTemplate":"https:\/\/acuariosupremus.com\/?s={search_term_string}"},"query-input":{"@type":"PropertyValueSpecification","valueRequired":true,"valueName":"search_term_string"}}],"inLanguage":"es"},{"@type":"Organization","@id":"https:\/\/acuariosupremus.com\/#organization","name":"Acuario Supremus","url":"https:\/\/acuariosupremus.com\/","logo":{"@type":"ImageObject","inLanguage":"es","@id":"https:\/\/acuariosupremus.com\/#\/schema\/logo\/image\/","url":"https:\/\/acuariosupremus.com\/wp-content\/uploads\/2021\/12\/cropped-logo_acuario_supremus_fn-2.png","contentUrl":"https:\/\/acuariosupremus.com\/wp-content\/uploads\/2021\/12\/cropped-logo_acuario_supremus_fn-2.png","width":1000,"height":318,"caption":"Acuario Supremus"},"image":{"@id":"https:\/\/acuariosupremus.com\/#\/schema\/logo\/image\/"},"sameAs":["https:\/\/www.facebook.com\/AcuarioSupremus","https:\/\/x.com\/AcuarioSupremus","https:\/\/www.instagram.com\/acuariosupremus\/?hl=es"]}]}},"jetpack_sharing_enabled":true,"_links":{"self":[{"href":"https:\/\/acuariosupremus.com\/index.php?rest_route=\/wp\/v2\/product\/13749","targetHints":{"allow":["GET"]}}],"collection":[{"href":"https:\/\/acuariosupremus.com\/index.php?rest_route=\/wp\/v2\/product"}],"about":[{"href":"https:\/\/acuariosupremus.com\/index.php?rest_route=\/wp\/v2\/types\/product"}],"wp:featuredmedia":[{"embeddable":true,"href":"https:\/\/acuariosupremus.com\/index.php?rest_route=\/wp\/v2\/media\/13738"}],"wp:attachment":[{"href":"https:\/\/acuariosupremus.com\/index.php?rest_route=%2Fwp%2Fv2%2Fmedia&parent=13749"}],"wp:term":[{"taxonomy":"product_brand","embeddable":true,"href":"https:\/\/acuariosupremus.com\/index.php?rest_route=%2Fwp%2Fv2%2Fproduct_brand&post=13749"},{"taxonomy":"product_cat","embeddable":true,"href":"https:\/\/acuariosupremus.com\/index.php?rest_route=%2Fwp%2Fv2%2Fproduct_cat&post=13749"},{"taxonomy":"product_tag","embeddable":true,"href":"https:\/\/acuariosupremus.com\/index.php?rest_route=%2Fwp%2Fv2%2Fproduct_tag&post=13749"}],"curies":[{"name":"wp","href":"https:\/\/api.w.org\/{rel}","templated":true}]}}