{"id":13792,"date":"2025-05-21T16:03:38","date_gmt":"2025-05-21T22:03:38","guid":{"rendered":"https:\/\/acuariosupremus.com\/?post_type=product&#038;p=13792"},"modified":"2025-12-30T16:18:36","modified_gmt":"2025-12-30T22:18:36","slug":"tijeras-de-acero-inoxidable-doble-curva","status":"publish","type":"product","link":"https:\/\/acuariosupremus.com\/?product=tijeras-de-acero-inoxidable-doble-curva","title":{"rendered":"Tijeras de acero inoxidable doble curva"},"content":{"rendered":"<p><span class=\"fontstyle0\">En los acuarios de arrecife son muy \u00fatiles para cortar o \u201cpodar\u201d corales blandos para la producci\u00f3n de fragmentos o con el objeto de mantener su forma y preservar la separaci\u00f3n entre corales con un \u00e1ngulo \u00f3ptimo. Es una herramienta profesional indispensable para cualquier acuarista avanzado.<\/span><\/p>\n<p>Tipo de punta: Curva,\u00a0 Apertura m\u00e1xima: 55(mm.) Longitud de la punta: 70 (mm.) Construcci\u00f3n:\u00a0 Acero INOX (material) Peso: 65 (grs.) Peso con embalaje: 80 (grs.)\u00a0 Medidas: 200 x 52 x 23 (mm) Medidas con embalaje: 260 x 80 x 30 (mm).<\/p>\n","protected":false},"excerpt":{"rendered":"<p><span class=\"fontstyle0\">Tijeras con doble curva en acero inoxidable de gran precisi\u00f3n. Esta herramienta de calidad Premium es ideal para la poda en el mantenimiento regular de plantas acu\u00e1ticas. Su dise\u00f1o de doble curvado permite la poda de plantas tapizantes y bajas, permitiendo realizar cortes precisos en \u00e1ngulos totalmente horizontales de la forma m\u00e1s c\u00f3moda posible<\/span><\/p>\n","protected":false},"featured_media":13793,"template":"","meta":[],"product_brand":[127],"product_cat":[40,56],"product_tag":[540],"class_list":{"0":"post-13792","1":"product","2":"type-product","3":"status-publish","4":"has-post-thumbnail","6":"product_brand-ista","7":"product_cat-peces","8":"product_cat-plantas-naturales","9":"product_tag-tijeras-corales-y-plantas","11":"first","12":"instock","13":"sale","14":"shipping-taxable","15":"purchasable","16":"product-type-simple"},"yoast_head":"<!-- This site is optimized with the Yoast SEO plugin v27.4 - https:\/\/yoast.com\/product\/yoast-seo-wordpress\/ -->\n<title>Tijeras de acero inoxidable doble curva | Acuario Supremus<\/title>\n<meta name=\"description\" content=\"Tijeras con doble curva en acero inoxidable de gran precisi\u00f3n de calidad Premium es ideal para la poda en el mantenimiento regular de plantas acu\u00e1ticas.\" \/>\n<meta name=\"robots\" content=\"index, follow, max-snippet:-1, max-image-preview:large, max-video-preview:-1\" \/>\n<link rel=\"canonical\" href=\"https:\/\/acuariosupremus.com\/?product=tijeras-de-acero-inoxidable-doble-curva\" \/>\n<meta property=\"og:locale\" content=\"es_MX\" \/>\n<meta property=\"og:type\" content=\"article\" \/>\n<meta property=\"og:title\" content=\"Tijeras de acero inoxidable doble curva | Acuario Supremus\" \/>\n<meta property=\"og:description\" content=\"Tijeras con doble curva en acero inoxidable de gran precisi\u00f3n de calidad Premium es ideal para la poda en el mantenimiento regular de plantas acu\u00e1ticas.\" \/>\n<meta property=\"og:url\" content=\"https:\/\/acuariosupremus.com\/?product=tijeras-de-acero-inoxidable-doble-curva\" \/>\n<meta property=\"og:site_name\" content=\"Acuario Supremus\" \/>\n<meta property=\"article:publisher\" content=\"https:\/\/www.facebook.com\/AcuarioSupremus\" \/>\n<meta property=\"article:modified_time\" content=\"2025-12-30T22:18:36+00:00\" \/>\n<meta property=\"og:image\" content=\"https:\/\/acuariosupremus.com\/wp-content\/uploads\/2025\/05\/if-495_tijeras_doble_curva_ista_02.jpg\" \/>\n\t<meta property=\"og:image:width\" content=\"1250\" \/>\n\t<meta property=\"og:image:height\" content=\"1250\" \/>\n\t<meta property=\"og:image:type\" content=\"image\/jpeg\" \/>\n<meta name=\"twitter:card\" content=\"summary_large_image\" \/>\n<meta name=\"twitter:site\" content=\"@AcuarioSupremus\" \/>\n<meta name=\"twitter:label1\" content=\"Tiempo de lectura\" \/>\n\t<meta name=\"twitter:data1\" content=\"1 minuto\" \/>\n<script type=\"application\/ld+json\" class=\"yoast-schema-graph\">{\"@context\":\"https:\\\/\\\/schema.org\",\"@graph\":[{\"@type\":\"WebPage\",\"@id\":\"https:\\\/\\\/acuariosupremus.com\\\/?product=tijeras-de-acero-inoxidable-doble-curva\",\"url\":\"https:\\\/\\\/acuariosupremus.com\\\/?product=tijeras-de-acero-inoxidable-doble-curva\",\"name\":\"Tijeras de acero inoxidable doble curva | Acuario Supremus\",\"isPartOf\":{\"@id\":\"https:\\\/\\\/acuariosupremus.com\\\/#website\"},\"primaryImageOfPage\":{\"@id\":\"https:\\\/\\\/acuariosupremus.com\\\/?product=tijeras-de-acero-inoxidable-doble-curva#primaryimage\"},\"image\":{\"@id\":\"https:\\\/\\\/acuariosupremus.com\\\/?product=tijeras-de-acero-inoxidable-doble-curva#primaryimage\"},\"thumbnailUrl\":\"https:\\\/\\\/acuariosupremus.com\\\/wp-content\\\/uploads\\\/2025\\\/05\\\/if-495_tijeras_doble_curva_ista_02.jpg\",\"datePublished\":\"2025-05-21T22:03:38+00:00\",\"dateModified\":\"2025-12-30T22:18:36+00:00\",\"description\":\"Tijeras con doble curva en acero inoxidable de gran precisi\u00f3n de calidad Premium es ideal para la poda en el mantenimiento regular de plantas acu\u00e1ticas.\",\"breadcrumb\":{\"@id\":\"https:\\\/\\\/acuariosupremus.com\\\/?product=tijeras-de-acero-inoxidable-doble-curva#breadcrumb\"},\"inLanguage\":\"es\",\"potentialAction\":[{\"@type\":\"ReadAction\",\"target\":[\"https:\\\/\\\/acuariosupremus.com\\\/?product=tijeras-de-acero-inoxidable-doble-curva\"]}]},{\"@type\":\"ImageObject\",\"inLanguage\":\"es\",\"@id\":\"https:\\\/\\\/acuariosupremus.com\\\/?product=tijeras-de-acero-inoxidable-doble-curva#primaryimage\",\"url\":\"https:\\\/\\\/acuariosupremus.com\\\/wp-content\\\/uploads\\\/2025\\\/05\\\/if-495_tijeras_doble_curva_ista_02.jpg\",\"contentUrl\":\"https:\\\/\\\/acuariosupremus.com\\\/wp-content\\\/uploads\\\/2025\\\/05\\\/if-495_tijeras_doble_curva_ista_02.jpg\",\"width\":1250,\"height\":1250},{\"@type\":\"BreadcrumbList\",\"@id\":\"https:\\\/\\\/acuariosupremus.com\\\/?product=tijeras-de-acero-inoxidable-doble-curva#breadcrumb\",\"itemListElement\":[{\"@type\":\"ListItem\",\"position\":1,\"name\":\"Portada\",\"item\":\"https:\\\/\\\/acuariosupremus.com\\\/\"},{\"@type\":\"ListItem\",\"position\":2,\"name\":\"Tienda\",\"item\":\"https:\\\/\\\/acuariosupremus.com\\\/tienda\\\/\"},{\"@type\":\"ListItem\",\"position\":3,\"name\":\"Tijeras de acero inoxidable doble curva\"}]},{\"@type\":\"WebSite\",\"@id\":\"https:\\\/\\\/acuariosupremus.com\\\/#website\",\"url\":\"https:\\\/\\\/acuariosupremus.com\\\/\",\"name\":\"Acuario Supremus\",\"description\":\"Peces, Peceras y Mascotas.\",\"publisher\":{\"@id\":\"https:\\\/\\\/acuariosupremus.com\\\/#organization\"},\"potentialAction\":[{\"@type\":\"SearchAction\",\"target\":{\"@type\":\"EntryPoint\",\"urlTemplate\":\"https:\\\/\\\/acuariosupremus.com\\\/?s={search_term_string}\"},\"query-input\":{\"@type\":\"PropertyValueSpecification\",\"valueRequired\":true,\"valueName\":\"search_term_string\"}}],\"inLanguage\":\"es\"},{\"@type\":\"Organization\",\"@id\":\"https:\\\/\\\/acuariosupremus.com\\\/#organization\",\"name\":\"Acuario Supremus\",\"url\":\"https:\\\/\\\/acuariosupremus.com\\\/\",\"logo\":{\"@type\":\"ImageObject\",\"inLanguage\":\"es\",\"@id\":\"https:\\\/\\\/acuariosupremus.com\\\/#\\\/schema\\\/logo\\\/image\\\/\",\"url\":\"https:\\\/\\\/acuariosupremus.com\\\/wp-content\\\/uploads\\\/2021\\\/12\\\/cropped-logo_acuario_supremus_fn-2.png\",\"contentUrl\":\"https:\\\/\\\/acuariosupremus.com\\\/wp-content\\\/uploads\\\/2021\\\/12\\\/cropped-logo_acuario_supremus_fn-2.png\",\"width\":1000,\"height\":318,\"caption\":\"Acuario Supremus\"},\"image\":{\"@id\":\"https:\\\/\\\/acuariosupremus.com\\\/#\\\/schema\\\/logo\\\/image\\\/\"},\"sameAs\":[\"https:\\\/\\\/www.facebook.com\\\/AcuarioSupremus\",\"https:\\\/\\\/x.com\\\/AcuarioSupremus\",\"https:\\\/\\\/www.instagram.com\\\/acuariosupremus\\\/?hl=es\"]}]}<\/script>\n<!-- \/ Yoast SEO plugin. -->","yoast_head_json":{"title":"Tijeras de acero inoxidable doble curva | Acuario Supremus","description":"Tijeras con doble curva en acero inoxidable de gran precisi\u00f3n de calidad Premium es ideal para la poda en el mantenimiento regular de plantas acu\u00e1ticas.","robots":{"index":"index","follow":"follow","max-snippet":"max-snippet:-1","max-image-preview":"max-image-preview:large","max-video-preview":"max-video-preview:-1"},"canonical":"https:\/\/acuariosupremus.com\/?product=tijeras-de-acero-inoxidable-doble-curva","og_locale":"es_MX","og_type":"article","og_title":"Tijeras de acero inoxidable doble curva | Acuario Supremus","og_description":"Tijeras con doble curva en acero inoxidable de gran precisi\u00f3n de calidad Premium es ideal para la poda en el mantenimiento regular de plantas acu\u00e1ticas.","og_url":"https:\/\/acuariosupremus.com\/?product=tijeras-de-acero-inoxidable-doble-curva","og_site_name":"Acuario Supremus","article_publisher":"https:\/\/www.facebook.com\/AcuarioSupremus","article_modified_time":"2025-12-30T22:18:36+00:00","og_image":[{"width":1250,"height":1250,"url":"https:\/\/acuariosupremus.com\/wp-content\/uploads\/2025\/05\/if-495_tijeras_doble_curva_ista_02.jpg","type":"image\/jpeg"}],"twitter_card":"summary_large_image","twitter_site":"@AcuarioSupremus","twitter_misc":{"Tiempo de lectura":"1 minuto"},"schema":{"@context":"https:\/\/schema.org","@graph":[{"@type":"WebPage","@id":"https:\/\/acuariosupremus.com\/?product=tijeras-de-acero-inoxidable-doble-curva","url":"https:\/\/acuariosupremus.com\/?product=tijeras-de-acero-inoxidable-doble-curva","name":"Tijeras de acero inoxidable doble curva | Acuario Supremus","isPartOf":{"@id":"https:\/\/acuariosupremus.com\/#website"},"primaryImageOfPage":{"@id":"https:\/\/acuariosupremus.com\/?product=tijeras-de-acero-inoxidable-doble-curva#primaryimage"},"image":{"@id":"https:\/\/acuariosupremus.com\/?product=tijeras-de-acero-inoxidable-doble-curva#primaryimage"},"thumbnailUrl":"https:\/\/acuariosupremus.com\/wp-content\/uploads\/2025\/05\/if-495_tijeras_doble_curva_ista_02.jpg","datePublished":"2025-05-21T22:03:38+00:00","dateModified":"2025-12-30T22:18:36+00:00","description":"Tijeras con doble curva en acero inoxidable de gran precisi\u00f3n de calidad Premium es ideal para la poda en el mantenimiento regular de plantas acu\u00e1ticas.","breadcrumb":{"@id":"https:\/\/acuariosupremus.com\/?product=tijeras-de-acero-inoxidable-doble-curva#breadcrumb"},"inLanguage":"es","potentialAction":[{"@type":"ReadAction","target":["https:\/\/acuariosupremus.com\/?product=tijeras-de-acero-inoxidable-doble-curva"]}]},{"@type":"ImageObject","inLanguage":"es","@id":"https:\/\/acuariosupremus.com\/?product=tijeras-de-acero-inoxidable-doble-curva#primaryimage","url":"https:\/\/acuariosupremus.com\/wp-content\/uploads\/2025\/05\/if-495_tijeras_doble_curva_ista_02.jpg","contentUrl":"https:\/\/acuariosupremus.com\/wp-content\/uploads\/2025\/05\/if-495_tijeras_doble_curva_ista_02.jpg","width":1250,"height":1250},{"@type":"BreadcrumbList","@id":"https:\/\/acuariosupremus.com\/?product=tijeras-de-acero-inoxidable-doble-curva#breadcrumb","itemListElement":[{"@type":"ListItem","position":1,"name":"Portada","item":"https:\/\/acuariosupremus.com\/"},{"@type":"ListItem","position":2,"name":"Tienda","item":"https:\/\/acuariosupremus.com\/tienda\/"},{"@type":"ListItem","position":3,"name":"Tijeras de acero inoxidable doble curva"}]},{"@type":"WebSite","@id":"https:\/\/acuariosupremus.com\/#website","url":"https:\/\/acuariosupremus.com\/","name":"Acuario Supremus","description":"Peces, Peceras y Mascotas.","publisher":{"@id":"https:\/\/acuariosupremus.com\/#organization"},"potentialAction":[{"@type":"SearchAction","target":{"@type":"EntryPoint","urlTemplate":"https:\/\/acuariosupremus.com\/?s={search_term_string}"},"query-input":{"@type":"PropertyValueSpecification","valueRequired":true,"valueName":"search_term_string"}}],"inLanguage":"es"},{"@type":"Organization","@id":"https:\/\/acuariosupremus.com\/#organization","name":"Acuario Supremus","url":"https:\/\/acuariosupremus.com\/","logo":{"@type":"ImageObject","inLanguage":"es","@id":"https:\/\/acuariosupremus.com\/#\/schema\/logo\/image\/","url":"https:\/\/acuariosupremus.com\/wp-content\/uploads\/2021\/12\/cropped-logo_acuario_supremus_fn-2.png","contentUrl":"https:\/\/acuariosupremus.com\/wp-content\/uploads\/2021\/12\/cropped-logo_acuario_supremus_fn-2.png","width":1000,"height":318,"caption":"Acuario Supremus"},"image":{"@id":"https:\/\/acuariosupremus.com\/#\/schema\/logo\/image\/"},"sameAs":["https:\/\/www.facebook.com\/AcuarioSupremus","https:\/\/x.com\/AcuarioSupremus","https:\/\/www.instagram.com\/acuariosupremus\/?hl=es"]}]}},"jetpack_sharing_enabled":true,"_links":{"self":[{"href":"https:\/\/acuariosupremus.com\/index.php?rest_route=\/wp\/v2\/product\/13792","targetHints":{"allow":["GET"]}}],"collection":[{"href":"https:\/\/acuariosupremus.com\/index.php?rest_route=\/wp\/v2\/product"}],"about":[{"href":"https:\/\/acuariosupremus.com\/index.php?rest_route=\/wp\/v2\/types\/product"}],"wp:featuredmedia":[{"embeddable":true,"href":"https:\/\/acuariosupremus.com\/index.php?rest_route=\/wp\/v2\/media\/13793"}],"wp:attachment":[{"href":"https:\/\/acuariosupremus.com\/index.php?rest_route=%2Fwp%2Fv2%2Fmedia&parent=13792"}],"wp:term":[{"taxonomy":"product_brand","embeddable":true,"href":"https:\/\/acuariosupremus.com\/index.php?rest_route=%2Fwp%2Fv2%2Fproduct_brand&post=13792"},{"taxonomy":"product_cat","embeddable":true,"href":"https:\/\/acuariosupremus.com\/index.php?rest_route=%2Fwp%2Fv2%2Fproduct_cat&post=13792"},{"taxonomy":"product_tag","embeddable":true,"href":"https:\/\/acuariosupremus.com\/index.php?rest_route=%2Fwp%2Fv2%2Fproduct_tag&post=13792"}],"curies":[{"name":"wp","href":"https:\/\/api.w.org\/{rel}","templated":true}]}}