{"id":13800,"date":"2025-05-21T16:15:29","date_gmt":"2025-05-21T22:15:29","guid":{"rendered":"https:\/\/acuariosupremus.com\/?post_type=product&#038;p=13800"},"modified":"2025-12-30T16:29:04","modified_gmt":"2025-12-30T22:29:04","slug":"mini-glass-spray-para-manguera-de-filtro-12-mm","status":"publish","type":"product","link":"https:\/\/acuariosupremus.com\/?product=mini-glass-spray-para-manguera-de-filtro-12-mm","title":{"rendered":"Mini Glass spray para manguera de filtro 12 mm"},"content":{"rendered":"<p><span class=\"fontstyle0\">Su dise\u00f1o compacto, reducido y poco invasivo lo convierte en una pieza ideal para acuarios peque\u00f1os o de escasa profundidad, mientras que su aspecto minimalista y absolutamente transparente encaja a la perfecci\u00f3n con la decoraci\u00f3n de cualquier acuario plantado. Esta l\u00ednea est\u00e1 dise\u00f1ada para conectarse a mangueras de 12 mm de di\u00e1metro.<\/span><\/p>\n<p>Para manqueras De: 12 (\u00d8mm) Medidas aspiraci\u00f3n 165 x 65 x 32 (l x a x h mm) Medidas expulsi\u00f3n\u00a0 165 x 180 x 32 (l x a x h mm) Medidas con embalaje 167 x 72 x 108 (mm) Peso 80 (grs.) Peso con embalaje 220(grs.), <span class=\"fontstyle0\">Caudal m\u00e1ximo recomendado: 600 (l\/h).<\/span><\/p>\n<p>&nbsp;<\/p>\n<p>&nbsp;<\/p>\n","protected":false},"excerpt":{"rendered":"<p><span class=\"fontstyle0\">\u201cMini Glass Spray Bar Set\u201d es un conjunto de dos tuber\u00edas en vidrio curvado a mano con calidad Premium. Este set de aspiraci\u00f3n y expulsi\u00f3n para filtros canister es perfecto para ser instalado en acuarios plantados, ya que combina discreci\u00f3n, elegancia y aspecto profesional en un solo producto. A pesar de la fragilidad que puede presentar el vidrio contra golpes accidentales o ca\u00eddas, este material presenta la ventaja de ofrecer un aspecto impecable y transparente tras una breve limpieza, quedando siempre \u201cinvisibles\u201d en nuestro paisaje acu\u00e1tico. Los materiales pl\u00e1sticos son m\u00e1s resistentes contra impactos, aunque tienden a rayarse y a reaccionar al ox\u00edgeno y la luz, oxid\u00e1ndose y opac\u00e1ndose en pocos meses.<\/span><\/p>\n","protected":false},"featured_media":13801,"template":"","meta":[],"product_brand":[127],"product_cat":[40,56],"product_tag":[907],"class_list":{"0":"post-13800","1":"product","2":"type-product","3":"status-publish","4":"has-post-thumbnail","6":"product_brand-ista","7":"product_cat-peces","8":"product_cat-plantas-naturales","9":"product_tag-lily-pipe-sencillo-de-cristal","11":"first","12":"instock","13":"sale","14":"shipping-taxable","15":"purchasable","16":"product-type-simple"},"yoast_head":"<!-- This site is optimized with the Yoast SEO plugin v27.4 - https:\/\/yoast.com\/product\/yoast-seo-wordpress\/ -->\n<title>Mini Glass spray para manguera de filtro 12 mm | Acuario Supremus<\/title>\n<meta name=\"description\" content=\"\u201cMini Glass Spray Bar Set\u201d es un set de dos tuber\u00edas en vidrio curvado a mano con calidad Premium. Es perfecto para ser usado en los acuarios plantados.\" \/>\n<meta name=\"robots\" content=\"index, follow, max-snippet:-1, max-image-preview:large, max-video-preview:-1\" \/>\n<link rel=\"canonical\" href=\"https:\/\/acuariosupremus.com\/?product=mini-glass-spray-para-manguera-de-filtro-12-mm\" \/>\n<meta property=\"og:locale\" content=\"es_MX\" \/>\n<meta property=\"og:type\" content=\"article\" \/>\n<meta property=\"og:title\" content=\"Mini Glass spray para manguera de filtro 12 mm | Acuario Supremus\" \/>\n<meta property=\"og:description\" content=\"\u201cMini Glass Spray Bar Set\u201d es un set de dos tuber\u00edas en vidrio curvado a mano con calidad Premium. Es perfecto para ser usado en los acuarios plantados.\" \/>\n<meta property=\"og:url\" content=\"https:\/\/acuariosupremus.com\/?product=mini-glass-spray-para-manguera-de-filtro-12-mm\" \/>\n<meta property=\"og:site_name\" content=\"Acuario Supremus\" \/>\n<meta property=\"article:publisher\" content=\"https:\/\/www.facebook.com\/AcuarioSupremus\" \/>\n<meta property=\"article:modified_time\" content=\"2025-12-30T22:29:04+00:00\" \/>\n<meta property=\"og:image\" content=\"https:\/\/acuariosupremus.com\/wp-content\/uploads\/2025\/05\/if-738_mini_glass_spray_bar_set_ista_01.jpg\" \/>\n\t<meta property=\"og:image:width\" content=\"1500\" \/>\n\t<meta property=\"og:image:height\" content=\"1500\" \/>\n\t<meta property=\"og:image:type\" content=\"image\/jpeg\" \/>\n<meta name=\"twitter:card\" content=\"summary_large_image\" \/>\n<meta name=\"twitter:site\" content=\"@AcuarioSupremus\" \/>\n<meta name=\"twitter:label1\" content=\"Tiempo de lectura\" \/>\n\t<meta name=\"twitter:data1\" content=\"1 minuto\" \/>\n<script type=\"application\/ld+json\" class=\"yoast-schema-graph\">{\"@context\":\"https:\\\/\\\/schema.org\",\"@graph\":[{\"@type\":\"WebPage\",\"@id\":\"https:\\\/\\\/acuariosupremus.com\\\/?product=mini-glass-spray-para-manguera-de-filtro-12-mm\",\"url\":\"https:\\\/\\\/acuariosupremus.com\\\/?product=mini-glass-spray-para-manguera-de-filtro-12-mm\",\"name\":\"Mini Glass spray para manguera de filtro 12 mm | Acuario Supremus\",\"isPartOf\":{\"@id\":\"https:\\\/\\\/acuariosupremus.com\\\/#website\"},\"primaryImageOfPage\":{\"@id\":\"https:\\\/\\\/acuariosupremus.com\\\/?product=mini-glass-spray-para-manguera-de-filtro-12-mm#primaryimage\"},\"image\":{\"@id\":\"https:\\\/\\\/acuariosupremus.com\\\/?product=mini-glass-spray-para-manguera-de-filtro-12-mm#primaryimage\"},\"thumbnailUrl\":\"https:\\\/\\\/acuariosupremus.com\\\/wp-content\\\/uploads\\\/2025\\\/05\\\/if-738_mini_glass_spray_bar_set_ista_01.jpg\",\"datePublished\":\"2025-05-21T22:15:29+00:00\",\"dateModified\":\"2025-12-30T22:29:04+00:00\",\"description\":\"\u201cMini Glass Spray Bar Set\u201d es un set de dos tuber\u00edas en vidrio curvado a mano con calidad Premium. Es perfecto para ser usado en los acuarios plantados.\",\"breadcrumb\":{\"@id\":\"https:\\\/\\\/acuariosupremus.com\\\/?product=mini-glass-spray-para-manguera-de-filtro-12-mm#breadcrumb\"},\"inLanguage\":\"es\",\"potentialAction\":[{\"@type\":\"ReadAction\",\"target\":[\"https:\\\/\\\/acuariosupremus.com\\\/?product=mini-glass-spray-para-manguera-de-filtro-12-mm\"]}]},{\"@type\":\"ImageObject\",\"inLanguage\":\"es\",\"@id\":\"https:\\\/\\\/acuariosupremus.com\\\/?product=mini-glass-spray-para-manguera-de-filtro-12-mm#primaryimage\",\"url\":\"https:\\\/\\\/acuariosupremus.com\\\/wp-content\\\/uploads\\\/2025\\\/05\\\/if-738_mini_glass_spray_bar_set_ista_01.jpg\",\"contentUrl\":\"https:\\\/\\\/acuariosupremus.com\\\/wp-content\\\/uploads\\\/2025\\\/05\\\/if-738_mini_glass_spray_bar_set_ista_01.jpg\",\"width\":1500,\"height\":1500},{\"@type\":\"BreadcrumbList\",\"@id\":\"https:\\\/\\\/acuariosupremus.com\\\/?product=mini-glass-spray-para-manguera-de-filtro-12-mm#breadcrumb\",\"itemListElement\":[{\"@type\":\"ListItem\",\"position\":1,\"name\":\"Portada\",\"item\":\"https:\\\/\\\/acuariosupremus.com\\\/\"},{\"@type\":\"ListItem\",\"position\":2,\"name\":\"Tienda\",\"item\":\"https:\\\/\\\/acuariosupremus.com\\\/tienda\\\/\"},{\"@type\":\"ListItem\",\"position\":3,\"name\":\"Mini Glass spray para manguera de filtro 12 mm\"}]},{\"@type\":\"WebSite\",\"@id\":\"https:\\\/\\\/acuariosupremus.com\\\/#website\",\"url\":\"https:\\\/\\\/acuariosupremus.com\\\/\",\"name\":\"Acuario Supremus\",\"description\":\"Peces, Peceras y Mascotas.\",\"publisher\":{\"@id\":\"https:\\\/\\\/acuariosupremus.com\\\/#organization\"},\"potentialAction\":[{\"@type\":\"SearchAction\",\"target\":{\"@type\":\"EntryPoint\",\"urlTemplate\":\"https:\\\/\\\/acuariosupremus.com\\\/?s={search_term_string}\"},\"query-input\":{\"@type\":\"PropertyValueSpecification\",\"valueRequired\":true,\"valueName\":\"search_term_string\"}}],\"inLanguage\":\"es\"},{\"@type\":\"Organization\",\"@id\":\"https:\\\/\\\/acuariosupremus.com\\\/#organization\",\"name\":\"Acuario Supremus\",\"url\":\"https:\\\/\\\/acuariosupremus.com\\\/\",\"logo\":{\"@type\":\"ImageObject\",\"inLanguage\":\"es\",\"@id\":\"https:\\\/\\\/acuariosupremus.com\\\/#\\\/schema\\\/logo\\\/image\\\/\",\"url\":\"https:\\\/\\\/acuariosupremus.com\\\/wp-content\\\/uploads\\\/2021\\\/12\\\/cropped-logo_acuario_supremus_fn-2.png\",\"contentUrl\":\"https:\\\/\\\/acuariosupremus.com\\\/wp-content\\\/uploads\\\/2021\\\/12\\\/cropped-logo_acuario_supremus_fn-2.png\",\"width\":1000,\"height\":318,\"caption\":\"Acuario Supremus\"},\"image\":{\"@id\":\"https:\\\/\\\/acuariosupremus.com\\\/#\\\/schema\\\/logo\\\/image\\\/\"},\"sameAs\":[\"https:\\\/\\\/www.facebook.com\\\/AcuarioSupremus\",\"https:\\\/\\\/x.com\\\/AcuarioSupremus\",\"https:\\\/\\\/www.instagram.com\\\/acuariosupremus\\\/?hl=es\"]}]}<\/script>\n<!-- \/ Yoast SEO plugin. -->","yoast_head_json":{"title":"Mini Glass spray para manguera de filtro 12 mm | Acuario Supremus","description":"\u201cMini Glass Spray Bar Set\u201d es un set de dos tuber\u00edas en vidrio curvado a mano con calidad Premium. Es perfecto para ser usado en los acuarios plantados.","robots":{"index":"index","follow":"follow","max-snippet":"max-snippet:-1","max-image-preview":"max-image-preview:large","max-video-preview":"max-video-preview:-1"},"canonical":"https:\/\/acuariosupremus.com\/?product=mini-glass-spray-para-manguera-de-filtro-12-mm","og_locale":"es_MX","og_type":"article","og_title":"Mini Glass spray para manguera de filtro 12 mm | Acuario Supremus","og_description":"\u201cMini Glass Spray Bar Set\u201d es un set de dos tuber\u00edas en vidrio curvado a mano con calidad Premium. Es perfecto para ser usado en los acuarios plantados.","og_url":"https:\/\/acuariosupremus.com\/?product=mini-glass-spray-para-manguera-de-filtro-12-mm","og_site_name":"Acuario Supremus","article_publisher":"https:\/\/www.facebook.com\/AcuarioSupremus","article_modified_time":"2025-12-30T22:29:04+00:00","og_image":[{"width":1500,"height":1500,"url":"https:\/\/acuariosupremus.com\/wp-content\/uploads\/2025\/05\/if-738_mini_glass_spray_bar_set_ista_01.jpg","type":"image\/jpeg"}],"twitter_card":"summary_large_image","twitter_site":"@AcuarioSupremus","twitter_misc":{"Tiempo de lectura":"1 minuto"},"schema":{"@context":"https:\/\/schema.org","@graph":[{"@type":"WebPage","@id":"https:\/\/acuariosupremus.com\/?product=mini-glass-spray-para-manguera-de-filtro-12-mm","url":"https:\/\/acuariosupremus.com\/?product=mini-glass-spray-para-manguera-de-filtro-12-mm","name":"Mini Glass spray para manguera de filtro 12 mm | Acuario Supremus","isPartOf":{"@id":"https:\/\/acuariosupremus.com\/#website"},"primaryImageOfPage":{"@id":"https:\/\/acuariosupremus.com\/?product=mini-glass-spray-para-manguera-de-filtro-12-mm#primaryimage"},"image":{"@id":"https:\/\/acuariosupremus.com\/?product=mini-glass-spray-para-manguera-de-filtro-12-mm#primaryimage"},"thumbnailUrl":"https:\/\/acuariosupremus.com\/wp-content\/uploads\/2025\/05\/if-738_mini_glass_spray_bar_set_ista_01.jpg","datePublished":"2025-05-21T22:15:29+00:00","dateModified":"2025-12-30T22:29:04+00:00","description":"\u201cMini Glass Spray Bar Set\u201d es un set de dos tuber\u00edas en vidrio curvado a mano con calidad Premium. Es perfecto para ser usado en los acuarios plantados.","breadcrumb":{"@id":"https:\/\/acuariosupremus.com\/?product=mini-glass-spray-para-manguera-de-filtro-12-mm#breadcrumb"},"inLanguage":"es","potentialAction":[{"@type":"ReadAction","target":["https:\/\/acuariosupremus.com\/?product=mini-glass-spray-para-manguera-de-filtro-12-mm"]}]},{"@type":"ImageObject","inLanguage":"es","@id":"https:\/\/acuariosupremus.com\/?product=mini-glass-spray-para-manguera-de-filtro-12-mm#primaryimage","url":"https:\/\/acuariosupremus.com\/wp-content\/uploads\/2025\/05\/if-738_mini_glass_spray_bar_set_ista_01.jpg","contentUrl":"https:\/\/acuariosupremus.com\/wp-content\/uploads\/2025\/05\/if-738_mini_glass_spray_bar_set_ista_01.jpg","width":1500,"height":1500},{"@type":"BreadcrumbList","@id":"https:\/\/acuariosupremus.com\/?product=mini-glass-spray-para-manguera-de-filtro-12-mm#breadcrumb","itemListElement":[{"@type":"ListItem","position":1,"name":"Portada","item":"https:\/\/acuariosupremus.com\/"},{"@type":"ListItem","position":2,"name":"Tienda","item":"https:\/\/acuariosupremus.com\/tienda\/"},{"@type":"ListItem","position":3,"name":"Mini Glass spray para manguera de filtro 12 mm"}]},{"@type":"WebSite","@id":"https:\/\/acuariosupremus.com\/#website","url":"https:\/\/acuariosupremus.com\/","name":"Acuario Supremus","description":"Peces, Peceras y Mascotas.","publisher":{"@id":"https:\/\/acuariosupremus.com\/#organization"},"potentialAction":[{"@type":"SearchAction","target":{"@type":"EntryPoint","urlTemplate":"https:\/\/acuariosupremus.com\/?s={search_term_string}"},"query-input":{"@type":"PropertyValueSpecification","valueRequired":true,"valueName":"search_term_string"}}],"inLanguage":"es"},{"@type":"Organization","@id":"https:\/\/acuariosupremus.com\/#organization","name":"Acuario Supremus","url":"https:\/\/acuariosupremus.com\/","logo":{"@type":"ImageObject","inLanguage":"es","@id":"https:\/\/acuariosupremus.com\/#\/schema\/logo\/image\/","url":"https:\/\/acuariosupremus.com\/wp-content\/uploads\/2021\/12\/cropped-logo_acuario_supremus_fn-2.png","contentUrl":"https:\/\/acuariosupremus.com\/wp-content\/uploads\/2021\/12\/cropped-logo_acuario_supremus_fn-2.png","width":1000,"height":318,"caption":"Acuario Supremus"},"image":{"@id":"https:\/\/acuariosupremus.com\/#\/schema\/logo\/image\/"},"sameAs":["https:\/\/www.facebook.com\/AcuarioSupremus","https:\/\/x.com\/AcuarioSupremus","https:\/\/www.instagram.com\/acuariosupremus\/?hl=es"]}]}},"jetpack_sharing_enabled":true,"_links":{"self":[{"href":"https:\/\/acuariosupremus.com\/index.php?rest_route=\/wp\/v2\/product\/13800","targetHints":{"allow":["GET"]}}],"collection":[{"href":"https:\/\/acuariosupremus.com\/index.php?rest_route=\/wp\/v2\/product"}],"about":[{"href":"https:\/\/acuariosupremus.com\/index.php?rest_route=\/wp\/v2\/types\/product"}],"wp:featuredmedia":[{"embeddable":true,"href":"https:\/\/acuariosupremus.com\/index.php?rest_route=\/wp\/v2\/media\/13801"}],"wp:attachment":[{"href":"https:\/\/acuariosupremus.com\/index.php?rest_route=%2Fwp%2Fv2%2Fmedia&parent=13800"}],"wp:term":[{"taxonomy":"product_brand","embeddable":true,"href":"https:\/\/acuariosupremus.com\/index.php?rest_route=%2Fwp%2Fv2%2Fproduct_brand&post=13800"},{"taxonomy":"product_cat","embeddable":true,"href":"https:\/\/acuariosupremus.com\/index.php?rest_route=%2Fwp%2Fv2%2Fproduct_cat&post=13800"},{"taxonomy":"product_tag","embeddable":true,"href":"https:\/\/acuariosupremus.com\/index.php?rest_route=%2Fwp%2Fv2%2Fproduct_tag&post=13800"}],"curies":[{"name":"wp","href":"https:\/\/api.w.org\/{rel}","templated":true}]}}