{"id":13829,"date":"2025-05-21T19:47:33","date_gmt":"2025-05-22T01:47:33","guid":{"rendered":"https:\/\/acuariosupremus.com\/?post_type=product&#038;p=13829"},"modified":"2025-12-20T19:10:36","modified_gmt":"2025-12-21T01:10:36","slug":"aquavitro-eight-four-150-ml","status":"publish","type":"product","link":"https:\/\/acuariosupremus.com\/?product=aquavitro-eight-four-150-ml","title":{"rendered":"Aquavitro eight.four 150 ml."},"content":{"rendered":"<p>Muchos de los b\u00fafer para acuarios de arrecife fabricados por nuestra competencia son simplemente bicarbonato de Sodio. Estos aditivos tienen un pK de solamente 8.0 en agua salada y simplemente son incapaces de mantener un pH por encima de 8.0. Una baja tasa de pK es causa de una baja proporci\u00f3n del carbonato respecto al bicarbonato. Eight.four\u2122 aporta una relaci\u00f3n carbonato\/bicarbonato adecuada al sistema b\u00fafer, que adem\u00e1s provee un pK de 8.6 el mayor producido en la industria, lo que hace f\u00e1cil mantener un pH de 8.3-8.5.eight.four\u2122 puede elevar el pH en agua salada con seguridad mientras ajusta la alcalinidad. eight.four\u2122 contiene una mezcla concentrada y equilibrada de sales de bicarbonatos y carbonatos dise\u00f1adas para restaurar sistemas tamp\u00f3n descompensados y aumentar la reserva alcalina. Aquavitro \u2122 ofrece otras soluciones designadas a resolver el reto \u00fanico de aumentar el pH en un medio de arrecife. Ions\u2122 resuelve el problema de baja tasa de Magnesio, que es causa de un bajo b\u00fafer de pK y pH. Balance\u2122 resuelve el problema de una inapropiada proporci\u00f3n entre los carbonatos del b\u00fafer. Instrucciones: Use un tap\u00f3n roscado interior (7 ml) por cada 110 Litros (30 galones*) diariamente hasta que el pH se estabilice al nivel deseado.<br \/>\nNota: Cada hilo del tap\u00f3n roscado interior contiene aproximadamente 2 ml. Un tap\u00f3n lleno contiene 49 ml.<br \/>\nLa estabilizaci\u00f3n del pH puede tardar desde un d\u00eda hasta una semana, dependiendo del pH original, alcalinidad, y balance del sistema buffer. A partir de entonces use la dosificaci\u00f3n necesaria para mantener el pH.<\/p>\n<p>capacidad <strong>150 ml.<\/strong><\/p>\n","protected":false},"excerpt":{"rendered":"<p>Eight.four\u2122 aporta una relaci\u00f3n carbonato\/bicarbonato adecuada al sistema b\u00fafer, que adem\u00e1s provee un pK de 8.6 el mayor producido en la industria, lo que hace f\u00e1cil mantener un pH de 8.3-8.5, eight.four\u2122 puede elevar el pH en agua salada con seguridad mientras ajusta la alcalinidad.<\/p>\n","protected":false},"featured_media":13830,"template":"","meta":[],"product_brand":[125],"product_cat":[40,94],"product_tag":[178,532,185],"class_list":{"0":"post-13829","1":"product","2":"type-product","3":"status-publish","4":"has-post-thumbnail","6":"product_brand-aquavitro","7":"product_cat-peces","8":"product_cat-arrecife","9":"product_tag-arrecife","10":"product_tag-fijador-ph-marino","11":"product_tag-peces-marinos","13":"first","14":"instock","15":"sale","16":"shipping-taxable","17":"purchasable","18":"product-type-simple"},"yoast_head":"<!-- This site is optimized with the Yoast SEO plugin v27.4 - https:\/\/yoast.com\/product\/yoast-seo-wordpress\/ -->\n<title>Aquavitro eight.four 150 ml. | Acuario Supremus<\/title>\n<meta name=\"description\" content=\"Eight.four\u2122 aporta una relaci\u00f3n carbonato\/bicarbonato adecuada al sistema b\u00fafer, que adem\u00e1s provee un pK de 8.3-8.5 en agua salada.\" \/>\n<meta name=\"robots\" content=\"index, follow, max-snippet:-1, max-image-preview:large, max-video-preview:-1\" \/>\n<link rel=\"canonical\" href=\"https:\/\/acuariosupremus.com\/?product=aquavitro-eight-four-150-ml\" \/>\n<meta property=\"og:locale\" content=\"es_MX\" \/>\n<meta property=\"og:type\" content=\"article\" \/>\n<meta property=\"og:title\" content=\"Aquavitro eight.four 150 ml. | Acuario Supremus\" \/>\n<meta property=\"og:description\" content=\"Eight.four\u2122 aporta una relaci\u00f3n carbonato\/bicarbonato adecuada al sistema b\u00fafer, que adem\u00e1s provee un pK de 8.3-8.5 en agua salada.\" \/>\n<meta property=\"og:url\" content=\"https:\/\/acuariosupremus.com\/?product=aquavitro-eight-four-150-ml\" \/>\n<meta property=\"og:site_name\" content=\"Acuario Supremus\" \/>\n<meta property=\"article:publisher\" content=\"https:\/\/www.facebook.com\/AcuarioSupremus\" \/>\n<meta property=\"article:modified_time\" content=\"2025-12-21T01:10:36+00:00\" \/>\n<meta property=\"og:image\" content=\"https:\/\/acuariosupremus.com\/wp-content\/uploads\/2025\/05\/aquavitro_eight.four_150ml.jpg\" \/>\n\t<meta property=\"og:image:width\" content=\"1250\" \/>\n\t<meta property=\"og:image:height\" content=\"1250\" \/>\n\t<meta property=\"og:image:type\" content=\"image\/jpeg\" \/>\n<meta name=\"twitter:card\" content=\"summary_large_image\" \/>\n<meta name=\"twitter:site\" content=\"@AcuarioSupremus\" \/>\n<meta name=\"twitter:label1\" content=\"Tiempo de lectura\" \/>\n\t<meta name=\"twitter:data1\" content=\"2 minutos\" \/>\n<script type=\"application\/ld+json\" class=\"yoast-schema-graph\">{\"@context\":\"https:\\\/\\\/schema.org\",\"@graph\":[{\"@type\":\"WebPage\",\"@id\":\"https:\\\/\\\/acuariosupremus.com\\\/?product=aquavitro-eight-four-150-ml\",\"url\":\"https:\\\/\\\/acuariosupremus.com\\\/?product=aquavitro-eight-four-150-ml\",\"name\":\"Aquavitro eight.four 150 ml. | Acuario Supremus\",\"isPartOf\":{\"@id\":\"https:\\\/\\\/acuariosupremus.com\\\/#website\"},\"primaryImageOfPage\":{\"@id\":\"https:\\\/\\\/acuariosupremus.com\\\/?product=aquavitro-eight-four-150-ml#primaryimage\"},\"image\":{\"@id\":\"https:\\\/\\\/acuariosupremus.com\\\/?product=aquavitro-eight-four-150-ml#primaryimage\"},\"thumbnailUrl\":\"https:\\\/\\\/acuariosupremus.com\\\/wp-content\\\/uploads\\\/2025\\\/05\\\/aquavitro_eight.four_150ml.jpg\",\"datePublished\":\"2025-05-22T01:47:33+00:00\",\"dateModified\":\"2025-12-21T01:10:36+00:00\",\"description\":\"Eight.four\u2122 aporta una relaci\u00f3n carbonato\\\/bicarbonato adecuada al sistema b\u00fafer, que adem\u00e1s provee un pK de 8.3-8.5 en agua salada.\",\"breadcrumb\":{\"@id\":\"https:\\\/\\\/acuariosupremus.com\\\/?product=aquavitro-eight-four-150-ml#breadcrumb\"},\"inLanguage\":\"es\",\"potentialAction\":[{\"@type\":\"ReadAction\",\"target\":[\"https:\\\/\\\/acuariosupremus.com\\\/?product=aquavitro-eight-four-150-ml\"]}]},{\"@type\":\"ImageObject\",\"inLanguage\":\"es\",\"@id\":\"https:\\\/\\\/acuariosupremus.com\\\/?product=aquavitro-eight-four-150-ml#primaryimage\",\"url\":\"https:\\\/\\\/acuariosupremus.com\\\/wp-content\\\/uploads\\\/2025\\\/05\\\/aquavitro_eight.four_150ml.jpg\",\"contentUrl\":\"https:\\\/\\\/acuariosupremus.com\\\/wp-content\\\/uploads\\\/2025\\\/05\\\/aquavitro_eight.four_150ml.jpg\",\"width\":1250,\"height\":1250},{\"@type\":\"BreadcrumbList\",\"@id\":\"https:\\\/\\\/acuariosupremus.com\\\/?product=aquavitro-eight-four-150-ml#breadcrumb\",\"itemListElement\":[{\"@type\":\"ListItem\",\"position\":1,\"name\":\"Portada\",\"item\":\"https:\\\/\\\/acuariosupremus.com\\\/\"},{\"@type\":\"ListItem\",\"position\":2,\"name\":\"Tienda\",\"item\":\"https:\\\/\\\/acuariosupremus.com\\\/tienda\\\/\"},{\"@type\":\"ListItem\",\"position\":3,\"name\":\"Aquavitro eight.four 150 ml.\"}]},{\"@type\":\"WebSite\",\"@id\":\"https:\\\/\\\/acuariosupremus.com\\\/#website\",\"url\":\"https:\\\/\\\/acuariosupremus.com\\\/\",\"name\":\"Acuario Supremus\",\"description\":\"Peces, Peceras y Mascotas.\",\"publisher\":{\"@id\":\"https:\\\/\\\/acuariosupremus.com\\\/#organization\"},\"potentialAction\":[{\"@type\":\"SearchAction\",\"target\":{\"@type\":\"EntryPoint\",\"urlTemplate\":\"https:\\\/\\\/acuariosupremus.com\\\/?s={search_term_string}\"},\"query-input\":{\"@type\":\"PropertyValueSpecification\",\"valueRequired\":true,\"valueName\":\"search_term_string\"}}],\"inLanguage\":\"es\"},{\"@type\":\"Organization\",\"@id\":\"https:\\\/\\\/acuariosupremus.com\\\/#organization\",\"name\":\"Acuario Supremus\",\"url\":\"https:\\\/\\\/acuariosupremus.com\\\/\",\"logo\":{\"@type\":\"ImageObject\",\"inLanguage\":\"es\",\"@id\":\"https:\\\/\\\/acuariosupremus.com\\\/#\\\/schema\\\/logo\\\/image\\\/\",\"url\":\"https:\\\/\\\/acuariosupremus.com\\\/wp-content\\\/uploads\\\/2021\\\/12\\\/cropped-logo_acuario_supremus_fn-2.png\",\"contentUrl\":\"https:\\\/\\\/acuariosupremus.com\\\/wp-content\\\/uploads\\\/2021\\\/12\\\/cropped-logo_acuario_supremus_fn-2.png\",\"width\":1000,\"height\":318,\"caption\":\"Acuario Supremus\"},\"image\":{\"@id\":\"https:\\\/\\\/acuariosupremus.com\\\/#\\\/schema\\\/logo\\\/image\\\/\"},\"sameAs\":[\"https:\\\/\\\/www.facebook.com\\\/AcuarioSupremus\",\"https:\\\/\\\/x.com\\\/AcuarioSupremus\",\"https:\\\/\\\/www.instagram.com\\\/acuariosupremus\\\/?hl=es\"]}]}<\/script>\n<!-- \/ Yoast SEO plugin. -->","yoast_head_json":{"title":"Aquavitro eight.four 150 ml. | Acuario Supremus","description":"Eight.four\u2122 aporta una relaci\u00f3n carbonato\/bicarbonato adecuada al sistema b\u00fafer, que adem\u00e1s provee un pK de 8.3-8.5 en agua salada.","robots":{"index":"index","follow":"follow","max-snippet":"max-snippet:-1","max-image-preview":"max-image-preview:large","max-video-preview":"max-video-preview:-1"},"canonical":"https:\/\/acuariosupremus.com\/?product=aquavitro-eight-four-150-ml","og_locale":"es_MX","og_type":"article","og_title":"Aquavitro eight.four 150 ml. | Acuario Supremus","og_description":"Eight.four\u2122 aporta una relaci\u00f3n carbonato\/bicarbonato adecuada al sistema b\u00fafer, que adem\u00e1s provee un pK de 8.3-8.5 en agua salada.","og_url":"https:\/\/acuariosupremus.com\/?product=aquavitro-eight-four-150-ml","og_site_name":"Acuario Supremus","article_publisher":"https:\/\/www.facebook.com\/AcuarioSupremus","article_modified_time":"2025-12-21T01:10:36+00:00","og_image":[{"width":1250,"height":1250,"url":"https:\/\/acuariosupremus.com\/wp-content\/uploads\/2025\/05\/aquavitro_eight.four_150ml.jpg","type":"image\/jpeg"}],"twitter_card":"summary_large_image","twitter_site":"@AcuarioSupremus","twitter_misc":{"Tiempo de lectura":"2 minutos"},"schema":{"@context":"https:\/\/schema.org","@graph":[{"@type":"WebPage","@id":"https:\/\/acuariosupremus.com\/?product=aquavitro-eight-four-150-ml","url":"https:\/\/acuariosupremus.com\/?product=aquavitro-eight-four-150-ml","name":"Aquavitro eight.four 150 ml. | Acuario Supremus","isPartOf":{"@id":"https:\/\/acuariosupremus.com\/#website"},"primaryImageOfPage":{"@id":"https:\/\/acuariosupremus.com\/?product=aquavitro-eight-four-150-ml#primaryimage"},"image":{"@id":"https:\/\/acuariosupremus.com\/?product=aquavitro-eight-four-150-ml#primaryimage"},"thumbnailUrl":"https:\/\/acuariosupremus.com\/wp-content\/uploads\/2025\/05\/aquavitro_eight.four_150ml.jpg","datePublished":"2025-05-22T01:47:33+00:00","dateModified":"2025-12-21T01:10:36+00:00","description":"Eight.four\u2122 aporta una relaci\u00f3n carbonato\/bicarbonato adecuada al sistema b\u00fafer, que adem\u00e1s provee un pK de 8.3-8.5 en agua salada.","breadcrumb":{"@id":"https:\/\/acuariosupremus.com\/?product=aquavitro-eight-four-150-ml#breadcrumb"},"inLanguage":"es","potentialAction":[{"@type":"ReadAction","target":["https:\/\/acuariosupremus.com\/?product=aquavitro-eight-four-150-ml"]}]},{"@type":"ImageObject","inLanguage":"es","@id":"https:\/\/acuariosupremus.com\/?product=aquavitro-eight-four-150-ml#primaryimage","url":"https:\/\/acuariosupremus.com\/wp-content\/uploads\/2025\/05\/aquavitro_eight.four_150ml.jpg","contentUrl":"https:\/\/acuariosupremus.com\/wp-content\/uploads\/2025\/05\/aquavitro_eight.four_150ml.jpg","width":1250,"height":1250},{"@type":"BreadcrumbList","@id":"https:\/\/acuariosupremus.com\/?product=aquavitro-eight-four-150-ml#breadcrumb","itemListElement":[{"@type":"ListItem","position":1,"name":"Portada","item":"https:\/\/acuariosupremus.com\/"},{"@type":"ListItem","position":2,"name":"Tienda","item":"https:\/\/acuariosupremus.com\/tienda\/"},{"@type":"ListItem","position":3,"name":"Aquavitro eight.four 150 ml."}]},{"@type":"WebSite","@id":"https:\/\/acuariosupremus.com\/#website","url":"https:\/\/acuariosupremus.com\/","name":"Acuario Supremus","description":"Peces, Peceras y Mascotas.","publisher":{"@id":"https:\/\/acuariosupremus.com\/#organization"},"potentialAction":[{"@type":"SearchAction","target":{"@type":"EntryPoint","urlTemplate":"https:\/\/acuariosupremus.com\/?s={search_term_string}"},"query-input":{"@type":"PropertyValueSpecification","valueRequired":true,"valueName":"search_term_string"}}],"inLanguage":"es"},{"@type":"Organization","@id":"https:\/\/acuariosupremus.com\/#organization","name":"Acuario Supremus","url":"https:\/\/acuariosupremus.com\/","logo":{"@type":"ImageObject","inLanguage":"es","@id":"https:\/\/acuariosupremus.com\/#\/schema\/logo\/image\/","url":"https:\/\/acuariosupremus.com\/wp-content\/uploads\/2021\/12\/cropped-logo_acuario_supremus_fn-2.png","contentUrl":"https:\/\/acuariosupremus.com\/wp-content\/uploads\/2021\/12\/cropped-logo_acuario_supremus_fn-2.png","width":1000,"height":318,"caption":"Acuario Supremus"},"image":{"@id":"https:\/\/acuariosupremus.com\/#\/schema\/logo\/image\/"},"sameAs":["https:\/\/www.facebook.com\/AcuarioSupremus","https:\/\/x.com\/AcuarioSupremus","https:\/\/www.instagram.com\/acuariosupremus\/?hl=es"]}]}},"jetpack_sharing_enabled":true,"_links":{"self":[{"href":"https:\/\/acuariosupremus.com\/index.php?rest_route=\/wp\/v2\/product\/13829","targetHints":{"allow":["GET"]}}],"collection":[{"href":"https:\/\/acuariosupremus.com\/index.php?rest_route=\/wp\/v2\/product"}],"about":[{"href":"https:\/\/acuariosupremus.com\/index.php?rest_route=\/wp\/v2\/types\/product"}],"wp:featuredmedia":[{"embeddable":true,"href":"https:\/\/acuariosupremus.com\/index.php?rest_route=\/wp\/v2\/media\/13830"}],"wp:attachment":[{"href":"https:\/\/acuariosupremus.com\/index.php?rest_route=%2Fwp%2Fv2%2Fmedia&parent=13829"}],"wp:term":[{"taxonomy":"product_brand","embeddable":true,"href":"https:\/\/acuariosupremus.com\/index.php?rest_route=%2Fwp%2Fv2%2Fproduct_brand&post=13829"},{"taxonomy":"product_cat","embeddable":true,"href":"https:\/\/acuariosupremus.com\/index.php?rest_route=%2Fwp%2Fv2%2Fproduct_cat&post=13829"},{"taxonomy":"product_tag","embeddable":true,"href":"https:\/\/acuariosupremus.com\/index.php?rest_route=%2Fwp%2Fv2%2Fproduct_tag&post=13829"}],"curies":[{"name":"wp","href":"https:\/\/api.w.org\/{rel}","templated":true}]}}