{"id":13847,"date":"2025-05-21T20:18:38","date_gmt":"2025-05-22T02:18:38","guid":{"rendered":"https:\/\/acuariosupremus.com\/?post_type=product&#038;p=13847"},"modified":"2025-12-20T19:46:05","modified_gmt":"2025-12-21T01:46:05","slug":"envy-micronutrientes-y-elementos-traza-150-ml","status":"publish","type":"product","link":"https:\/\/acuariosupremus.com\/?product=envy-micronutrientes-y-elementos-traza-150-ml","title":{"rendered":"Envy (micronutrientes y elementos traza) 150 ml."},"content":{"rendered":"<p>Contiene \u00e1cido asc\u00f3rbico basado en extracto del de Clorella que contiene un rico surtido de amino \u00e1cidos y vitaminas.<br \/>\nINSTRUCCIONES: Ag\u00edtese bien antes de usar. Use un tap\u00f3n interior (7 ml) para cada 150 Litros de agua tres veces por semana. Puede variar la dosificaci\u00f3n y frecuencia con el fin de regular la demanda de las plantas de au acuario. Nota: cada hilo del tap\u00f3n interior contiene aproximadamente 2ml. Un tap\u00f3n lleno contiene 49ml.<br \/>\n\u00danicamente para uso en acuarios. Mant\u00e9ngase fuera del alcance de los ni\u00f1os.<br \/>\nComposici\u00f3n:\u00c1cido asc\u00f3rbico (Vitamina C) 2.5 mg Tiamina (B1) 20 \u03bcg Riboflavina (B2) 20 \u03bcg Niacina (B3) 120 \u03bcg Colina (B4) 4 \u03bcg Pantotenato (B5) 70 \u03bcg Vitamina B 120.8 \u03bcg<br \/>\nInositol 10 \u03bcg Arginina 300 \u03bcg Glutamato 600 \u03bcg Lisina 300 \u03bcg Tirosina 190 \u03bcg<br \/>\n\u00c1cidos grasos polinsaturados 600 \u03bcg<br \/>\nIngredientes:<br \/>\nClorella, \u00e1cido asc\u00f3rbico, niacina, pantotenato de calcio, tiamina, riboflavina, inositol, cloruro de colina y vitamina B12<\/p>\n<p>capacidad <strong>150 ml.<\/strong><\/p>\n","protected":false},"excerpt":{"rendered":"<p>envy\u2122 es un suplemento altamente asimilable de carbohidratos, vitaminas, amino \u00e1cidos y \u00e1cidos grasos polinsaturados dirigido a cubrir los requerimientos de las plantas en cuanto a micro-elementos y oligo-elementos.<\/p>\n","protected":false},"featured_media":13848,"template":"","meta":[],"product_brand":[125],"product_cat":[40,56],"product_tag":[698,555],"class_list":{"0":"post-13847","1":"product","2":"type-product","3":"status-publish","4":"has-post-thumbnail","6":"product_brand-aquavitro","7":"product_cat-peces","8":"product_cat-plantas-naturales","9":"product_tag-envy","10":"product_tag-micronutrientes-y-elementos-traza-plantas-acuaticas","12":"first","13":"instock","14":"sale","15":"shipping-taxable","16":"purchasable","17":"product-type-simple"},"yoast_head":"<!-- This site is optimized with the Yoast SEO plugin v27.4 - https:\/\/yoast.com\/product\/yoast-seo-wordpress\/ -->\n<title>Envy (micronutrientes y elementos traza) 150 ml. | Acuario Supremus<\/title>\n<meta name=\"description\" content=\"envy\u2122 es un suplemento altamente asimilable de carbohidratos, vitaminas, amino \u00e1cidos y \u00e1cidos grasos polinsaturados dirigido a cubrir los requerimientos de las plantas.\" \/>\n<meta name=\"robots\" content=\"index, follow, max-snippet:-1, max-image-preview:large, max-video-preview:-1\" \/>\n<link rel=\"canonical\" href=\"https:\/\/acuariosupremus.com\/?product=envy-micronutrientes-y-elementos-traza-150-ml\" \/>\n<meta property=\"og:locale\" content=\"es_MX\" \/>\n<meta property=\"og:type\" content=\"article\" \/>\n<meta property=\"og:title\" content=\"Envy (micronutrientes y elementos traza) 150 ml. | Acuario Supremus\" \/>\n<meta property=\"og:description\" content=\"envy\u2122 es un suplemento altamente asimilable de carbohidratos, vitaminas, amino \u00e1cidos y \u00e1cidos grasos polinsaturados dirigido a cubrir los requerimientos de las plantas.\" \/>\n<meta property=\"og:url\" content=\"https:\/\/acuariosupremus.com\/?product=envy-micronutrientes-y-elementos-traza-150-ml\" \/>\n<meta property=\"og:site_name\" content=\"Acuario Supremus\" \/>\n<meta property=\"article:publisher\" content=\"https:\/\/www.facebook.com\/AcuarioSupremus\" \/>\n<meta property=\"article:modified_time\" content=\"2025-12-21T01:46:05+00:00\" \/>\n<meta property=\"og:image\" content=\"https:\/\/acuariosupremus.com\/wp-content\/uploads\/2025\/05\/aquavitro_envy_150-ml.jpg\" \/>\n\t<meta property=\"og:image:width\" content=\"1250\" \/>\n\t<meta property=\"og:image:height\" content=\"1250\" \/>\n\t<meta property=\"og:image:type\" content=\"image\/jpeg\" \/>\n<meta name=\"twitter:card\" content=\"summary_large_image\" \/>\n<meta name=\"twitter:site\" content=\"@AcuarioSupremus\" \/>\n<meta name=\"twitter:label1\" content=\"Tiempo de lectura\" \/>\n\t<meta name=\"twitter:data1\" content=\"1 minuto\" \/>\n<script type=\"application\/ld+json\" class=\"yoast-schema-graph\">{\"@context\":\"https:\\\/\\\/schema.org\",\"@graph\":[{\"@type\":\"WebPage\",\"@id\":\"https:\\\/\\\/acuariosupremus.com\\\/?product=envy-micronutrientes-y-elementos-traza-150-ml\",\"url\":\"https:\\\/\\\/acuariosupremus.com\\\/?product=envy-micronutrientes-y-elementos-traza-150-ml\",\"name\":\"Envy (micronutrientes y elementos traza) 150 ml. | Acuario Supremus\",\"isPartOf\":{\"@id\":\"https:\\\/\\\/acuariosupremus.com\\\/#website\"},\"primaryImageOfPage\":{\"@id\":\"https:\\\/\\\/acuariosupremus.com\\\/?product=envy-micronutrientes-y-elementos-traza-150-ml#primaryimage\"},\"image\":{\"@id\":\"https:\\\/\\\/acuariosupremus.com\\\/?product=envy-micronutrientes-y-elementos-traza-150-ml#primaryimage\"},\"thumbnailUrl\":\"https:\\\/\\\/acuariosupremus.com\\\/wp-content\\\/uploads\\\/2025\\\/05\\\/aquavitro_envy_150-ml.jpg\",\"datePublished\":\"2025-05-22T02:18:38+00:00\",\"dateModified\":\"2025-12-21T01:46:05+00:00\",\"description\":\"envy\u2122 es un suplemento altamente asimilable de carbohidratos, vitaminas, amino \u00e1cidos y \u00e1cidos grasos polinsaturados dirigido a cubrir los requerimientos de las plantas.\",\"breadcrumb\":{\"@id\":\"https:\\\/\\\/acuariosupremus.com\\\/?product=envy-micronutrientes-y-elementos-traza-150-ml#breadcrumb\"},\"inLanguage\":\"es\",\"potentialAction\":[{\"@type\":\"ReadAction\",\"target\":[\"https:\\\/\\\/acuariosupremus.com\\\/?product=envy-micronutrientes-y-elementos-traza-150-ml\"]}]},{\"@type\":\"ImageObject\",\"inLanguage\":\"es\",\"@id\":\"https:\\\/\\\/acuariosupremus.com\\\/?product=envy-micronutrientes-y-elementos-traza-150-ml#primaryimage\",\"url\":\"https:\\\/\\\/acuariosupremus.com\\\/wp-content\\\/uploads\\\/2025\\\/05\\\/aquavitro_envy_150-ml.jpg\",\"contentUrl\":\"https:\\\/\\\/acuariosupremus.com\\\/wp-content\\\/uploads\\\/2025\\\/05\\\/aquavitro_envy_150-ml.jpg\",\"width\":1250,\"height\":1250},{\"@type\":\"BreadcrumbList\",\"@id\":\"https:\\\/\\\/acuariosupremus.com\\\/?product=envy-micronutrientes-y-elementos-traza-150-ml#breadcrumb\",\"itemListElement\":[{\"@type\":\"ListItem\",\"position\":1,\"name\":\"Portada\",\"item\":\"https:\\\/\\\/acuariosupremus.com\\\/\"},{\"@type\":\"ListItem\",\"position\":2,\"name\":\"Tienda\",\"item\":\"https:\\\/\\\/acuariosupremus.com\\\/tienda\\\/\"},{\"@type\":\"ListItem\",\"position\":3,\"name\":\"Envy (micronutrientes y elementos traza) 150 ml.\"}]},{\"@type\":\"WebSite\",\"@id\":\"https:\\\/\\\/acuariosupremus.com\\\/#website\",\"url\":\"https:\\\/\\\/acuariosupremus.com\\\/\",\"name\":\"Acuario Supremus\",\"description\":\"Peces, Peceras y Mascotas.\",\"publisher\":{\"@id\":\"https:\\\/\\\/acuariosupremus.com\\\/#organization\"},\"potentialAction\":[{\"@type\":\"SearchAction\",\"target\":{\"@type\":\"EntryPoint\",\"urlTemplate\":\"https:\\\/\\\/acuariosupremus.com\\\/?s={search_term_string}\"},\"query-input\":{\"@type\":\"PropertyValueSpecification\",\"valueRequired\":true,\"valueName\":\"search_term_string\"}}],\"inLanguage\":\"es\"},{\"@type\":\"Organization\",\"@id\":\"https:\\\/\\\/acuariosupremus.com\\\/#organization\",\"name\":\"Acuario Supremus\",\"url\":\"https:\\\/\\\/acuariosupremus.com\\\/\",\"logo\":{\"@type\":\"ImageObject\",\"inLanguage\":\"es\",\"@id\":\"https:\\\/\\\/acuariosupremus.com\\\/#\\\/schema\\\/logo\\\/image\\\/\",\"url\":\"https:\\\/\\\/acuariosupremus.com\\\/wp-content\\\/uploads\\\/2021\\\/12\\\/cropped-logo_acuario_supremus_fn-2.png\",\"contentUrl\":\"https:\\\/\\\/acuariosupremus.com\\\/wp-content\\\/uploads\\\/2021\\\/12\\\/cropped-logo_acuario_supremus_fn-2.png\",\"width\":1000,\"height\":318,\"caption\":\"Acuario Supremus\"},\"image\":{\"@id\":\"https:\\\/\\\/acuariosupremus.com\\\/#\\\/schema\\\/logo\\\/image\\\/\"},\"sameAs\":[\"https:\\\/\\\/www.facebook.com\\\/AcuarioSupremus\",\"https:\\\/\\\/x.com\\\/AcuarioSupremus\",\"https:\\\/\\\/www.instagram.com\\\/acuariosupremus\\\/?hl=es\"]}]}<\/script>\n<!-- \/ Yoast SEO plugin. -->","yoast_head_json":{"title":"Envy (micronutrientes y elementos traza) 150 ml. | Acuario Supremus","description":"envy\u2122 es un suplemento altamente asimilable de carbohidratos, vitaminas, amino \u00e1cidos y \u00e1cidos grasos polinsaturados dirigido a cubrir los requerimientos de las plantas.","robots":{"index":"index","follow":"follow","max-snippet":"max-snippet:-1","max-image-preview":"max-image-preview:large","max-video-preview":"max-video-preview:-1"},"canonical":"https:\/\/acuariosupremus.com\/?product=envy-micronutrientes-y-elementos-traza-150-ml","og_locale":"es_MX","og_type":"article","og_title":"Envy (micronutrientes y elementos traza) 150 ml. | Acuario Supremus","og_description":"envy\u2122 es un suplemento altamente asimilable de carbohidratos, vitaminas, amino \u00e1cidos y \u00e1cidos grasos polinsaturados dirigido a cubrir los requerimientos de las plantas.","og_url":"https:\/\/acuariosupremus.com\/?product=envy-micronutrientes-y-elementos-traza-150-ml","og_site_name":"Acuario Supremus","article_publisher":"https:\/\/www.facebook.com\/AcuarioSupremus","article_modified_time":"2025-12-21T01:46:05+00:00","og_image":[{"width":1250,"height":1250,"url":"https:\/\/acuariosupremus.com\/wp-content\/uploads\/2025\/05\/aquavitro_envy_150-ml.jpg","type":"image\/jpeg"}],"twitter_card":"summary_large_image","twitter_site":"@AcuarioSupremus","twitter_misc":{"Tiempo de lectura":"1 minuto"},"schema":{"@context":"https:\/\/schema.org","@graph":[{"@type":"WebPage","@id":"https:\/\/acuariosupremus.com\/?product=envy-micronutrientes-y-elementos-traza-150-ml","url":"https:\/\/acuariosupremus.com\/?product=envy-micronutrientes-y-elementos-traza-150-ml","name":"Envy (micronutrientes y elementos traza) 150 ml. | Acuario Supremus","isPartOf":{"@id":"https:\/\/acuariosupremus.com\/#website"},"primaryImageOfPage":{"@id":"https:\/\/acuariosupremus.com\/?product=envy-micronutrientes-y-elementos-traza-150-ml#primaryimage"},"image":{"@id":"https:\/\/acuariosupremus.com\/?product=envy-micronutrientes-y-elementos-traza-150-ml#primaryimage"},"thumbnailUrl":"https:\/\/acuariosupremus.com\/wp-content\/uploads\/2025\/05\/aquavitro_envy_150-ml.jpg","datePublished":"2025-05-22T02:18:38+00:00","dateModified":"2025-12-21T01:46:05+00:00","description":"envy\u2122 es un suplemento altamente asimilable de carbohidratos, vitaminas, amino \u00e1cidos y \u00e1cidos grasos polinsaturados dirigido a cubrir los requerimientos de las plantas.","breadcrumb":{"@id":"https:\/\/acuariosupremus.com\/?product=envy-micronutrientes-y-elementos-traza-150-ml#breadcrumb"},"inLanguage":"es","potentialAction":[{"@type":"ReadAction","target":["https:\/\/acuariosupremus.com\/?product=envy-micronutrientes-y-elementos-traza-150-ml"]}]},{"@type":"ImageObject","inLanguage":"es","@id":"https:\/\/acuariosupremus.com\/?product=envy-micronutrientes-y-elementos-traza-150-ml#primaryimage","url":"https:\/\/acuariosupremus.com\/wp-content\/uploads\/2025\/05\/aquavitro_envy_150-ml.jpg","contentUrl":"https:\/\/acuariosupremus.com\/wp-content\/uploads\/2025\/05\/aquavitro_envy_150-ml.jpg","width":1250,"height":1250},{"@type":"BreadcrumbList","@id":"https:\/\/acuariosupremus.com\/?product=envy-micronutrientes-y-elementos-traza-150-ml#breadcrumb","itemListElement":[{"@type":"ListItem","position":1,"name":"Portada","item":"https:\/\/acuariosupremus.com\/"},{"@type":"ListItem","position":2,"name":"Tienda","item":"https:\/\/acuariosupremus.com\/tienda\/"},{"@type":"ListItem","position":3,"name":"Envy (micronutrientes y elementos traza) 150 ml."}]},{"@type":"WebSite","@id":"https:\/\/acuariosupremus.com\/#website","url":"https:\/\/acuariosupremus.com\/","name":"Acuario Supremus","description":"Peces, Peceras y Mascotas.","publisher":{"@id":"https:\/\/acuariosupremus.com\/#organization"},"potentialAction":[{"@type":"SearchAction","target":{"@type":"EntryPoint","urlTemplate":"https:\/\/acuariosupremus.com\/?s={search_term_string}"},"query-input":{"@type":"PropertyValueSpecification","valueRequired":true,"valueName":"search_term_string"}}],"inLanguage":"es"},{"@type":"Organization","@id":"https:\/\/acuariosupremus.com\/#organization","name":"Acuario Supremus","url":"https:\/\/acuariosupremus.com\/","logo":{"@type":"ImageObject","inLanguage":"es","@id":"https:\/\/acuariosupremus.com\/#\/schema\/logo\/image\/","url":"https:\/\/acuariosupremus.com\/wp-content\/uploads\/2021\/12\/cropped-logo_acuario_supremus_fn-2.png","contentUrl":"https:\/\/acuariosupremus.com\/wp-content\/uploads\/2021\/12\/cropped-logo_acuario_supremus_fn-2.png","width":1000,"height":318,"caption":"Acuario Supremus"},"image":{"@id":"https:\/\/acuariosupremus.com\/#\/schema\/logo\/image\/"},"sameAs":["https:\/\/www.facebook.com\/AcuarioSupremus","https:\/\/x.com\/AcuarioSupremus","https:\/\/www.instagram.com\/acuariosupremus\/?hl=es"]}]}},"jetpack_sharing_enabled":true,"_links":{"self":[{"href":"https:\/\/acuariosupremus.com\/index.php?rest_route=\/wp\/v2\/product\/13847","targetHints":{"allow":["GET"]}}],"collection":[{"href":"https:\/\/acuariosupremus.com\/index.php?rest_route=\/wp\/v2\/product"}],"about":[{"href":"https:\/\/acuariosupremus.com\/index.php?rest_route=\/wp\/v2\/types\/product"}],"wp:featuredmedia":[{"embeddable":true,"href":"https:\/\/acuariosupremus.com\/index.php?rest_route=\/wp\/v2\/media\/13848"}],"wp:attachment":[{"href":"https:\/\/acuariosupremus.com\/index.php?rest_route=%2Fwp%2Fv2%2Fmedia&parent=13847"}],"wp:term":[{"taxonomy":"product_brand","embeddable":true,"href":"https:\/\/acuariosupremus.com\/index.php?rest_route=%2Fwp%2Fv2%2Fproduct_brand&post=13847"},{"taxonomy":"product_cat","embeddable":true,"href":"https:\/\/acuariosupremus.com\/index.php?rest_route=%2Fwp%2Fv2%2Fproduct_cat&post=13847"},{"taxonomy":"product_tag","embeddable":true,"href":"https:\/\/acuariosupremus.com\/index.php?rest_route=%2Fwp%2Fv2%2Fproduct_tag&post=13847"}],"curies":[{"name":"wp","href":"https:\/\/api.w.org\/{rel}","templated":true}]}}