{"id":14664,"date":"2025-09-24T15:47:07","date_gmt":"2025-09-24T21:47:07","guid":{"rendered":"https:\/\/acuariosupremus.com\/?post_type=product&#038;p=14664"},"modified":"2026-02-11T16:41:09","modified_gmt":"2026-02-11T22:41:09","slug":"hydrapet-electrolitos-orales-sabor-carne-p-perro","status":"publish","type":"product","link":"https:\/\/acuariosupremus.com\/?product=hydrapet-electrolitos-orales-sabor-carne-p-perro","title":{"rendered":"HYDRAPET ELECTROLITOS ORALES SABOR CARNE P\/ PERRO"},"content":{"rendered":"<div id=\"tab-label-product.info.beneficios\" class=\"data item title active\" tabindex=\"0\" role=\"tab\" aria-labeledby=\"tab-label-product.info.beneficios-title\" data-role=\"collapsible\" data-collapsible=\"true\" aria-controls=\"product.info.beneficios\" aria-selected=\"true\" aria-expanded=\"true\">BENEFICIOS<\/div>\n<div id=\"product.info.beneficios\" class=\"data item content\" role=\"tabpanel\" data-role=\"content\" aria-labelledby=\"tab-label-product.info.beneficios\" aria-hidden=\"false\">\n<div class=\"product attribute beneficios\">\n<div class=\"value\">Rehidrata y repone electr\u00f3litos de manera r\u00e1pida y efectiva. Previene la deshidrataci\u00f3n por calor extremo, ejercicio intenso o viajes prolongados. Aporta energ\u00eda gracias a su contenido de glucosa. Favorece el funcionamiento muscular y nervioso.Mejora la recuperaci\u00f3n tras esfuerzo o p\u00e9rdida de l\u00edquidos. F\u00e1cil de administrar, con sabores irresistibles para tu mascota.<\/div>\n<div>\n<div id=\"tab-label-additional\" class=\"data item title active\" tabindex=\"0\" role=\"tab\" aria-labeledby=\"tab-label-additional-title\" data-role=\"collapsible\" data-collapsible=\"true\" aria-controls=\"additional\" aria-selected=\"true\" aria-expanded=\"true\">CARACTER\u00cdSTICAS<\/div>\n<div id=\"additional\" class=\"data item content\" role=\"tabpanel\" data-role=\"content\" aria-labelledby=\"tab-label-additional\" aria-hidden=\"false\">\n<div class=\"additional-attributes-wrapper table-wrapper\">Sabor: Carne,\u00a0 Marca:\u00a0 Medical Solutions,\u00a0 Especie: Perros,\u00a0 Contenido neto: 450 ml.<\/div>\n<div>\n<div id=\"tab-label-product.info.ingredientes.formulacion\" class=\"data item title active\" tabindex=\"0\" role=\"tab\" aria-labeledby=\"tab-label-product.info.ingredientes.formulacion-title\" data-role=\"collapsible\" data-collapsible=\"true\" aria-controls=\"product.info.ingredientes.formulacion\" aria-selected=\"true\" aria-expanded=\"true\">INGREDIENTES\/FORMULACI\u00d3N<\/div>\n<div id=\"product.info.ingredientes.formulacion\" class=\"data item content\" role=\"tabpanel\" data-role=\"content\" aria-labelledby=\"tab-label-product.info.ingredientes.formulacion\" aria-hidden=\"false\">\n<div class=\"product attribute ingredientes_formulacion\">\n<div class=\"value\">Cada 100 ml contiene: Cloruro de sodio, cloruro de potasio, cloruro de magnesio, glucosa monohidratada, bicarbonato de sodio y veh\u00edculo cbp 100 ml.<\/div>\n<div>\n<div id=\"tab-label-product.info.ingredientes.modo.de.uso\" class=\"data item title active\" tabindex=\"0\" role=\"tab\" aria-labeledby=\"tab-label-product.info.ingredientes.modo.de.uso-title\" data-role=\"collapsible\" data-collapsible=\"true\" aria-controls=\"product.info.ingredientes.modo.de.uso\" aria-selected=\"true\" aria-expanded=\"true\">MODO DE USO \/ PRECAUCIONES Y ADVERTENCIAS<\/div>\n<div id=\"product.info.ingredientes.modo.de.uso\" class=\"data item content\" role=\"tabpanel\" data-role=\"content\" aria-labelledby=\"tab-label-product.info.ingredientes.modo.de.uso\" aria-hidden=\"false\">\n<div class=\"product attribute modo_de_uso_precuaciones_y_adv\">\n<div class=\"value\">Ofrezca bajo supervisi\u00f3n la cantidad recomendada de acuerdo con el peso del perro. Si no tiene una respuesta favorable consulte con el m\u00e9dico veterinario. Una vez abierto el envase brinde el contenido antes de 24 horas o deseche el sobrante.Mant\u00e9ngase fuera del alcance de los ni\u00f1os y las mascotas. El uso de este producto es responsabilidad del due\u00f1o de la mascota. No utilice despu\u00e9s de la fecha de caducidad. No administrarse por m\u00e1s de 48 horas. Este producto es un coadyuvante, no sustituye ning\u00fan tratamiento indicado por el m\u00e9dico veterinario. Mantenga la botella en un lugar fresco, seco, protegido de la luz solar, sin exceder los 30\u00b0C de temperatura. Una vez abierto, conserve el envase cerrado y en refrigeraci\u00f3n de 4\u00b0 a 8\u00b0C, por 24 horas, pasado ese tiempo deseche el sobrante. No administre a perras gestantes, perros diagnosticados con enfermedades metab\u00f3licas, renales, hep\u00e1ticas o cardiacas, ni a cachorros menores de 12 semanas de edad. Consulte al m\u00e9dico veterinario.Dosis: 1 \u2013 10 kg: 50 ml diarios. 11 \u2013 20 kg: 100 ml diarios. 21 \u2013 30: 150 ml diarios. 30 kg o m\u00e1s: 200 ml diarios.<\/div>\n<\/div>\n<\/div>\n<\/div>\n<\/div>\n<\/div>\n<\/div>\n<\/div>\n<\/div>\n<\/div>\n<\/div>\n","protected":false},"excerpt":{"rendered":"<p>Fancy Pets\u00ae Medical Solutions Hydrapet\u00a0 sabor CARNE es una bebida formulada para rehidratar y reponer r\u00e1pidamente los electrolitos perdidos en perros adultos y cachorros. Ideal para \u00e9pocas de calor, actividad f\u00edsica intensa, viajes o cualquier situaci\u00f3n que ocasione p\u00e9rdida de l\u00edquidos. Su f\u00f3rmula balanceada ayuda a mantener el equilibrio h\u00eddrico y energ\u00e9tico, favoreciendo una pronta recuperaci\u00f3n y bienestar general.<\/p>\n","protected":false},"featured_media":14666,"template":"","meta":[],"product_brand":[108],"product_cat":[73,83],"product_tag":[973,974,975],"class_list":{"0":"post-14664","1":"product","2":"type-product","3":"status-publish","4":"has-post-thumbnail","6":"product_brand-medicalsolutions","7":"product_cat-perros","8":"product_cat-salud-perros","9":"product_tag-electrolitos-para-perros","10":"product_tag-ms-hydrapet","11":"product_tag-rehidratacion-perros","13":"first","14":"instock","15":"sale","16":"shipping-taxable","17":"purchasable","18":"product-type-simple"},"yoast_head":"<!-- This site is optimized with the Yoast SEO plugin v27.4 - https:\/\/yoast.com\/product\/yoast-seo-wordpress\/ -->\n<title>HYDRAPET ELECTROLITOS ORALES SABOR CARNE P\/ PERRO | Acuario Supremus<\/title>\n<meta name=\"description\" content=\"Hydrapet sabor Carne es una bebida formulada para rehidratar y reponer r\u00e1pidamente los electr\u00f3litos perdidos en perros adultos y cachorros.\" \/>\n<meta name=\"robots\" content=\"index, follow, max-snippet:-1, max-image-preview:large, max-video-preview:-1\" \/>\n<link rel=\"canonical\" href=\"https:\/\/acuariosupremus.com\/?product=hydrapet-electrolitos-orales-sabor-carne-p-perro\" \/>\n<meta property=\"og:locale\" content=\"es_MX\" \/>\n<meta property=\"og:type\" content=\"article\" \/>\n<meta property=\"og:title\" content=\"HYDRAPET ELECTROLITOS ORALES SABOR CARNE P\/ PERRO | Acuario Supremus\" \/>\n<meta property=\"og:description\" content=\"Hydrapet sabor Carne es una bebida formulada para rehidratar y reponer r\u00e1pidamente los electr\u00f3litos perdidos en perros adultos y cachorros.\" \/>\n<meta property=\"og:url\" content=\"https:\/\/acuariosupremus.com\/?product=hydrapet-electrolitos-orales-sabor-carne-p-perro\" \/>\n<meta property=\"og:site_name\" content=\"Acuario Supremus\" \/>\n<meta property=\"article:publisher\" content=\"https:\/\/www.facebook.com\/AcuarioSupremus\" \/>\n<meta property=\"article:modified_time\" content=\"2026-02-11T22:41:09+00:00\" \/>\n<meta property=\"og:image\" content=\"https:\/\/acuariosupremus.com\/wp-content\/uploads\/2025\/09\/FL3640.jpg\" \/>\n\t<meta property=\"og:image:width\" content=\"800\" \/>\n\t<meta property=\"og:image:height\" content=\"800\" \/>\n\t<meta property=\"og:image:type\" content=\"image\/jpeg\" \/>\n<meta name=\"twitter:card\" content=\"summary_large_image\" \/>\n<meta name=\"twitter:site\" content=\"@AcuarioSupremus\" \/>\n<meta name=\"twitter:label1\" content=\"Tiempo de lectura\" \/>\n\t<meta name=\"twitter:data1\" content=\"2 minutos\" \/>\n<script type=\"application\/ld+json\" class=\"yoast-schema-graph\">{\"@context\":\"https:\\\/\\\/schema.org\",\"@graph\":[{\"@type\":\"WebPage\",\"@id\":\"https:\\\/\\\/acuariosupremus.com\\\/?product=hydrapet-electrolitos-orales-sabor-carne-p-perro\",\"url\":\"https:\\\/\\\/acuariosupremus.com\\\/?product=hydrapet-electrolitos-orales-sabor-carne-p-perro\",\"name\":\"HYDRAPET ELECTROLITOS ORALES SABOR CARNE P\\\/ PERRO | Acuario Supremus\",\"isPartOf\":{\"@id\":\"https:\\\/\\\/acuariosupremus.com\\\/#website\"},\"primaryImageOfPage\":{\"@id\":\"https:\\\/\\\/acuariosupremus.com\\\/?product=hydrapet-electrolitos-orales-sabor-carne-p-perro#primaryimage\"},\"image\":{\"@id\":\"https:\\\/\\\/acuariosupremus.com\\\/?product=hydrapet-electrolitos-orales-sabor-carne-p-perro#primaryimage\"},\"thumbnailUrl\":\"https:\\\/\\\/acuariosupremus.com\\\/wp-content\\\/uploads\\\/2025\\\/09\\\/FL3640.jpg\",\"datePublished\":\"2025-09-24T21:47:07+00:00\",\"dateModified\":\"2026-02-11T22:41:09+00:00\",\"description\":\"Hydrapet sabor Carne es una bebida formulada para rehidratar y reponer r\u00e1pidamente los electr\u00f3litos perdidos en perros adultos y cachorros.\",\"breadcrumb\":{\"@id\":\"https:\\\/\\\/acuariosupremus.com\\\/?product=hydrapet-electrolitos-orales-sabor-carne-p-perro#breadcrumb\"},\"inLanguage\":\"es\",\"potentialAction\":[{\"@type\":\"ReadAction\",\"target\":[\"https:\\\/\\\/acuariosupremus.com\\\/?product=hydrapet-electrolitos-orales-sabor-carne-p-perro\"]}]},{\"@type\":\"ImageObject\",\"inLanguage\":\"es\",\"@id\":\"https:\\\/\\\/acuariosupremus.com\\\/?product=hydrapet-electrolitos-orales-sabor-carne-p-perro#primaryimage\",\"url\":\"https:\\\/\\\/acuariosupremus.com\\\/wp-content\\\/uploads\\\/2025\\\/09\\\/FL3640.jpg\",\"contentUrl\":\"https:\\\/\\\/acuariosupremus.com\\\/wp-content\\\/uploads\\\/2025\\\/09\\\/FL3640.jpg\",\"width\":800,\"height\":800},{\"@type\":\"BreadcrumbList\",\"@id\":\"https:\\\/\\\/acuariosupremus.com\\\/?product=hydrapet-electrolitos-orales-sabor-carne-p-perro#breadcrumb\",\"itemListElement\":[{\"@type\":\"ListItem\",\"position\":1,\"name\":\"Portada\",\"item\":\"https:\\\/\\\/acuariosupremus.com\\\/\"},{\"@type\":\"ListItem\",\"position\":2,\"name\":\"Tienda\",\"item\":\"https:\\\/\\\/acuariosupremus.com\\\/tienda\\\/\"},{\"@type\":\"ListItem\",\"position\":3,\"name\":\"HYDRAPET ELECTROLITOS ORALES SABOR CARNE P\\\/ PERRO\"}]},{\"@type\":\"WebSite\",\"@id\":\"https:\\\/\\\/acuariosupremus.com\\\/#website\",\"url\":\"https:\\\/\\\/acuariosupremus.com\\\/\",\"name\":\"Acuario Supremus\",\"description\":\"Peces, Peceras y Mascotas.\",\"publisher\":{\"@id\":\"https:\\\/\\\/acuariosupremus.com\\\/#organization\"},\"potentialAction\":[{\"@type\":\"SearchAction\",\"target\":{\"@type\":\"EntryPoint\",\"urlTemplate\":\"https:\\\/\\\/acuariosupremus.com\\\/?s={search_term_string}\"},\"query-input\":{\"@type\":\"PropertyValueSpecification\",\"valueRequired\":true,\"valueName\":\"search_term_string\"}}],\"inLanguage\":\"es\"},{\"@type\":\"Organization\",\"@id\":\"https:\\\/\\\/acuariosupremus.com\\\/#organization\",\"name\":\"Acuario Supremus\",\"url\":\"https:\\\/\\\/acuariosupremus.com\\\/\",\"logo\":{\"@type\":\"ImageObject\",\"inLanguage\":\"es\",\"@id\":\"https:\\\/\\\/acuariosupremus.com\\\/#\\\/schema\\\/logo\\\/image\\\/\",\"url\":\"https:\\\/\\\/acuariosupremus.com\\\/wp-content\\\/uploads\\\/2021\\\/12\\\/cropped-logo_acuario_supremus_fn-2.png\",\"contentUrl\":\"https:\\\/\\\/acuariosupremus.com\\\/wp-content\\\/uploads\\\/2021\\\/12\\\/cropped-logo_acuario_supremus_fn-2.png\",\"width\":1000,\"height\":318,\"caption\":\"Acuario Supremus\"},\"image\":{\"@id\":\"https:\\\/\\\/acuariosupremus.com\\\/#\\\/schema\\\/logo\\\/image\\\/\"},\"sameAs\":[\"https:\\\/\\\/www.facebook.com\\\/AcuarioSupremus\",\"https:\\\/\\\/x.com\\\/AcuarioSupremus\",\"https:\\\/\\\/www.instagram.com\\\/acuariosupremus\\\/?hl=es\"]}]}<\/script>\n<!-- \/ Yoast SEO plugin. -->","yoast_head_json":{"title":"HYDRAPET ELECTROLITOS ORALES SABOR CARNE P\/ PERRO | Acuario Supremus","description":"Hydrapet sabor Carne es una bebida formulada para rehidratar y reponer r\u00e1pidamente los electr\u00f3litos perdidos en perros adultos y cachorros.","robots":{"index":"index","follow":"follow","max-snippet":"max-snippet:-1","max-image-preview":"max-image-preview:large","max-video-preview":"max-video-preview:-1"},"canonical":"https:\/\/acuariosupremus.com\/?product=hydrapet-electrolitos-orales-sabor-carne-p-perro","og_locale":"es_MX","og_type":"article","og_title":"HYDRAPET ELECTROLITOS ORALES SABOR CARNE P\/ PERRO | Acuario Supremus","og_description":"Hydrapet sabor Carne es una bebida formulada para rehidratar y reponer r\u00e1pidamente los electr\u00f3litos perdidos en perros adultos y cachorros.","og_url":"https:\/\/acuariosupremus.com\/?product=hydrapet-electrolitos-orales-sabor-carne-p-perro","og_site_name":"Acuario Supremus","article_publisher":"https:\/\/www.facebook.com\/AcuarioSupremus","article_modified_time":"2026-02-11T22:41:09+00:00","og_image":[{"width":800,"height":800,"url":"https:\/\/acuariosupremus.com\/wp-content\/uploads\/2025\/09\/FL3640.jpg","type":"image\/jpeg"}],"twitter_card":"summary_large_image","twitter_site":"@AcuarioSupremus","twitter_misc":{"Tiempo de lectura":"2 minutos"},"schema":{"@context":"https:\/\/schema.org","@graph":[{"@type":"WebPage","@id":"https:\/\/acuariosupremus.com\/?product=hydrapet-electrolitos-orales-sabor-carne-p-perro","url":"https:\/\/acuariosupremus.com\/?product=hydrapet-electrolitos-orales-sabor-carne-p-perro","name":"HYDRAPET ELECTROLITOS ORALES SABOR CARNE P\/ PERRO | Acuario Supremus","isPartOf":{"@id":"https:\/\/acuariosupremus.com\/#website"},"primaryImageOfPage":{"@id":"https:\/\/acuariosupremus.com\/?product=hydrapet-electrolitos-orales-sabor-carne-p-perro#primaryimage"},"image":{"@id":"https:\/\/acuariosupremus.com\/?product=hydrapet-electrolitos-orales-sabor-carne-p-perro#primaryimage"},"thumbnailUrl":"https:\/\/acuariosupremus.com\/wp-content\/uploads\/2025\/09\/FL3640.jpg","datePublished":"2025-09-24T21:47:07+00:00","dateModified":"2026-02-11T22:41:09+00:00","description":"Hydrapet sabor Carne es una bebida formulada para rehidratar y reponer r\u00e1pidamente los electr\u00f3litos perdidos en perros adultos y cachorros.","breadcrumb":{"@id":"https:\/\/acuariosupremus.com\/?product=hydrapet-electrolitos-orales-sabor-carne-p-perro#breadcrumb"},"inLanguage":"es","potentialAction":[{"@type":"ReadAction","target":["https:\/\/acuariosupremus.com\/?product=hydrapet-electrolitos-orales-sabor-carne-p-perro"]}]},{"@type":"ImageObject","inLanguage":"es","@id":"https:\/\/acuariosupremus.com\/?product=hydrapet-electrolitos-orales-sabor-carne-p-perro#primaryimage","url":"https:\/\/acuariosupremus.com\/wp-content\/uploads\/2025\/09\/FL3640.jpg","contentUrl":"https:\/\/acuariosupremus.com\/wp-content\/uploads\/2025\/09\/FL3640.jpg","width":800,"height":800},{"@type":"BreadcrumbList","@id":"https:\/\/acuariosupremus.com\/?product=hydrapet-electrolitos-orales-sabor-carne-p-perro#breadcrumb","itemListElement":[{"@type":"ListItem","position":1,"name":"Portada","item":"https:\/\/acuariosupremus.com\/"},{"@type":"ListItem","position":2,"name":"Tienda","item":"https:\/\/acuariosupremus.com\/tienda\/"},{"@type":"ListItem","position":3,"name":"HYDRAPET ELECTROLITOS ORALES SABOR CARNE P\/ PERRO"}]},{"@type":"WebSite","@id":"https:\/\/acuariosupremus.com\/#website","url":"https:\/\/acuariosupremus.com\/","name":"Acuario Supremus","description":"Peces, Peceras y Mascotas.","publisher":{"@id":"https:\/\/acuariosupremus.com\/#organization"},"potentialAction":[{"@type":"SearchAction","target":{"@type":"EntryPoint","urlTemplate":"https:\/\/acuariosupremus.com\/?s={search_term_string}"},"query-input":{"@type":"PropertyValueSpecification","valueRequired":true,"valueName":"search_term_string"}}],"inLanguage":"es"},{"@type":"Organization","@id":"https:\/\/acuariosupremus.com\/#organization","name":"Acuario Supremus","url":"https:\/\/acuariosupremus.com\/","logo":{"@type":"ImageObject","inLanguage":"es","@id":"https:\/\/acuariosupremus.com\/#\/schema\/logo\/image\/","url":"https:\/\/acuariosupremus.com\/wp-content\/uploads\/2021\/12\/cropped-logo_acuario_supremus_fn-2.png","contentUrl":"https:\/\/acuariosupremus.com\/wp-content\/uploads\/2021\/12\/cropped-logo_acuario_supremus_fn-2.png","width":1000,"height":318,"caption":"Acuario Supremus"},"image":{"@id":"https:\/\/acuariosupremus.com\/#\/schema\/logo\/image\/"},"sameAs":["https:\/\/www.facebook.com\/AcuarioSupremus","https:\/\/x.com\/AcuarioSupremus","https:\/\/www.instagram.com\/acuariosupremus\/?hl=es"]}]}},"jetpack_sharing_enabled":true,"_links":{"self":[{"href":"https:\/\/acuariosupremus.com\/index.php?rest_route=\/wp\/v2\/product\/14664","targetHints":{"allow":["GET"]}}],"collection":[{"href":"https:\/\/acuariosupremus.com\/index.php?rest_route=\/wp\/v2\/product"}],"about":[{"href":"https:\/\/acuariosupremus.com\/index.php?rest_route=\/wp\/v2\/types\/product"}],"wp:featuredmedia":[{"embeddable":true,"href":"https:\/\/acuariosupremus.com\/index.php?rest_route=\/wp\/v2\/media\/14666"}],"wp:attachment":[{"href":"https:\/\/acuariosupremus.com\/index.php?rest_route=%2Fwp%2Fv2%2Fmedia&parent=14664"}],"wp:term":[{"taxonomy":"product_brand","embeddable":true,"href":"https:\/\/acuariosupremus.com\/index.php?rest_route=%2Fwp%2Fv2%2Fproduct_brand&post=14664"},{"taxonomy":"product_cat","embeddable":true,"href":"https:\/\/acuariosupremus.com\/index.php?rest_route=%2Fwp%2Fv2%2Fproduct_cat&post=14664"},{"taxonomy":"product_tag","embeddable":true,"href":"https:\/\/acuariosupremus.com\/index.php?rest_route=%2Fwp%2Fv2%2Fproduct_tag&post=14664"}],"curies":[{"name":"wp","href":"https:\/\/api.w.org\/{rel}","templated":true}]}}