{"id":14696,"date":"2025-09-24T19:22:02","date_gmt":"2025-09-25T01:22:02","guid":{"rendered":"https:\/\/acuariosupremus.com\/?post_type=product&#038;p=14696"},"modified":"2026-01-09T14:42:31","modified_gmt":"2026-01-09T20:42:31","slug":"sustituto-de-leche-conejos-y-roedores-360g","status":"publish","type":"product","link":"https:\/\/acuariosupremus.com\/?product=sustituto-de-leche-conejos-y-roedores-360g","title":{"rendered":"SUSTITUTO DE LECHE CONEJOS Y ROEDORES 360G"},"content":{"rendered":"<div id=\"tab-label-product.info.beneficios\" class=\"data item title active\" tabindex=\"0\" role=\"tab\" aria-labeledby=\"tab-label-product.info.beneficios-title\" data-role=\"collapsible\" data-collapsible=\"true\" aria-controls=\"product.info.beneficios\" aria-selected=\"true\" aria-expanded=\"true\">BENEFICIOS<\/div>\n<div id=\"product.info.beneficios\" class=\"data item content\" role=\"tabpanel\" data-role=\"content\" aria-labelledby=\"tab-label-product.info.beneficios\" aria-hidden=\"false\">\n<div class=\"product attribute beneficios\">\n<div class=\"value\">Formula completa y balanceada para el desarrollo saludable de conejos y roedores. Promueve una digesti\u00f3n eficiente y absorci\u00f3n \u00f3ptima de nutrientes. Aporta los nutrientes esenciales para el crecimiento de los conejos.Ayuda en el manejo de camadas hu\u00e9rfanas o de bajo peso al nacer<\/div>\n<div>\n<div id=\"tab-label-product.info.ingredientes.formulacion\" class=\"data item title active\" tabindex=\"0\" role=\"tab\" aria-labeledby=\"tab-label-product.info.ingredientes.formulacion-title\" data-role=\"collapsible\" data-collapsible=\"true\" aria-controls=\"product.info.ingredientes.formulacion\" aria-selected=\"true\" aria-expanded=\"true\">INGREDIENTES\/FORMULACI\u00d3N<\/div>\n<div id=\"product.info.ingredientes.formulacion\" class=\"data item content\" role=\"tabpanel\" data-role=\"content\" aria-labelledby=\"tab-label-product.info.ingredientes.formulacion\" aria-hidden=\"false\">\n<div class=\"product attribute ingredientes_formulacion\">\n<div class=\"value\">Leche descremada en polvo de origen bovino, grasa vegetal en polvo, aislado de prote\u00edna de suero de leche, s\u00f3lidos de mantequilla en polvo, glicina, arginina, mezcla de vitaminas y minerales (calcio, fosforo, magnesio, potasio, cloruro de sodio, hierro, vitamina C, zinc, niacina, manganeso, vitamina A, sulfato de cobre, vitamina B1, vitamina B5, vitamina B2, piridoxina, vitamina D3, vitamina K3, \u00e1cido f\u00f3lico, vitamina B7, vitamina B12), \u00e1cido glut\u00e1mico, \u00e1cido asp\u00e1rtico, lisina, leucina, alanina, valina, treonina, isoleucina, fenilalanina, prolina, tirosina, histidina, metionina, tript\u00f3fano, cistina, nucle\u00f3tidos libres, lactasa, \u00df-glucanos, mananoligosac\u00e1ridos, \u00e1cido docosahexaenoico de origen marino (DHA), enzimas digestivas (amilasas, proteasas, celulasas, lipasas, invertasas, maltasa, alfa-galactosidasa, beta-glucanasas y xilanasas), probi\u00f3ticos Lactobacillus acidophilus (10 x105 UFC\/g).<\/div>\n<div>\n<div id=\"tab-label-product.info.ingredientes.modo.de.uso\" class=\"data item title active\" tabindex=\"0\" role=\"tab\" aria-labeledby=\"tab-label-product.info.ingredientes.modo.de.uso-title\" data-role=\"collapsible\" data-collapsible=\"true\" aria-controls=\"product.info.ingredientes.modo.de.uso\" aria-selected=\"true\" aria-expanded=\"true\">MODO DE USO \/ PRECAUCIONES Y ADVERTENCIAS<\/div>\n<div id=\"product.info.ingredientes.modo.de.uso\" class=\"data item content\" role=\"tabpanel\" data-role=\"content\" aria-labelledby=\"tab-label-product.info.ingredientes.modo.de.uso\" aria-hidden=\"false\">\n<div class=\"product attribute modo_de_uso_precuaciones_y_adv\">\n<div class=\"value\">Oral. Disolver 1 cucharada sopera rasa (5 g) de Redkite\u00ae Sustituto de Leche en 2 cucharadas o 15 ml de agua hervida y caliente (60\u00b0C). Brindar de 10 a 20 ml a 38\u00b0C por cada 140 g de peso vivo al d\u00eda. Alrededor de la sexta semana de edad es adecuado iniciar la transici\u00f3n al alimento s\u00f3lido.Hembras en gestaci\u00f3n y lactancia: Espolvorear 1 cucharada sopera rasa (5 g) de Redkite\u00ae Sustituto de Leche por cada kg de peso en el alimento seco y suministrar una vez al d\u00eda, 20 d\u00edas antes del parto y hasta 2 meses despu\u00e9s.No sobrealimente, puede ser perjudicial para la salud de la mascota. Consulte al M\u00e9dico Veterinario para asegurarse del \u00f3ptimo crecimiento. Una vez diluido el sustituto, debe mantenerse en refrigeraci\u00f3n por m\u00e1ximo 24 horas; despu\u00e9s de ese tiempo, deseche el sobrante. No usar el microondas para calentar la f\u00f3rmula preparada; en su lugar, caliente en ba\u00f1o mar\u00eda. Una vez abierto el producto, cons\u00e9rvelo en su recipiente original correctamente cerrado. Si observa un cambio de color u olor, des\u00e9chelo. PRODUCTO NO APTO PARA EL CONSUMO HUMANO. CONSULTE AL M\u00c9DICO VETERINARIO.<\/div>\n<\/div>\n<\/div>\n<\/div>\n<\/div>\n<\/div>\n<\/div>\n<\/div>\n<\/div>\n","protected":false},"excerpt":{"rendered":"<p>El sustituto de leche para Conejos y roedores de RedKite es una formula nutritiva especialmente dise\u00f1ada para conejos y peque\u00f1os roedores. Ideal para suplementar la leche materna en camadas hu\u00e9rfanas, conejos destetados prematuramente o en situaciones de falta de producci\u00f3n de la madre. Con una composici\u00f3n enriquecida con prebi\u00f3ticos, probi\u00f3ticos, nucle\u00f3tidos y enzimas digestivas, esta f\u00f3rmula promueve un crecimiento saludable, una digesti\u00f3n eficiente y el fortalecimiento del sistema inmunol\u00f3gico de los conejos. Prote\u00edna cruda m\u00edn: 32%Grasa cruda m\u00edn: 23%Fibra cruda max: 0.5%Humedad max: 4%Cenizas max: 4.5%E.L.N max: 36%N\u00daMERO DE AUTORIZACI\u00d3N: A-7290-116<\/p>\n","protected":false},"featured_media":14697,"template":"","meta":[],"product_brand":[104],"product_cat":[67,71],"product_tag":[977],"class_list":{"0":"post-14696","1":"product","2":"type-product","3":"status-publish","4":"has-post-thumbnail","6":"product_brand-redkite","7":"product_cat-pequenos-mamiferos","8":"product_cat-nutricion-pequenos-mamiferos","9":"product_tag-leche-conejos-y-roedores","11":"first","12":"instock","13":"sale","14":"shipping-taxable","15":"purchasable","16":"product-type-simple"},"yoast_head":"<!-- This site is optimized with the Yoast SEO plugin v27.4 - https:\/\/yoast.com\/product\/yoast-seo-wordpress\/ -->\n<title>SUSTITUTO DE LECHE CONEJOS Y ROEDORES 360G | Acuario Supremus<\/title>\n<meta name=\"description\" content=\"El sustituto de leche para Conejos y roedores de RedKite es una formula nutritiva especialmente dise\u00f1ada para conejos y peque\u00f1os roedores.\" \/>\n<meta name=\"robots\" content=\"index, follow, max-snippet:-1, max-image-preview:large, max-video-preview:-1\" \/>\n<link rel=\"canonical\" href=\"https:\/\/acuariosupremus.com\/?product=sustituto-de-leche-conejos-y-roedores-360g\" \/>\n<meta property=\"og:locale\" content=\"es_MX\" \/>\n<meta property=\"og:type\" content=\"article\" \/>\n<meta property=\"og:title\" content=\"SUSTITUTO DE LECHE CONEJOS Y ROEDORES 360G | Acuario Supremus\" \/>\n<meta property=\"og:description\" content=\"El sustituto de leche para Conejos y roedores de RedKite es una formula nutritiva especialmente dise\u00f1ada para conejos y peque\u00f1os roedores.\" \/>\n<meta property=\"og:url\" content=\"https:\/\/acuariosupremus.com\/?product=sustituto-de-leche-conejos-y-roedores-360g\" \/>\n<meta property=\"og:site_name\" content=\"Acuario Supremus\" \/>\n<meta property=\"article:publisher\" content=\"https:\/\/www.facebook.com\/AcuarioSupremus\" \/>\n<meta property=\"article:modified_time\" content=\"2026-01-09T20:42:31+00:00\" \/>\n<meta property=\"og:image\" content=\"https:\/\/acuariosupremus.com\/wp-content\/uploads\/2025\/09\/FL4172.jpg\" \/>\n\t<meta property=\"og:image:width\" content=\"800\" \/>\n\t<meta property=\"og:image:height\" content=\"800\" \/>\n\t<meta property=\"og:image:type\" content=\"image\/jpeg\" \/>\n<meta name=\"twitter:card\" content=\"summary_large_image\" \/>\n<meta name=\"twitter:site\" content=\"@AcuarioSupremus\" \/>\n<meta name=\"twitter:label1\" content=\"Tiempo de lectura\" \/>\n\t<meta name=\"twitter:data1\" content=\"2 minutos\" \/>\n<script type=\"application\/ld+json\" class=\"yoast-schema-graph\">{\"@context\":\"https:\\\/\\\/schema.org\",\"@graph\":[{\"@type\":\"WebPage\",\"@id\":\"https:\\\/\\\/acuariosupremus.com\\\/?product=sustituto-de-leche-conejos-y-roedores-360g\",\"url\":\"https:\\\/\\\/acuariosupremus.com\\\/?product=sustituto-de-leche-conejos-y-roedores-360g\",\"name\":\"SUSTITUTO DE LECHE CONEJOS Y ROEDORES 360G | Acuario Supremus\",\"isPartOf\":{\"@id\":\"https:\\\/\\\/acuariosupremus.com\\\/#website\"},\"primaryImageOfPage\":{\"@id\":\"https:\\\/\\\/acuariosupremus.com\\\/?product=sustituto-de-leche-conejos-y-roedores-360g#primaryimage\"},\"image\":{\"@id\":\"https:\\\/\\\/acuariosupremus.com\\\/?product=sustituto-de-leche-conejos-y-roedores-360g#primaryimage\"},\"thumbnailUrl\":\"https:\\\/\\\/acuariosupremus.com\\\/wp-content\\\/uploads\\\/2025\\\/09\\\/FL4172.jpg\",\"datePublished\":\"2025-09-25T01:22:02+00:00\",\"dateModified\":\"2026-01-09T20:42:31+00:00\",\"description\":\"El sustituto de leche para Conejos y roedores de RedKite es una formula nutritiva especialmente dise\u00f1ada para conejos y peque\u00f1os roedores.\",\"breadcrumb\":{\"@id\":\"https:\\\/\\\/acuariosupremus.com\\\/?product=sustituto-de-leche-conejos-y-roedores-360g#breadcrumb\"},\"inLanguage\":\"es\",\"potentialAction\":[{\"@type\":\"ReadAction\",\"target\":[\"https:\\\/\\\/acuariosupremus.com\\\/?product=sustituto-de-leche-conejos-y-roedores-360g\"]}]},{\"@type\":\"ImageObject\",\"inLanguage\":\"es\",\"@id\":\"https:\\\/\\\/acuariosupremus.com\\\/?product=sustituto-de-leche-conejos-y-roedores-360g#primaryimage\",\"url\":\"https:\\\/\\\/acuariosupremus.com\\\/wp-content\\\/uploads\\\/2025\\\/09\\\/FL4172.jpg\",\"contentUrl\":\"https:\\\/\\\/acuariosupremus.com\\\/wp-content\\\/uploads\\\/2025\\\/09\\\/FL4172.jpg\",\"width\":800,\"height\":800},{\"@type\":\"BreadcrumbList\",\"@id\":\"https:\\\/\\\/acuariosupremus.com\\\/?product=sustituto-de-leche-conejos-y-roedores-360g#breadcrumb\",\"itemListElement\":[{\"@type\":\"ListItem\",\"position\":1,\"name\":\"Portada\",\"item\":\"https:\\\/\\\/acuariosupremus.com\\\/\"},{\"@type\":\"ListItem\",\"position\":2,\"name\":\"Tienda\",\"item\":\"https:\\\/\\\/acuariosupremus.com\\\/tienda\\\/\"},{\"@type\":\"ListItem\",\"position\":3,\"name\":\"SUSTITUTO DE LECHE CONEJOS Y ROEDORES 360G\"}]},{\"@type\":\"WebSite\",\"@id\":\"https:\\\/\\\/acuariosupremus.com\\\/#website\",\"url\":\"https:\\\/\\\/acuariosupremus.com\\\/\",\"name\":\"Acuario Supremus\",\"description\":\"Peces, Peceras y Mascotas.\",\"publisher\":{\"@id\":\"https:\\\/\\\/acuariosupremus.com\\\/#organization\"},\"potentialAction\":[{\"@type\":\"SearchAction\",\"target\":{\"@type\":\"EntryPoint\",\"urlTemplate\":\"https:\\\/\\\/acuariosupremus.com\\\/?s={search_term_string}\"},\"query-input\":{\"@type\":\"PropertyValueSpecification\",\"valueRequired\":true,\"valueName\":\"search_term_string\"}}],\"inLanguage\":\"es\"},{\"@type\":\"Organization\",\"@id\":\"https:\\\/\\\/acuariosupremus.com\\\/#organization\",\"name\":\"Acuario Supremus\",\"url\":\"https:\\\/\\\/acuariosupremus.com\\\/\",\"logo\":{\"@type\":\"ImageObject\",\"inLanguage\":\"es\",\"@id\":\"https:\\\/\\\/acuariosupremus.com\\\/#\\\/schema\\\/logo\\\/image\\\/\",\"url\":\"https:\\\/\\\/acuariosupremus.com\\\/wp-content\\\/uploads\\\/2021\\\/12\\\/cropped-logo_acuario_supremus_fn-2.png\",\"contentUrl\":\"https:\\\/\\\/acuariosupremus.com\\\/wp-content\\\/uploads\\\/2021\\\/12\\\/cropped-logo_acuario_supremus_fn-2.png\",\"width\":1000,\"height\":318,\"caption\":\"Acuario Supremus\"},\"image\":{\"@id\":\"https:\\\/\\\/acuariosupremus.com\\\/#\\\/schema\\\/logo\\\/image\\\/\"},\"sameAs\":[\"https:\\\/\\\/www.facebook.com\\\/AcuarioSupremus\",\"https:\\\/\\\/x.com\\\/AcuarioSupremus\",\"https:\\\/\\\/www.instagram.com\\\/acuariosupremus\\\/?hl=es\"]}]}<\/script>\n<!-- \/ Yoast SEO plugin. -->","yoast_head_json":{"title":"SUSTITUTO DE LECHE CONEJOS Y ROEDORES 360G | Acuario Supremus","description":"El sustituto de leche para Conejos y roedores de RedKite es una formula nutritiva especialmente dise\u00f1ada para conejos y peque\u00f1os roedores.","robots":{"index":"index","follow":"follow","max-snippet":"max-snippet:-1","max-image-preview":"max-image-preview:large","max-video-preview":"max-video-preview:-1"},"canonical":"https:\/\/acuariosupremus.com\/?product=sustituto-de-leche-conejos-y-roedores-360g","og_locale":"es_MX","og_type":"article","og_title":"SUSTITUTO DE LECHE CONEJOS Y ROEDORES 360G | Acuario Supremus","og_description":"El sustituto de leche para Conejos y roedores de RedKite es una formula nutritiva especialmente dise\u00f1ada para conejos y peque\u00f1os roedores.","og_url":"https:\/\/acuariosupremus.com\/?product=sustituto-de-leche-conejos-y-roedores-360g","og_site_name":"Acuario Supremus","article_publisher":"https:\/\/www.facebook.com\/AcuarioSupremus","article_modified_time":"2026-01-09T20:42:31+00:00","og_image":[{"width":800,"height":800,"url":"https:\/\/acuariosupremus.com\/wp-content\/uploads\/2025\/09\/FL4172.jpg","type":"image\/jpeg"}],"twitter_card":"summary_large_image","twitter_site":"@AcuarioSupremus","twitter_misc":{"Tiempo de lectura":"2 minutos"},"schema":{"@context":"https:\/\/schema.org","@graph":[{"@type":"WebPage","@id":"https:\/\/acuariosupremus.com\/?product=sustituto-de-leche-conejos-y-roedores-360g","url":"https:\/\/acuariosupremus.com\/?product=sustituto-de-leche-conejos-y-roedores-360g","name":"SUSTITUTO DE LECHE CONEJOS Y ROEDORES 360G | Acuario Supremus","isPartOf":{"@id":"https:\/\/acuariosupremus.com\/#website"},"primaryImageOfPage":{"@id":"https:\/\/acuariosupremus.com\/?product=sustituto-de-leche-conejos-y-roedores-360g#primaryimage"},"image":{"@id":"https:\/\/acuariosupremus.com\/?product=sustituto-de-leche-conejos-y-roedores-360g#primaryimage"},"thumbnailUrl":"https:\/\/acuariosupremus.com\/wp-content\/uploads\/2025\/09\/FL4172.jpg","datePublished":"2025-09-25T01:22:02+00:00","dateModified":"2026-01-09T20:42:31+00:00","description":"El sustituto de leche para Conejos y roedores de RedKite es una formula nutritiva especialmente dise\u00f1ada para conejos y peque\u00f1os roedores.","breadcrumb":{"@id":"https:\/\/acuariosupremus.com\/?product=sustituto-de-leche-conejos-y-roedores-360g#breadcrumb"},"inLanguage":"es","potentialAction":[{"@type":"ReadAction","target":["https:\/\/acuariosupremus.com\/?product=sustituto-de-leche-conejos-y-roedores-360g"]}]},{"@type":"ImageObject","inLanguage":"es","@id":"https:\/\/acuariosupremus.com\/?product=sustituto-de-leche-conejos-y-roedores-360g#primaryimage","url":"https:\/\/acuariosupremus.com\/wp-content\/uploads\/2025\/09\/FL4172.jpg","contentUrl":"https:\/\/acuariosupremus.com\/wp-content\/uploads\/2025\/09\/FL4172.jpg","width":800,"height":800},{"@type":"BreadcrumbList","@id":"https:\/\/acuariosupremus.com\/?product=sustituto-de-leche-conejos-y-roedores-360g#breadcrumb","itemListElement":[{"@type":"ListItem","position":1,"name":"Portada","item":"https:\/\/acuariosupremus.com\/"},{"@type":"ListItem","position":2,"name":"Tienda","item":"https:\/\/acuariosupremus.com\/tienda\/"},{"@type":"ListItem","position":3,"name":"SUSTITUTO DE LECHE CONEJOS Y ROEDORES 360G"}]},{"@type":"WebSite","@id":"https:\/\/acuariosupremus.com\/#website","url":"https:\/\/acuariosupremus.com\/","name":"Acuario Supremus","description":"Peces, Peceras y Mascotas.","publisher":{"@id":"https:\/\/acuariosupremus.com\/#organization"},"potentialAction":[{"@type":"SearchAction","target":{"@type":"EntryPoint","urlTemplate":"https:\/\/acuariosupremus.com\/?s={search_term_string}"},"query-input":{"@type":"PropertyValueSpecification","valueRequired":true,"valueName":"search_term_string"}}],"inLanguage":"es"},{"@type":"Organization","@id":"https:\/\/acuariosupremus.com\/#organization","name":"Acuario Supremus","url":"https:\/\/acuariosupremus.com\/","logo":{"@type":"ImageObject","inLanguage":"es","@id":"https:\/\/acuariosupremus.com\/#\/schema\/logo\/image\/","url":"https:\/\/acuariosupremus.com\/wp-content\/uploads\/2021\/12\/cropped-logo_acuario_supremus_fn-2.png","contentUrl":"https:\/\/acuariosupremus.com\/wp-content\/uploads\/2021\/12\/cropped-logo_acuario_supremus_fn-2.png","width":1000,"height":318,"caption":"Acuario Supremus"},"image":{"@id":"https:\/\/acuariosupremus.com\/#\/schema\/logo\/image\/"},"sameAs":["https:\/\/www.facebook.com\/AcuarioSupremus","https:\/\/x.com\/AcuarioSupremus","https:\/\/www.instagram.com\/acuariosupremus\/?hl=es"]}]}},"jetpack_sharing_enabled":true,"_links":{"self":[{"href":"https:\/\/acuariosupremus.com\/index.php?rest_route=\/wp\/v2\/product\/14696","targetHints":{"allow":["GET"]}}],"collection":[{"href":"https:\/\/acuariosupremus.com\/index.php?rest_route=\/wp\/v2\/product"}],"about":[{"href":"https:\/\/acuariosupremus.com\/index.php?rest_route=\/wp\/v2\/types\/product"}],"wp:featuredmedia":[{"embeddable":true,"href":"https:\/\/acuariosupremus.com\/index.php?rest_route=\/wp\/v2\/media\/14697"}],"wp:attachment":[{"href":"https:\/\/acuariosupremus.com\/index.php?rest_route=%2Fwp%2Fv2%2Fmedia&parent=14696"}],"wp:term":[{"taxonomy":"product_brand","embeddable":true,"href":"https:\/\/acuariosupremus.com\/index.php?rest_route=%2Fwp%2Fv2%2Fproduct_brand&post=14696"},{"taxonomy":"product_cat","embeddable":true,"href":"https:\/\/acuariosupremus.com\/index.php?rest_route=%2Fwp%2Fv2%2Fproduct_cat&post=14696"},{"taxonomy":"product_tag","embeddable":true,"href":"https:\/\/acuariosupremus.com\/index.php?rest_route=%2Fwp%2Fv2%2Fproduct_tag&post=14696"}],"curies":[{"name":"wp","href":"https:\/\/api.w.org\/{rel}","templated":true}]}}