{"id":15359,"date":"2025-10-17T15:52:07","date_gmt":"2025-10-17T21:52:07","guid":{"rendered":"https:\/\/acuariosupremus.com\/?post_type=product&#038;p=15359"},"modified":"2025-12-24T16:36:58","modified_gmt":"2025-12-24T22:36:58","slug":"nutri-stick-desodorizantes-para-tortugas-juveniles-1-kg","status":"publish","type":"product","link":"https:\/\/acuariosupremus.com\/?product=nutri-stick-desodorizantes-para-tortugas-juveniles-1-kg","title":{"rendered":"Nutri stick desodorizantes para tortugas juveniles 1 kg"},"content":{"rendered":"<ol start=\"3\">\n<li>\n<ol>\n<li><strong>Camarones espada salvajes + vegetales de temporada: Una f\u00f3rmula premium deliciosa de primera calidad, rica en nutrientes y calcio<\/strong><\/li>\n<\/ol>\n<p>Utilizamos una cantidad sustancial de camarones espada salvajes, jingou y akiami (hasta un 30%), de primera calidad combinados con diversos vegetales de temporada como col, zanahoria, calabaza y hojas de moras. Esta f\u00f3rmula proporciona abundante calcio y vitaminas (A, D3), con una proporci\u00f3n calcio-f\u00f3sforo de 3:1. Toda la prote\u00edna fresca proviene de carne real, verduras y algas. Ofrece una excelente palatabilidad y una nutrici\u00f3n enriquecida para las tortugas acu\u00e1ticas juveniles. Especialmente formulados para tortugas juveniles con una longitud de caparaz\u00f3n de entre 6 a 12 cm, lo que se garantiza que puedan disfrutar de un alimento b\u00e1sico m\u00e1s sabroso y saludable para todos los d\u00edas.<\/p>\n<ol start=\"2\">\n<li><strong>Probi\u00f3ticos desodorizantes UF: reducen significativamente el 80% del olor y mejora la claridad del agua<\/strong><\/li>\n<\/ol>\n<p>Los probi\u00f3ticos desodorizantes UF, especialmente dise\u00f1ados para tortugas, establecen r\u00e1pidamente un microbioma intestinal saludable, ayudando a las tortugas a absorber eficientemente los nutrientes de los alimentos. Inhiben eficazmente el desarrollo de bacterias da\u00f1inas y de bacterias delet\u00e9reas al mismo tiempo que descomponen eficientemente el amon\u00edaco y el sulfuro de hidr\u00f3geno en los excrementos, lo que reduce el olor y la turbidez del agua hasta en un 80%, \u00a1brind\u00e1ndole a tu tortuga un ambiente de vida m\u00e1s saludable!<\/p>\n<ol start=\"3\">\n<li><strong>Ganoderma + espirulina + vitaminas: Siple las necesidades nutrimentales de las tortugas de forma integral<\/strong><\/li>\n<\/ol>\n<p>Rico en polisac\u00e1ridos provenientes de Ganoderma (\u03b2-glucano), espirulina, vitaminas (A, D3, C, E, B1, B2, B6, B12 &amp; H), \u03b2-caroteno, minerales naturales y otros nutrientes, que pueden ayudar a estimular el metabolismo y fortalecer el sistema inmunol\u00f3gico, mejorando en general la salud y vitalidad para las tortugas.<\/p>\n<p><strong>INGREDIENTES CUIDADOSAMENTE SELECCIONADOS<\/strong><\/p>\n<p>Camarones espada, camarones jingou, sardinas, krill, calamares, col, zanahoria, calabaza, hojas de moras, espirulina, algas marinas, ma\u00edz, germen de trigo, soya, levaduras, aceite de h\u00edgado de bacalao, sustancias minerales y probi\u00f3ticos UF (L. plantarum, L. fermentum, B. subtilis). Vitaminas: A, D3, C, E, B1, B2, B6, B12 y H, \u03b2-caroteno, \u00e1cido f\u00f3lico, \u00e1cido nicot\u00ednico, \u00e1cido pantot\u00e9nico, metionina, lisina.<\/li>\n<\/ol>\n<p><strong>GRANULOMETR\u00cdA (mm.) 3 x 5\u00a0<\/strong><\/p>\n","protected":false},"excerpt":{"rendered":"<p>Nutri Stick Desodorizantes para Tortugas Juveniles es un alimento flotante formulado con hasta 30% de camarones espada salvajes y vegetales frescos como zanahoria, calabaza y hojas de moras. Est\u00e1 dise\u00f1ado para tortugas acu\u00e1ticas juveniles de 6 a 12 cm como la japonesa, pavo real o navaja. Gracias a sus probi\u00f3ticos desodorizantes UF, reduce hasta en un 80% el mal olor y la turbidez del agua. Enriquecido con Ganoderma, espirulina y vitaminas esenciales, refuerza el sistema inmunol\u00f3gico, estimula el metabolismo y mejora la salud y vitalidad de las tortugas j\u00f3venes.<\/p>\n<p>&nbsp;<\/p>\n","protected":false},"featured_media":15361,"template":"","meta":[],"product_brand":[121],"product_cat":[84,89],"product_tag":[150,295,997,157],"class_list":{"0":"post-15359","1":"product","2":"type-product","3":"status-publish","4":"has-post-thumbnail","6":"product_brand-ultrafresh","7":"product_cat-reptiles-y-anfibios","8":"product_cat-nutricion-reptiles-y-anfibios","9":"product_tag-alimento-premium","10":"product_tag-alimento-tortuga","11":"product_tag-alimento-tortuga-desodorizante","12":"product_tag-sticks","14":"first","15":"instock","16":"sale","17":"shipping-taxable","18":"purchasable","19":"product-type-simple"},"yoast_head":"<!-- This site is optimized with the Yoast SEO plugin v27.4 - https:\/\/yoast.com\/product\/yoast-seo-wordpress\/ -->\n<title>Nutri stick desodorizantes para tortugas juveniles 1 kg | Acuario Supremus<\/title>\n<meta name=\"description\" content=\"Nutri Stick Desodorizantes para Tortugas Juveniles 1 K es un alimento flotante formulado con hasta 30% de camarones espada salvajes y vegetales frescos\" \/>\n<meta name=\"robots\" content=\"index, follow, max-snippet:-1, max-image-preview:large, max-video-preview:-1\" \/>\n<link rel=\"canonical\" href=\"https:\/\/acuariosupremus.com\/?product=nutri-stick-desodorizantes-para-tortugas-juveniles-1-kg\" \/>\n<meta property=\"og:locale\" content=\"es_MX\" \/>\n<meta property=\"og:type\" content=\"article\" \/>\n<meta property=\"og:title\" content=\"Nutri stick desodorizantes para tortugas juveniles 1 kg | Acuario Supremus\" \/>\n<meta property=\"og:description\" content=\"Nutri Stick Desodorizantes para Tortugas Juveniles 1 K es un alimento flotante formulado con hasta 30% de camarones espada salvajes y vegetales frescos\" \/>\n<meta property=\"og:url\" content=\"https:\/\/acuariosupremus.com\/?product=nutri-stick-desodorizantes-para-tortugas-juveniles-1-kg\" \/>\n<meta property=\"og:site_name\" content=\"Acuario Supremus\" \/>\n<meta property=\"article:publisher\" content=\"https:\/\/www.facebook.com\/AcuarioSupremus\" \/>\n<meta property=\"article:modified_time\" content=\"2025-12-24T22:36:58+00:00\" \/>\n<meta property=\"og:image\" content=\"https:\/\/acuariosupremus.com\/wp-content\/uploads\/2025\/10\/Tortuga-Juvenil-04.jpg\" \/>\n\t<meta property=\"og:image:width\" content=\"1000\" \/>\n\t<meta property=\"og:image:height\" content=\"1000\" \/>\n\t<meta property=\"og:image:type\" content=\"image\/jpeg\" \/>\n<meta name=\"twitter:card\" content=\"summary_large_image\" \/>\n<meta name=\"twitter:site\" content=\"@AcuarioSupremus\" \/>\n<meta name=\"twitter:label1\" content=\"Tiempo de lectura\" \/>\n\t<meta name=\"twitter:data1\" content=\"2 minutos\" \/>\n<script type=\"application\/ld+json\" class=\"yoast-schema-graph\">{\"@context\":\"https:\\\/\\\/schema.org\",\"@graph\":[{\"@type\":\"WebPage\",\"@id\":\"https:\\\/\\\/acuariosupremus.com\\\/?product=nutri-stick-desodorizantes-para-tortugas-juveniles-1-kg\",\"url\":\"https:\\\/\\\/acuariosupremus.com\\\/?product=nutri-stick-desodorizantes-para-tortugas-juveniles-1-kg\",\"name\":\"Nutri stick desodorizantes para tortugas juveniles 1 kg | Acuario Supremus\",\"isPartOf\":{\"@id\":\"https:\\\/\\\/acuariosupremus.com\\\/#website\"},\"primaryImageOfPage\":{\"@id\":\"https:\\\/\\\/acuariosupremus.com\\\/?product=nutri-stick-desodorizantes-para-tortugas-juveniles-1-kg#primaryimage\"},\"image\":{\"@id\":\"https:\\\/\\\/acuariosupremus.com\\\/?product=nutri-stick-desodorizantes-para-tortugas-juveniles-1-kg#primaryimage\"},\"thumbnailUrl\":\"https:\\\/\\\/acuariosupremus.com\\\/wp-content\\\/uploads\\\/2025\\\/10\\\/Tortuga-Juvenil-04.jpg\",\"datePublished\":\"2025-10-17T21:52:07+00:00\",\"dateModified\":\"2025-12-24T22:36:58+00:00\",\"description\":\"Nutri Stick Desodorizantes para Tortugas Juveniles 1 K es un alimento flotante formulado con hasta 30% de camarones espada salvajes y vegetales frescos\",\"breadcrumb\":{\"@id\":\"https:\\\/\\\/acuariosupremus.com\\\/?product=nutri-stick-desodorizantes-para-tortugas-juveniles-1-kg#breadcrumb\"},\"inLanguage\":\"es\",\"potentialAction\":[{\"@type\":\"ReadAction\",\"target\":[\"https:\\\/\\\/acuariosupremus.com\\\/?product=nutri-stick-desodorizantes-para-tortugas-juveniles-1-kg\"]}]},{\"@type\":\"ImageObject\",\"inLanguage\":\"es\",\"@id\":\"https:\\\/\\\/acuariosupremus.com\\\/?product=nutri-stick-desodorizantes-para-tortugas-juveniles-1-kg#primaryimage\",\"url\":\"https:\\\/\\\/acuariosupremus.com\\\/wp-content\\\/uploads\\\/2025\\\/10\\\/Tortuga-Juvenil-04.jpg\",\"contentUrl\":\"https:\\\/\\\/acuariosupremus.com\\\/wp-content\\\/uploads\\\/2025\\\/10\\\/Tortuga-Juvenil-04.jpg\",\"width\":1000,\"height\":1000},{\"@type\":\"BreadcrumbList\",\"@id\":\"https:\\\/\\\/acuariosupremus.com\\\/?product=nutri-stick-desodorizantes-para-tortugas-juveniles-1-kg#breadcrumb\",\"itemListElement\":[{\"@type\":\"ListItem\",\"position\":1,\"name\":\"Portada\",\"item\":\"https:\\\/\\\/acuariosupremus.com\\\/\"},{\"@type\":\"ListItem\",\"position\":2,\"name\":\"Tienda\",\"item\":\"https:\\\/\\\/acuariosupremus.com\\\/tienda\\\/\"},{\"@type\":\"ListItem\",\"position\":3,\"name\":\"Nutri stick desodorizantes para tortugas juveniles 1 kg\"}]},{\"@type\":\"WebSite\",\"@id\":\"https:\\\/\\\/acuariosupremus.com\\\/#website\",\"url\":\"https:\\\/\\\/acuariosupremus.com\\\/\",\"name\":\"Acuario Supremus\",\"description\":\"Peces, Peceras y Mascotas.\",\"publisher\":{\"@id\":\"https:\\\/\\\/acuariosupremus.com\\\/#organization\"},\"potentialAction\":[{\"@type\":\"SearchAction\",\"target\":{\"@type\":\"EntryPoint\",\"urlTemplate\":\"https:\\\/\\\/acuariosupremus.com\\\/?s={search_term_string}\"},\"query-input\":{\"@type\":\"PropertyValueSpecification\",\"valueRequired\":true,\"valueName\":\"search_term_string\"}}],\"inLanguage\":\"es\"},{\"@type\":\"Organization\",\"@id\":\"https:\\\/\\\/acuariosupremus.com\\\/#organization\",\"name\":\"Acuario Supremus\",\"url\":\"https:\\\/\\\/acuariosupremus.com\\\/\",\"logo\":{\"@type\":\"ImageObject\",\"inLanguage\":\"es\",\"@id\":\"https:\\\/\\\/acuariosupremus.com\\\/#\\\/schema\\\/logo\\\/image\\\/\",\"url\":\"https:\\\/\\\/acuariosupremus.com\\\/wp-content\\\/uploads\\\/2021\\\/12\\\/cropped-logo_acuario_supremus_fn-2.png\",\"contentUrl\":\"https:\\\/\\\/acuariosupremus.com\\\/wp-content\\\/uploads\\\/2021\\\/12\\\/cropped-logo_acuario_supremus_fn-2.png\",\"width\":1000,\"height\":318,\"caption\":\"Acuario Supremus\"},\"image\":{\"@id\":\"https:\\\/\\\/acuariosupremus.com\\\/#\\\/schema\\\/logo\\\/image\\\/\"},\"sameAs\":[\"https:\\\/\\\/www.facebook.com\\\/AcuarioSupremus\",\"https:\\\/\\\/x.com\\\/AcuarioSupremus\",\"https:\\\/\\\/www.instagram.com\\\/acuariosupremus\\\/?hl=es\"]}]}<\/script>\n<!-- \/ Yoast SEO plugin. -->","yoast_head_json":{"title":"Nutri stick desodorizantes para tortugas juveniles 1 kg | Acuario Supremus","description":"Nutri Stick Desodorizantes para Tortugas Juveniles 1 K es un alimento flotante formulado con hasta 30% de camarones espada salvajes y vegetales frescos","robots":{"index":"index","follow":"follow","max-snippet":"max-snippet:-1","max-image-preview":"max-image-preview:large","max-video-preview":"max-video-preview:-1"},"canonical":"https:\/\/acuariosupremus.com\/?product=nutri-stick-desodorizantes-para-tortugas-juveniles-1-kg","og_locale":"es_MX","og_type":"article","og_title":"Nutri stick desodorizantes para tortugas juveniles 1 kg | Acuario Supremus","og_description":"Nutri Stick Desodorizantes para Tortugas Juveniles 1 K es un alimento flotante formulado con hasta 30% de camarones espada salvajes y vegetales frescos","og_url":"https:\/\/acuariosupremus.com\/?product=nutri-stick-desodorizantes-para-tortugas-juveniles-1-kg","og_site_name":"Acuario Supremus","article_publisher":"https:\/\/www.facebook.com\/AcuarioSupremus","article_modified_time":"2025-12-24T22:36:58+00:00","og_image":[{"width":1000,"height":1000,"url":"https:\/\/acuariosupremus.com\/wp-content\/uploads\/2025\/10\/Tortuga-Juvenil-04.jpg","type":"image\/jpeg"}],"twitter_card":"summary_large_image","twitter_site":"@AcuarioSupremus","twitter_misc":{"Tiempo de lectura":"2 minutos"},"schema":{"@context":"https:\/\/schema.org","@graph":[{"@type":"WebPage","@id":"https:\/\/acuariosupremus.com\/?product=nutri-stick-desodorizantes-para-tortugas-juveniles-1-kg","url":"https:\/\/acuariosupremus.com\/?product=nutri-stick-desodorizantes-para-tortugas-juveniles-1-kg","name":"Nutri stick desodorizantes para tortugas juveniles 1 kg | Acuario Supremus","isPartOf":{"@id":"https:\/\/acuariosupremus.com\/#website"},"primaryImageOfPage":{"@id":"https:\/\/acuariosupremus.com\/?product=nutri-stick-desodorizantes-para-tortugas-juveniles-1-kg#primaryimage"},"image":{"@id":"https:\/\/acuariosupremus.com\/?product=nutri-stick-desodorizantes-para-tortugas-juveniles-1-kg#primaryimage"},"thumbnailUrl":"https:\/\/acuariosupremus.com\/wp-content\/uploads\/2025\/10\/Tortuga-Juvenil-04.jpg","datePublished":"2025-10-17T21:52:07+00:00","dateModified":"2025-12-24T22:36:58+00:00","description":"Nutri Stick Desodorizantes para Tortugas Juveniles 1 K es un alimento flotante formulado con hasta 30% de camarones espada salvajes y vegetales frescos","breadcrumb":{"@id":"https:\/\/acuariosupremus.com\/?product=nutri-stick-desodorizantes-para-tortugas-juveniles-1-kg#breadcrumb"},"inLanguage":"es","potentialAction":[{"@type":"ReadAction","target":["https:\/\/acuariosupremus.com\/?product=nutri-stick-desodorizantes-para-tortugas-juveniles-1-kg"]}]},{"@type":"ImageObject","inLanguage":"es","@id":"https:\/\/acuariosupremus.com\/?product=nutri-stick-desodorizantes-para-tortugas-juveniles-1-kg#primaryimage","url":"https:\/\/acuariosupremus.com\/wp-content\/uploads\/2025\/10\/Tortuga-Juvenil-04.jpg","contentUrl":"https:\/\/acuariosupremus.com\/wp-content\/uploads\/2025\/10\/Tortuga-Juvenil-04.jpg","width":1000,"height":1000},{"@type":"BreadcrumbList","@id":"https:\/\/acuariosupremus.com\/?product=nutri-stick-desodorizantes-para-tortugas-juveniles-1-kg#breadcrumb","itemListElement":[{"@type":"ListItem","position":1,"name":"Portada","item":"https:\/\/acuariosupremus.com\/"},{"@type":"ListItem","position":2,"name":"Tienda","item":"https:\/\/acuariosupremus.com\/tienda\/"},{"@type":"ListItem","position":3,"name":"Nutri stick desodorizantes para tortugas juveniles 1 kg"}]},{"@type":"WebSite","@id":"https:\/\/acuariosupremus.com\/#website","url":"https:\/\/acuariosupremus.com\/","name":"Acuario Supremus","description":"Peces, Peceras y Mascotas.","publisher":{"@id":"https:\/\/acuariosupremus.com\/#organization"},"potentialAction":[{"@type":"SearchAction","target":{"@type":"EntryPoint","urlTemplate":"https:\/\/acuariosupremus.com\/?s={search_term_string}"},"query-input":{"@type":"PropertyValueSpecification","valueRequired":true,"valueName":"search_term_string"}}],"inLanguage":"es"},{"@type":"Organization","@id":"https:\/\/acuariosupremus.com\/#organization","name":"Acuario Supremus","url":"https:\/\/acuariosupremus.com\/","logo":{"@type":"ImageObject","inLanguage":"es","@id":"https:\/\/acuariosupremus.com\/#\/schema\/logo\/image\/","url":"https:\/\/acuariosupremus.com\/wp-content\/uploads\/2021\/12\/cropped-logo_acuario_supremus_fn-2.png","contentUrl":"https:\/\/acuariosupremus.com\/wp-content\/uploads\/2021\/12\/cropped-logo_acuario_supremus_fn-2.png","width":1000,"height":318,"caption":"Acuario Supremus"},"image":{"@id":"https:\/\/acuariosupremus.com\/#\/schema\/logo\/image\/"},"sameAs":["https:\/\/www.facebook.com\/AcuarioSupremus","https:\/\/x.com\/AcuarioSupremus","https:\/\/www.instagram.com\/acuariosupremus\/?hl=es"]}]}},"jetpack_sharing_enabled":true,"_links":{"self":[{"href":"https:\/\/acuariosupremus.com\/index.php?rest_route=\/wp\/v2\/product\/15359","targetHints":{"allow":["GET"]}}],"collection":[{"href":"https:\/\/acuariosupremus.com\/index.php?rest_route=\/wp\/v2\/product"}],"about":[{"href":"https:\/\/acuariosupremus.com\/index.php?rest_route=\/wp\/v2\/types\/product"}],"wp:featuredmedia":[{"embeddable":true,"href":"https:\/\/acuariosupremus.com\/index.php?rest_route=\/wp\/v2\/media\/15361"}],"wp:attachment":[{"href":"https:\/\/acuariosupremus.com\/index.php?rest_route=%2Fwp%2Fv2%2Fmedia&parent=15359"}],"wp:term":[{"taxonomy":"product_brand","embeddable":true,"href":"https:\/\/acuariosupremus.com\/index.php?rest_route=%2Fwp%2Fv2%2Fproduct_brand&post=15359"},{"taxonomy":"product_cat","embeddable":true,"href":"https:\/\/acuariosupremus.com\/index.php?rest_route=%2Fwp%2Fv2%2Fproduct_cat&post=15359"},{"taxonomy":"product_tag","embeddable":true,"href":"https:\/\/acuariosupremus.com\/index.php?rest_route=%2Fwp%2Fv2%2Fproduct_tag&post=15359"}],"curies":[{"name":"wp","href":"https:\/\/api.w.org\/{rel}","templated":true}]}}