{"id":15497,"date":"2025-11-18T15:00:51","date_gmt":"2025-11-18T21:00:51","guid":{"rendered":"https:\/\/acuariosupremus.com\/?post_type=product&#038;p=15497"},"modified":"2026-04-15T18:50:20","modified_gmt":"2026-04-16T00:50:20","slug":"kit-dental-p-perro","status":"publish","type":"product","link":"https:\/\/acuariosupremus.com\/?product=kit-dental-p-perro","title":{"rendered":"KIT DENTAL P\/ PERRO."},"content":{"rendered":"<div id=\"tab-label-additional\" class=\"data item title active\" tabindex=\"0\" role=\"tab\" aria-labeledby=\"tab-label-additional-title\" data-role=\"collapsible\" data-collapsible=\"true\" aria-controls=\"additional\" aria-selected=\"true\" aria-expanded=\"true\">CARACTER\u00cdSTICAS<\/div>\n<div id=\"additional\" class=\"data item content\" role=\"tabpanel\" data-role=\"content\" aria-labelledby=\"tab-label-additional\" aria-hidden=\"false\">\n<div class=\"additional-attributes-wrapper table-wrapper\">Marca: Fancy Pets,\u00a0 Especie: Perros,\u00a0 Contenido neto: 1 Tubo de pasta dental, 1 refrescante de aliento frescura oral, 1 spray dental, 1 dedal r\u00edgido y 1 dedal suave.<\/div>\n<div>\n<div id=\"tab-label-product.info.ingredientes.formulacion\" class=\"data item title active\" tabindex=\"0\" role=\"tab\" aria-labeledby=\"tab-label-product.info.ingredientes.formulacion-title\" data-role=\"collapsible\" data-collapsible=\"true\" aria-controls=\"product.info.ingredientes.formulacion\" aria-selected=\"true\" aria-expanded=\"true\">INGREDIENTES\/FORMULACI\u00d3N<\/div>\n<div id=\"product.info.ingredientes.formulacion\" class=\"data item content\" role=\"tabpanel\" data-role=\"content\" aria-labelledby=\"tab-label-product.info.ingredientes.formulacion\" aria-hidden=\"false\">\n<div class=\"product attribute ingredientes_formulacion\">\n<div class=\"value\">Pasta dental: Sorbitol, glicerina, sacarina de sodio, cloruro de cetilpiridino, metil parabeno s\u00f3dico, di\u00f3xido detitanio, s\u00edlica, pirofosfato tetras\u00f3dico, carboximetilcelulosa de sodio, aroma a hierba buena, agua.Refrescante de aliento: Sorbitol, aceite de ricino hidrogenado, aloe vera, extracto de romero, \u00e1cido asc\u00f3rbico, aceite esencial de hierbabuena, sorbato de potasio, salicilato de metilo, color azul.Spray Dental: Agua, di\u00f3xido de cloro, floruro de sodio, clorhexidina, saborizante natural (menta).<\/div>\n<div>\n<div id=\"tab-label-product.info.ingredientes.modo.de.uso\" class=\"data item title active\" tabindex=\"0\" role=\"tab\" aria-labeledby=\"tab-label-product.info.ingredientes.modo.de.uso-title\" data-role=\"collapsible\" data-collapsible=\"true\" aria-controls=\"product.info.ingredientes.modo.de.uso\" aria-selected=\"true\" aria-expanded=\"true\">MODO DE USO \/ PRECAUCIONES Y ADVERTENCIAS<\/div>\n<div id=\"product.info.ingredientes.modo.de.uso\" class=\"data item content\" role=\"tabpanel\" data-role=\"content\" aria-labelledby=\"tab-label-product.info.ingredientes.modo.de.uso\" aria-hidden=\"false\">\n<div class=\"product attribute modo_de_uso_precuaciones_y_adv\">\n<div class=\"value\">Aseg\u00farese de revisar la etiqueta individual de cada producto del kit para informaci\u00f3n, modo de empleo y dosis recomendada. Se recomienda realizar una revisi\u00f3n dental anual con un M\u00e9dico Veterinario.ADVERTENCIAS: Conserve los productos en su envase original. Mantenga los envases cerrados en un lugar fresco y seco, protegidos de la luz solar. No se deje al alcance de los ni\u00f1os y mascotas.<\/div>\n<\/div>\n<\/div>\n<\/div>\n<\/div>\n<\/div>\n<\/div>\n<\/div>\n","protected":false},"excerpt":{"rendered":"<p>Nuestro kit dental para perros te ofrece todo lo que necesitas para una rutina de higiene completa ye efectiva. El kit incluye: Cepillo y pasta dental: Una f\u00f3rmula desarrollada para prevenir la placa bacteriana, eliminar el sarro y controlar el mal aliento, manteniendo los dientes enc\u00edas fuertes y sanos. Su sabor a hierbabuena hace que el cepillado sea una experiencia mas agradable. Refrescante de aliento: Un spray formulado con ingredientes naturales como aloe vera y romero, ideal para usar entre cepillados y mantener el aliento de tu perro siempre fresco. Spray dental: Una alternativa f\u00e1cil y sin estr\u00e9s para a limpieza diaria. Su f\u00f3rmula con iones ayuda a prevenir el sarro, la gingivitis y la periodontitis, ideal para perros que no dejan cepillar. Dedales de limpieza (suave y r\u00edgido): Dise\u00f1ados para una limpieza c\u00f3moda y menos invasiva. El dedal suave es perfecto para cachorros o perros sensibles, mientras que el r\u00edgido ofrece una limpieza m\u00e1s profunda sin perder la comodidad. Con este kit, puedes ofrecer a tu mejor amigo una salud oral \u00f3ptima y prevenir problemas futuros. N\u00famero de registro: Q-7290-013N\u00famero de autorizaci\u00f3n: Q-7290-011N\u00famero de registro: Q-7290-006<\/p>\n<div id=\"tab-label-product.info.beneficios\" class=\"data item title active\" tabindex=\"0\" role=\"tab\" aria-labeledby=\"tab-label-product.info.beneficios-title\" data-role=\"collapsible\" data-collapsible=\"true\" aria-controls=\"product.info.beneficios\" aria-selected=\"true\" aria-expanded=\"true\">BENEFICIOS<\/div>\n<div id=\"product.info.beneficios\" class=\"data item content\" role=\"tabpanel\" data-role=\"content\" aria-labelledby=\"tab-label-product.info.beneficios\" aria-hidden=\"false\">\n<div class=\"product attribute beneficios\">\n<div class=\"value\">Cuidado completo y a tu medida: Este kit se adapta a tu perro. Incluye un cepillo con pasta para limpieza profunda, un spray dental para una alternativa r\u00e1pida y dedales de limpieza para cachorros o macotas sensibles. Tienes la herramienta ideal para cada ocasi\u00f3n.Prevenci\u00f3n de enfermedades dedales: La pasta y el spray combaten la placa bacteriana y el sarro, previniendo la gingivitis y la p\u00e9rdida de dientes. Es la mejor inversi\u00f3n en la salud a largo plazo de tu perro. Eliminaci\u00f3n del mal aliento de origen: No solo oculta, lo elimina. La pasta limpia los residuos que causan el mal olor, mientras que el refrescante de aliento neutraliza las bacterias para que tu perro tenga un aliento fresco y agradable. F\u00f3rmula segura y beneficiosa: Todos los productos est\u00e1n hechos con ingredientes seguros y efectivos. F\u00f3rmulas como el extracto de romero y la clorhexidina no solo limpian, sino que tambi\u00e9n protegen las enc\u00edas y los dientes de tu mejor amigo. Limpieza c\u00f3moda y sin estr\u00e9s: Los dedales hacen la limpieza menos invasiva y m\u00e1s c\u00f3moda. El spray dental es la soluci\u00f3n perfecta para el d\u00eda a d\u00eda, permiti\u00e9ndote cuidar su bica sin necesidad de una sesi\u00f3n de cepillado formal.<\/div>\n<\/div>\n<\/div>\n","protected":false},"featured_media":15498,"template":"","meta":[],"product_brand":[106],"product_cat":[73,83],"product_tag":[493],"class_list":{"0":"post-15497","1":"product","2":"type-product","3":"status-publish","4":"has-post-thumbnail","6":"product_brand-fancypets","7":"product_cat-perros","8":"product_cat-salud-perros","9":"product_tag-kit-dental-para-perros","11":"first","12":"instock","13":"sale","14":"shipping-taxable","15":"purchasable","16":"product-type-simple"},"yoast_head":"<!-- This site is optimized with the Yoast SEO plugin v27.4 - https:\/\/yoast.com\/product\/yoast-seo-wordpress\/ -->\n<title>KIT DENTAL P\/ PERRO. | Acuario Supremus<\/title>\n<meta name=\"description\" content=\"Kit dental COMPLETO para perros te ofrece todo lo que necesitas para una rutina de higiene completa y efectiva para mantener la dentadura sana.\" \/>\n<meta name=\"robots\" content=\"index, follow, max-snippet:-1, max-image-preview:large, max-video-preview:-1\" \/>\n<link rel=\"canonical\" href=\"https:\/\/acuariosupremus.com\/?product=kit-dental-p-perro\" \/>\n<meta property=\"og:locale\" content=\"es_MX\" \/>\n<meta property=\"og:type\" content=\"article\" \/>\n<meta property=\"og:title\" content=\"KIT DENTAL P\/ PERRO. | Acuario Supremus\" \/>\n<meta property=\"og:description\" content=\"Kit dental COMPLETO para perros te ofrece todo lo que necesitas para una rutina de higiene completa y efectiva para mantener la dentadura sana.\" \/>\n<meta property=\"og:url\" content=\"https:\/\/acuariosupremus.com\/?product=kit-dental-p-perro\" \/>\n<meta property=\"og:site_name\" content=\"Acuario Supremus\" \/>\n<meta property=\"article:publisher\" content=\"https:\/\/www.facebook.com\/AcuarioSupremus\" \/>\n<meta property=\"article:modified_time\" content=\"2026-04-16T00:50:20+00:00\" \/>\n<meta property=\"og:image\" content=\"https:\/\/acuariosupremus.com\/wp-content\/uploads\/2025\/11\/FL5523.jpg\" \/>\n\t<meta property=\"og:image:width\" content=\"800\" \/>\n\t<meta property=\"og:image:height\" content=\"800\" \/>\n\t<meta property=\"og:image:type\" content=\"image\/jpeg\" \/>\n<meta name=\"twitter:card\" content=\"summary_large_image\" \/>\n<meta name=\"twitter:site\" content=\"@AcuarioSupremus\" \/>\n<meta name=\"twitter:label1\" content=\"Tiempo de lectura\" \/>\n\t<meta name=\"twitter:data1\" content=\"1 minuto\" \/>\n<script type=\"application\/ld+json\" class=\"yoast-schema-graph\">{\"@context\":\"https:\\\/\\\/schema.org\",\"@graph\":[{\"@type\":\"WebPage\",\"@id\":\"https:\\\/\\\/acuariosupremus.com\\\/?product=kit-dental-p-perro\",\"url\":\"https:\\\/\\\/acuariosupremus.com\\\/?product=kit-dental-p-perro\",\"name\":\"KIT DENTAL P\\\/ PERRO. | Acuario Supremus\",\"isPartOf\":{\"@id\":\"https:\\\/\\\/acuariosupremus.com\\\/#website\"},\"primaryImageOfPage\":{\"@id\":\"https:\\\/\\\/acuariosupremus.com\\\/?product=kit-dental-p-perro#primaryimage\"},\"image\":{\"@id\":\"https:\\\/\\\/acuariosupremus.com\\\/?product=kit-dental-p-perro#primaryimage\"},\"thumbnailUrl\":\"https:\\\/\\\/acuariosupremus.com\\\/wp-content\\\/uploads\\\/2025\\\/11\\\/FL5523.jpg\",\"datePublished\":\"2025-11-18T21:00:51+00:00\",\"dateModified\":\"2026-04-16T00:50:20+00:00\",\"description\":\"Kit dental COMPLETO para perros te ofrece todo lo que necesitas para una rutina de higiene completa y efectiva para mantener la dentadura sana.\",\"breadcrumb\":{\"@id\":\"https:\\\/\\\/acuariosupremus.com\\\/?product=kit-dental-p-perro#breadcrumb\"},\"inLanguage\":\"es\",\"potentialAction\":[{\"@type\":\"ReadAction\",\"target\":[\"https:\\\/\\\/acuariosupremus.com\\\/?product=kit-dental-p-perro\"]}]},{\"@type\":\"ImageObject\",\"inLanguage\":\"es\",\"@id\":\"https:\\\/\\\/acuariosupremus.com\\\/?product=kit-dental-p-perro#primaryimage\",\"url\":\"https:\\\/\\\/acuariosupremus.com\\\/wp-content\\\/uploads\\\/2025\\\/11\\\/FL5523.jpg\",\"contentUrl\":\"https:\\\/\\\/acuariosupremus.com\\\/wp-content\\\/uploads\\\/2025\\\/11\\\/FL5523.jpg\",\"width\":800,\"height\":800},{\"@type\":\"BreadcrumbList\",\"@id\":\"https:\\\/\\\/acuariosupremus.com\\\/?product=kit-dental-p-perro#breadcrumb\",\"itemListElement\":[{\"@type\":\"ListItem\",\"position\":1,\"name\":\"Portada\",\"item\":\"https:\\\/\\\/acuariosupremus.com\\\/\"},{\"@type\":\"ListItem\",\"position\":2,\"name\":\"Tienda\",\"item\":\"https:\\\/\\\/acuariosupremus.com\\\/tienda\\\/\"},{\"@type\":\"ListItem\",\"position\":3,\"name\":\"KIT DENTAL P\\\/ PERRO.\"}]},{\"@type\":\"WebSite\",\"@id\":\"https:\\\/\\\/acuariosupremus.com\\\/#website\",\"url\":\"https:\\\/\\\/acuariosupremus.com\\\/\",\"name\":\"Acuario Supremus\",\"description\":\"Peces, Peceras y Mascotas.\",\"publisher\":{\"@id\":\"https:\\\/\\\/acuariosupremus.com\\\/#organization\"},\"potentialAction\":[{\"@type\":\"SearchAction\",\"target\":{\"@type\":\"EntryPoint\",\"urlTemplate\":\"https:\\\/\\\/acuariosupremus.com\\\/?s={search_term_string}\"},\"query-input\":{\"@type\":\"PropertyValueSpecification\",\"valueRequired\":true,\"valueName\":\"search_term_string\"}}],\"inLanguage\":\"es\"},{\"@type\":\"Organization\",\"@id\":\"https:\\\/\\\/acuariosupremus.com\\\/#organization\",\"name\":\"Acuario Supremus\",\"url\":\"https:\\\/\\\/acuariosupremus.com\\\/\",\"logo\":{\"@type\":\"ImageObject\",\"inLanguage\":\"es\",\"@id\":\"https:\\\/\\\/acuariosupremus.com\\\/#\\\/schema\\\/logo\\\/image\\\/\",\"url\":\"https:\\\/\\\/acuariosupremus.com\\\/wp-content\\\/uploads\\\/2021\\\/12\\\/cropped-logo_acuario_supremus_fn-2.png\",\"contentUrl\":\"https:\\\/\\\/acuariosupremus.com\\\/wp-content\\\/uploads\\\/2021\\\/12\\\/cropped-logo_acuario_supremus_fn-2.png\",\"width\":1000,\"height\":318,\"caption\":\"Acuario Supremus\"},\"image\":{\"@id\":\"https:\\\/\\\/acuariosupremus.com\\\/#\\\/schema\\\/logo\\\/image\\\/\"},\"sameAs\":[\"https:\\\/\\\/www.facebook.com\\\/AcuarioSupremus\",\"https:\\\/\\\/x.com\\\/AcuarioSupremus\",\"https:\\\/\\\/www.instagram.com\\\/acuariosupremus\\\/?hl=es\"]}]}<\/script>\n<!-- \/ Yoast SEO plugin. -->","yoast_head_json":{"title":"KIT DENTAL P\/ PERRO. | Acuario Supremus","description":"Kit dental COMPLETO para perros te ofrece todo lo que necesitas para una rutina de higiene completa y efectiva para mantener la dentadura sana.","robots":{"index":"index","follow":"follow","max-snippet":"max-snippet:-1","max-image-preview":"max-image-preview:large","max-video-preview":"max-video-preview:-1"},"canonical":"https:\/\/acuariosupremus.com\/?product=kit-dental-p-perro","og_locale":"es_MX","og_type":"article","og_title":"KIT DENTAL P\/ PERRO. | Acuario Supremus","og_description":"Kit dental COMPLETO para perros te ofrece todo lo que necesitas para una rutina de higiene completa y efectiva para mantener la dentadura sana.","og_url":"https:\/\/acuariosupremus.com\/?product=kit-dental-p-perro","og_site_name":"Acuario Supremus","article_publisher":"https:\/\/www.facebook.com\/AcuarioSupremus","article_modified_time":"2026-04-16T00:50:20+00:00","og_image":[{"width":800,"height":800,"url":"https:\/\/acuariosupremus.com\/wp-content\/uploads\/2025\/11\/FL5523.jpg","type":"image\/jpeg"}],"twitter_card":"summary_large_image","twitter_site":"@AcuarioSupremus","twitter_misc":{"Tiempo de lectura":"1 minuto"},"schema":{"@context":"https:\/\/schema.org","@graph":[{"@type":"WebPage","@id":"https:\/\/acuariosupremus.com\/?product=kit-dental-p-perro","url":"https:\/\/acuariosupremus.com\/?product=kit-dental-p-perro","name":"KIT DENTAL P\/ PERRO. | Acuario Supremus","isPartOf":{"@id":"https:\/\/acuariosupremus.com\/#website"},"primaryImageOfPage":{"@id":"https:\/\/acuariosupremus.com\/?product=kit-dental-p-perro#primaryimage"},"image":{"@id":"https:\/\/acuariosupremus.com\/?product=kit-dental-p-perro#primaryimage"},"thumbnailUrl":"https:\/\/acuariosupremus.com\/wp-content\/uploads\/2025\/11\/FL5523.jpg","datePublished":"2025-11-18T21:00:51+00:00","dateModified":"2026-04-16T00:50:20+00:00","description":"Kit dental COMPLETO para perros te ofrece todo lo que necesitas para una rutina de higiene completa y efectiva para mantener la dentadura sana.","breadcrumb":{"@id":"https:\/\/acuariosupremus.com\/?product=kit-dental-p-perro#breadcrumb"},"inLanguage":"es","potentialAction":[{"@type":"ReadAction","target":["https:\/\/acuariosupremus.com\/?product=kit-dental-p-perro"]}]},{"@type":"ImageObject","inLanguage":"es","@id":"https:\/\/acuariosupremus.com\/?product=kit-dental-p-perro#primaryimage","url":"https:\/\/acuariosupremus.com\/wp-content\/uploads\/2025\/11\/FL5523.jpg","contentUrl":"https:\/\/acuariosupremus.com\/wp-content\/uploads\/2025\/11\/FL5523.jpg","width":800,"height":800},{"@type":"BreadcrumbList","@id":"https:\/\/acuariosupremus.com\/?product=kit-dental-p-perro#breadcrumb","itemListElement":[{"@type":"ListItem","position":1,"name":"Portada","item":"https:\/\/acuariosupremus.com\/"},{"@type":"ListItem","position":2,"name":"Tienda","item":"https:\/\/acuariosupremus.com\/tienda\/"},{"@type":"ListItem","position":3,"name":"KIT DENTAL P\/ PERRO."}]},{"@type":"WebSite","@id":"https:\/\/acuariosupremus.com\/#website","url":"https:\/\/acuariosupremus.com\/","name":"Acuario Supremus","description":"Peces, Peceras y Mascotas.","publisher":{"@id":"https:\/\/acuariosupremus.com\/#organization"},"potentialAction":[{"@type":"SearchAction","target":{"@type":"EntryPoint","urlTemplate":"https:\/\/acuariosupremus.com\/?s={search_term_string}"},"query-input":{"@type":"PropertyValueSpecification","valueRequired":true,"valueName":"search_term_string"}}],"inLanguage":"es"},{"@type":"Organization","@id":"https:\/\/acuariosupremus.com\/#organization","name":"Acuario Supremus","url":"https:\/\/acuariosupremus.com\/","logo":{"@type":"ImageObject","inLanguage":"es","@id":"https:\/\/acuariosupremus.com\/#\/schema\/logo\/image\/","url":"https:\/\/acuariosupremus.com\/wp-content\/uploads\/2021\/12\/cropped-logo_acuario_supremus_fn-2.png","contentUrl":"https:\/\/acuariosupremus.com\/wp-content\/uploads\/2021\/12\/cropped-logo_acuario_supremus_fn-2.png","width":1000,"height":318,"caption":"Acuario Supremus"},"image":{"@id":"https:\/\/acuariosupremus.com\/#\/schema\/logo\/image\/"},"sameAs":["https:\/\/www.facebook.com\/AcuarioSupremus","https:\/\/x.com\/AcuarioSupremus","https:\/\/www.instagram.com\/acuariosupremus\/?hl=es"]}]}},"jetpack_sharing_enabled":true,"_links":{"self":[{"href":"https:\/\/acuariosupremus.com\/index.php?rest_route=\/wp\/v2\/product\/15497","targetHints":{"allow":["GET"]}}],"collection":[{"href":"https:\/\/acuariosupremus.com\/index.php?rest_route=\/wp\/v2\/product"}],"about":[{"href":"https:\/\/acuariosupremus.com\/index.php?rest_route=\/wp\/v2\/types\/product"}],"wp:featuredmedia":[{"embeddable":true,"href":"https:\/\/acuariosupremus.com\/index.php?rest_route=\/wp\/v2\/media\/15498"}],"wp:attachment":[{"href":"https:\/\/acuariosupremus.com\/index.php?rest_route=%2Fwp%2Fv2%2Fmedia&parent=15497"}],"wp:term":[{"taxonomy":"product_brand","embeddable":true,"href":"https:\/\/acuariosupremus.com\/index.php?rest_route=%2Fwp%2Fv2%2Fproduct_brand&post=15497"},{"taxonomy":"product_cat","embeddable":true,"href":"https:\/\/acuariosupremus.com\/index.php?rest_route=%2Fwp%2Fv2%2Fproduct_cat&post=15497"},{"taxonomy":"product_tag","embeddable":true,"href":"https:\/\/acuariosupremus.com\/index.php?rest_route=%2Fwp%2Fv2%2Fproduct_tag&post=15497"}],"curies":[{"name":"wp","href":"https:\/\/api.w.org\/{rel}","templated":true}]}}