{"id":15501,"date":"2025-11-18T15:15:29","date_gmt":"2025-11-18T21:15:29","guid":{"rendered":"https:\/\/acuariosupremus.com\/?post_type=product&#038;p=15501"},"modified":"2026-02-02T16:00:05","modified_gmt":"2026-02-02T22:00:05","slug":"juguete-zanahoria-aroma-sniff-ch","status":"publish","type":"product","link":"https:\/\/acuariosupremus.com\/?product=juguete-zanahoria-aroma-sniff-ch","title":{"rendered":"JUGUETE ZANAHORIA AROMA SNIFF CH"},"content":{"rendered":"<p>Contenido neto: 1 pieza,\u00a0 \u00a0Marca: Fancy Pets,\u00a0 Especie: Perros,\u00a0 Medidas: 4.3 cm x 12 cm x 4.9 cm,\u00a0 Material:\u00a0 90% TPR, 10% FOAM TPR<\/p>\n<div id=\"tab-label-product.info.ingredientes.modo.de.uso\" class=\"data item title active\" tabindex=\"0\" role=\"tab\" aria-labeledby=\"tab-label-product.info.ingredientes.modo.de.uso-title\" data-role=\"collapsible\" data-collapsible=\"true\" aria-controls=\"product.info.ingredientes.modo.de.uso\" aria-selected=\"true\" aria-expanded=\"true\">MODO DE USO \/ PRECAUCIONES Y ADVERTENCIAS<\/div>\n<div id=\"product.info.ingredientes.modo.de.uso\" class=\"data item content\" role=\"tabpanel\" data-role=\"content\" aria-labelledby=\"tab-label-product.info.ingredientes.modo.de.uso\" aria-hidden=\"false\">\n<div class=\"product attribute modo_de_uso_precuaciones_y_adv\">\n<div class=\"value\">Para el juego: Ofrece el juguete a tu perro para que lo mastique y juegue. Las texturas y protuberancias del juguete activar\u00e1n su olfato y lo mantendr\u00e1n entretenido, promoviendo la limpieza dental mientras se divierte.Para mantener el juguete en \u00f3ptimas condiciones, l\u00e1valo regularmente con agua y jab\u00f3n neutro. Enjuaga bien y d\u00e9jalo secar al aire por completo antes de volver a d\u00e1rselo a tu mascota.Este juguete est\u00e1 dise\u00f1ado para uso exclusivo en perros. Supervisa siempre a tu mascota durante el juego. Si notas que el juguete presenta da\u00f1os severos, roturas o se deprende alguna pieza, ret\u00edralo inmediatamente para evitar que tu perro pueda tragarla.Aunque el material es duradero, no hay juguete indestructible. Es responsabilidad del tutor de la mascota el uso de este producto. Si el juguete se da\u00f1a hay que retirarlo. Mantener fuera del alcance de los ni\u00f1os.<\/div>\n<\/div>\n<\/div>\n","protected":false},"excerpt":{"rendered":"<div id=\"tab-label-description\" class=\"data item title active\" tabindex=\"0\" role=\"tab\" aria-labeledby=\"tab-label-description-title\" data-role=\"collapsible\" data-collapsible=\"true\" aria-controls=\"description\" aria-selected=\"false\" aria-expanded=\"true\">\n<div id=\"tab-label-description\" class=\"data item title active\" tabindex=\"0\" role=\"tab\" aria-labeledby=\"tab-label-description-title\" data-role=\"collapsible\" data-collapsible=\"true\" aria-controls=\"description\" aria-selected=\"false\" aria-expanded=\"true\">DESCRIPCI\u00d3N<\/div>\n<div id=\"description\" class=\"data item content\" role=\"tabpanel\" data-role=\"content\" aria-labelledby=\"tab-label-description\" aria-hidden=\"false\">\n<div class=\"product attribute description\">\n<div class=\"value\">\n<p>Estimula la mente y fortalece los dientes de tu perro con los Juguetes dentales de la l\u00ednea Sniff. Fabricados en materiales seguros, duraderos y dise\u00f1ados para resistir la masticaci\u00f3n. Su superficie con protuberancias y textura ayuda a limpiar los dientes y masajear las enc\u00edas mientras tu mascota juega. Disponibles en forma de zanahoria con aroma a panque y elote con aroma a palomitas de ma\u00edz, cada juguete tiene un aroma irresistible que estimula el olfato de tu perro y lo mantiene entretenido por mas tiempo. Adem\u00e1s, incluyen un squeaker para agregar diversi\u00f3n a la hora del juego. Los juguetes est\u00e1n disponibles en dos tama\u00f1os para adaptarse a perros de todas las razas y tama\u00f1os.<\/p>\n<\/div>\n<\/div>\n<\/div>\n<\/div>\n<div id=\"description\" class=\"data item content\" role=\"tabpanel\" data-role=\"content\" aria-labelledby=\"tab-label-description\" aria-hidden=\"false\">\n<div class=\"product attribute description\">\n<div class=\"value\">\n<div id=\"tab-label-product.info.beneficios\" class=\"data item title active\" tabindex=\"0\" role=\"tab\" aria-labeledby=\"tab-label-product.info.beneficios-title\" data-role=\"collapsible\" data-collapsible=\"true\" aria-controls=\"product.info.beneficios\" aria-selected=\"true\" aria-expanded=\"true\">BENEFICIOS:<\/div>\n<div id=\"product.info.beneficios\" class=\"data item content\" role=\"tabpanel\" data-role=\"content\" aria-labelledby=\"tab-label-product.info.beneficios\" aria-hidden=\"false\">\n<div class=\"product attribute beneficios\">\n<div class=\"value\">Promueve la salud dental: La superficie con protuberancia y el material masticable ayuda a remover el sarro y la placa, fortaleciendo las enc\u00edas y los m\u00fasculos de la mand\u00edbula mientras tu perro juega. Estimula el olfato y el instinto: El aroma a panqu\u00e9 o palomitas de ma\u00edz cautiva la atenci\u00f3n de tu perro, canalizando su instinto natural de morder de forma segura y proporcionando una estimulaci\u00f3n mental esencial. Reduce el estr\u00e9s y la ansiedad: Masticar tiene un efecto calmante natural en los perros, ayudando a liberar la energ\u00eda acumulada, reducir el nerviosismo y prevenir comportamientos destructivos. Entretenimiento interactivo: Incluye un squeaker que despierta la curiosidad de tu perro, lo mantiene interesado por m\u00e1s tiempo y hace que las sesiones de juego sean mas divertidas. Durabilidad y seguridad: Fabricados con TPR, son resistentes y seguros para la masticaci\u00f3n, dise\u00f1ados para soportar el juego rudo y durar mucho tiempo.<\/div>\n<\/div>\n<\/div>\n<\/div>\n<\/div>\n<\/div>\n","protected":false},"featured_media":15502,"template":"","meta":[],"product_brand":[106],"product_cat":[73,77],"product_tag":[988,328,1021],"class_list":{"0":"post-15501","1":"product","2":"type-product","3":"status-publish","4":"has-post-thumbnail","6":"product_brand-fancypets","7":"product_cat-perros","8":"product_cat-juguetes-perros","9":"product_tag-juguete-con-aroma","10":"product_tag-juguete-para-perro","11":"product_tag-juguete-zanahoria","13":"first","14":"instock","15":"sale","16":"shipping-taxable","17":"purchasable","18":"product-type-simple"},"yoast_head":"<!-- This site is optimized with the Yoast SEO plugin v27.4 - https:\/\/yoast.com\/product\/yoast-seo-wordpress\/ -->\n<title>JUGUETE ZANAHORIA AROMA SNIFF CH | Acuario Supremus<\/title>\n<meta name=\"description\" content=\"Los juegos de olfato para perros como la ZANAHORIA CH de Fancy Pets contribuyes al desarrollo f\u00edsico y mental de los caninos.\" \/>\n<meta name=\"robots\" content=\"index, follow, max-snippet:-1, max-image-preview:large, max-video-preview:-1\" \/>\n<link rel=\"canonical\" href=\"https:\/\/acuariosupremus.com\/?product=juguete-zanahoria-aroma-sniff-ch\" \/>\n<meta property=\"og:locale\" content=\"es_MX\" \/>\n<meta property=\"og:type\" content=\"article\" \/>\n<meta property=\"og:title\" content=\"JUGUETE ZANAHORIA AROMA SNIFF CH | Acuario Supremus\" \/>\n<meta property=\"og:description\" content=\"Los juegos de olfato para perros como la ZANAHORIA CH de Fancy Pets contribuyes al desarrollo f\u00edsico y mental de los caninos.\" \/>\n<meta property=\"og:url\" content=\"https:\/\/acuariosupremus.com\/?product=juguete-zanahoria-aroma-sniff-ch\" \/>\n<meta property=\"og:site_name\" content=\"Acuario Supremus\" \/>\n<meta property=\"article:publisher\" content=\"https:\/\/www.facebook.com\/AcuarioSupremus\" \/>\n<meta property=\"article:modified_time\" content=\"2026-02-02T22:00:05+00:00\" \/>\n<meta property=\"og:image\" content=\"https:\/\/acuariosupremus.com\/wp-content\/uploads\/2025\/11\/FL9173.jpg\" \/>\n\t<meta property=\"og:image:width\" content=\"800\" \/>\n\t<meta property=\"og:image:height\" content=\"800\" \/>\n\t<meta property=\"og:image:type\" content=\"image\/jpeg\" \/>\n<meta name=\"twitter:card\" content=\"summary_large_image\" \/>\n<meta name=\"twitter:site\" content=\"@AcuarioSupremus\" \/>\n<meta name=\"twitter:label1\" content=\"Tiempo de lectura\" \/>\n\t<meta name=\"twitter:data1\" content=\"1 minuto\" \/>\n<script type=\"application\/ld+json\" class=\"yoast-schema-graph\">{\"@context\":\"https:\\\/\\\/schema.org\",\"@graph\":[{\"@type\":\"WebPage\",\"@id\":\"https:\\\/\\\/acuariosupremus.com\\\/?product=juguete-zanahoria-aroma-sniff-ch\",\"url\":\"https:\\\/\\\/acuariosupremus.com\\\/?product=juguete-zanahoria-aroma-sniff-ch\",\"name\":\"JUGUETE ZANAHORIA AROMA SNIFF CH | Acuario Supremus\",\"isPartOf\":{\"@id\":\"https:\\\/\\\/acuariosupremus.com\\\/#website\"},\"primaryImageOfPage\":{\"@id\":\"https:\\\/\\\/acuariosupremus.com\\\/?product=juguete-zanahoria-aroma-sniff-ch#primaryimage\"},\"image\":{\"@id\":\"https:\\\/\\\/acuariosupremus.com\\\/?product=juguete-zanahoria-aroma-sniff-ch#primaryimage\"},\"thumbnailUrl\":\"https:\\\/\\\/acuariosupremus.com\\\/wp-content\\\/uploads\\\/2025\\\/11\\\/FL9173.jpg\",\"datePublished\":\"2025-11-18T21:15:29+00:00\",\"dateModified\":\"2026-02-02T22:00:05+00:00\",\"description\":\"Los juegos de olfato para perros como la ZANAHORIA CH de Fancy Pets contribuyes al desarrollo f\u00edsico y mental de los caninos.\",\"breadcrumb\":{\"@id\":\"https:\\\/\\\/acuariosupremus.com\\\/?product=juguete-zanahoria-aroma-sniff-ch#breadcrumb\"},\"inLanguage\":\"es\",\"potentialAction\":[{\"@type\":\"ReadAction\",\"target\":[\"https:\\\/\\\/acuariosupremus.com\\\/?product=juguete-zanahoria-aroma-sniff-ch\"]}]},{\"@type\":\"ImageObject\",\"inLanguage\":\"es\",\"@id\":\"https:\\\/\\\/acuariosupremus.com\\\/?product=juguete-zanahoria-aroma-sniff-ch#primaryimage\",\"url\":\"https:\\\/\\\/acuariosupremus.com\\\/wp-content\\\/uploads\\\/2025\\\/11\\\/FL9173.jpg\",\"contentUrl\":\"https:\\\/\\\/acuariosupremus.com\\\/wp-content\\\/uploads\\\/2025\\\/11\\\/FL9173.jpg\",\"width\":800,\"height\":800},{\"@type\":\"BreadcrumbList\",\"@id\":\"https:\\\/\\\/acuariosupremus.com\\\/?product=juguete-zanahoria-aroma-sniff-ch#breadcrumb\",\"itemListElement\":[{\"@type\":\"ListItem\",\"position\":1,\"name\":\"Portada\",\"item\":\"https:\\\/\\\/acuariosupremus.com\\\/\"},{\"@type\":\"ListItem\",\"position\":2,\"name\":\"Tienda\",\"item\":\"https:\\\/\\\/acuariosupremus.com\\\/tienda\\\/\"},{\"@type\":\"ListItem\",\"position\":3,\"name\":\"JUGUETE ZANAHORIA AROMA SNIFF CH\"}]},{\"@type\":\"WebSite\",\"@id\":\"https:\\\/\\\/acuariosupremus.com\\\/#website\",\"url\":\"https:\\\/\\\/acuariosupremus.com\\\/\",\"name\":\"Acuario Supremus\",\"description\":\"Peces, Peceras y Mascotas.\",\"publisher\":{\"@id\":\"https:\\\/\\\/acuariosupremus.com\\\/#organization\"},\"potentialAction\":[{\"@type\":\"SearchAction\",\"target\":{\"@type\":\"EntryPoint\",\"urlTemplate\":\"https:\\\/\\\/acuariosupremus.com\\\/?s={search_term_string}\"},\"query-input\":{\"@type\":\"PropertyValueSpecification\",\"valueRequired\":true,\"valueName\":\"search_term_string\"}}],\"inLanguage\":\"es\"},{\"@type\":\"Organization\",\"@id\":\"https:\\\/\\\/acuariosupremus.com\\\/#organization\",\"name\":\"Acuario Supremus\",\"url\":\"https:\\\/\\\/acuariosupremus.com\\\/\",\"logo\":{\"@type\":\"ImageObject\",\"inLanguage\":\"es\",\"@id\":\"https:\\\/\\\/acuariosupremus.com\\\/#\\\/schema\\\/logo\\\/image\\\/\",\"url\":\"https:\\\/\\\/acuariosupremus.com\\\/wp-content\\\/uploads\\\/2021\\\/12\\\/cropped-logo_acuario_supremus_fn-2.png\",\"contentUrl\":\"https:\\\/\\\/acuariosupremus.com\\\/wp-content\\\/uploads\\\/2021\\\/12\\\/cropped-logo_acuario_supremus_fn-2.png\",\"width\":1000,\"height\":318,\"caption\":\"Acuario Supremus\"},\"image\":{\"@id\":\"https:\\\/\\\/acuariosupremus.com\\\/#\\\/schema\\\/logo\\\/image\\\/\"},\"sameAs\":[\"https:\\\/\\\/www.facebook.com\\\/AcuarioSupremus\",\"https:\\\/\\\/x.com\\\/AcuarioSupremus\",\"https:\\\/\\\/www.instagram.com\\\/acuariosupremus\\\/?hl=es\"]}]}<\/script>\n<!-- \/ Yoast SEO plugin. -->","yoast_head_json":{"title":"JUGUETE ZANAHORIA AROMA SNIFF CH | Acuario Supremus","description":"Los juegos de olfato para perros como la ZANAHORIA CH de Fancy Pets contribuyes al desarrollo f\u00edsico y mental de los caninos.","robots":{"index":"index","follow":"follow","max-snippet":"max-snippet:-1","max-image-preview":"max-image-preview:large","max-video-preview":"max-video-preview:-1"},"canonical":"https:\/\/acuariosupremus.com\/?product=juguete-zanahoria-aroma-sniff-ch","og_locale":"es_MX","og_type":"article","og_title":"JUGUETE ZANAHORIA AROMA SNIFF CH | Acuario Supremus","og_description":"Los juegos de olfato para perros como la ZANAHORIA CH de Fancy Pets contribuyes al desarrollo f\u00edsico y mental de los caninos.","og_url":"https:\/\/acuariosupremus.com\/?product=juguete-zanahoria-aroma-sniff-ch","og_site_name":"Acuario Supremus","article_publisher":"https:\/\/www.facebook.com\/AcuarioSupremus","article_modified_time":"2026-02-02T22:00:05+00:00","og_image":[{"width":800,"height":800,"url":"https:\/\/acuariosupremus.com\/wp-content\/uploads\/2025\/11\/FL9173.jpg","type":"image\/jpeg"}],"twitter_card":"summary_large_image","twitter_site":"@AcuarioSupremus","twitter_misc":{"Tiempo de lectura":"1 minuto"},"schema":{"@context":"https:\/\/schema.org","@graph":[{"@type":"WebPage","@id":"https:\/\/acuariosupremus.com\/?product=juguete-zanahoria-aroma-sniff-ch","url":"https:\/\/acuariosupremus.com\/?product=juguete-zanahoria-aroma-sniff-ch","name":"JUGUETE ZANAHORIA AROMA SNIFF CH | Acuario Supremus","isPartOf":{"@id":"https:\/\/acuariosupremus.com\/#website"},"primaryImageOfPage":{"@id":"https:\/\/acuariosupremus.com\/?product=juguete-zanahoria-aroma-sniff-ch#primaryimage"},"image":{"@id":"https:\/\/acuariosupremus.com\/?product=juguete-zanahoria-aroma-sniff-ch#primaryimage"},"thumbnailUrl":"https:\/\/acuariosupremus.com\/wp-content\/uploads\/2025\/11\/FL9173.jpg","datePublished":"2025-11-18T21:15:29+00:00","dateModified":"2026-02-02T22:00:05+00:00","description":"Los juegos de olfato para perros como la ZANAHORIA CH de Fancy Pets contribuyes al desarrollo f\u00edsico y mental de los caninos.","breadcrumb":{"@id":"https:\/\/acuariosupremus.com\/?product=juguete-zanahoria-aroma-sniff-ch#breadcrumb"},"inLanguage":"es","potentialAction":[{"@type":"ReadAction","target":["https:\/\/acuariosupremus.com\/?product=juguete-zanahoria-aroma-sniff-ch"]}]},{"@type":"ImageObject","inLanguage":"es","@id":"https:\/\/acuariosupremus.com\/?product=juguete-zanahoria-aroma-sniff-ch#primaryimage","url":"https:\/\/acuariosupremus.com\/wp-content\/uploads\/2025\/11\/FL9173.jpg","contentUrl":"https:\/\/acuariosupremus.com\/wp-content\/uploads\/2025\/11\/FL9173.jpg","width":800,"height":800},{"@type":"BreadcrumbList","@id":"https:\/\/acuariosupremus.com\/?product=juguete-zanahoria-aroma-sniff-ch#breadcrumb","itemListElement":[{"@type":"ListItem","position":1,"name":"Portada","item":"https:\/\/acuariosupremus.com\/"},{"@type":"ListItem","position":2,"name":"Tienda","item":"https:\/\/acuariosupremus.com\/tienda\/"},{"@type":"ListItem","position":3,"name":"JUGUETE ZANAHORIA AROMA SNIFF CH"}]},{"@type":"WebSite","@id":"https:\/\/acuariosupremus.com\/#website","url":"https:\/\/acuariosupremus.com\/","name":"Acuario Supremus","description":"Peces, Peceras y Mascotas.","publisher":{"@id":"https:\/\/acuariosupremus.com\/#organization"},"potentialAction":[{"@type":"SearchAction","target":{"@type":"EntryPoint","urlTemplate":"https:\/\/acuariosupremus.com\/?s={search_term_string}"},"query-input":{"@type":"PropertyValueSpecification","valueRequired":true,"valueName":"search_term_string"}}],"inLanguage":"es"},{"@type":"Organization","@id":"https:\/\/acuariosupremus.com\/#organization","name":"Acuario Supremus","url":"https:\/\/acuariosupremus.com\/","logo":{"@type":"ImageObject","inLanguage":"es","@id":"https:\/\/acuariosupremus.com\/#\/schema\/logo\/image\/","url":"https:\/\/acuariosupremus.com\/wp-content\/uploads\/2021\/12\/cropped-logo_acuario_supremus_fn-2.png","contentUrl":"https:\/\/acuariosupremus.com\/wp-content\/uploads\/2021\/12\/cropped-logo_acuario_supremus_fn-2.png","width":1000,"height":318,"caption":"Acuario Supremus"},"image":{"@id":"https:\/\/acuariosupremus.com\/#\/schema\/logo\/image\/"},"sameAs":["https:\/\/www.facebook.com\/AcuarioSupremus","https:\/\/x.com\/AcuarioSupremus","https:\/\/www.instagram.com\/acuariosupremus\/?hl=es"]}]}},"jetpack_sharing_enabled":true,"_links":{"self":[{"href":"https:\/\/acuariosupremus.com\/index.php?rest_route=\/wp\/v2\/product\/15501","targetHints":{"allow":["GET"]}}],"collection":[{"href":"https:\/\/acuariosupremus.com\/index.php?rest_route=\/wp\/v2\/product"}],"about":[{"href":"https:\/\/acuariosupremus.com\/index.php?rest_route=\/wp\/v2\/types\/product"}],"wp:featuredmedia":[{"embeddable":true,"href":"https:\/\/acuariosupremus.com\/index.php?rest_route=\/wp\/v2\/media\/15502"}],"wp:attachment":[{"href":"https:\/\/acuariosupremus.com\/index.php?rest_route=%2Fwp%2Fv2%2Fmedia&parent=15501"}],"wp:term":[{"taxonomy":"product_brand","embeddable":true,"href":"https:\/\/acuariosupremus.com\/index.php?rest_route=%2Fwp%2Fv2%2Fproduct_brand&post=15501"},{"taxonomy":"product_cat","embeddable":true,"href":"https:\/\/acuariosupremus.com\/index.php?rest_route=%2Fwp%2Fv2%2Fproduct_cat&post=15501"},{"taxonomy":"product_tag","embeddable":true,"href":"https:\/\/acuariosupremus.com\/index.php?rest_route=%2Fwp%2Fv2%2Fproduct_tag&post=15501"}],"curies":[{"name":"wp","href":"https:\/\/api.w.org\/{rel}","templated":true}]}}