{"id":1703,"date":"2022-02-01T16:42:07","date_gmt":"2022-02-01T22:42:07","guid":{"rendered":"https:\/\/acuariosupremus.com\/?post_type=product&#038;p=1703"},"modified":"2025-09-02T15:16:51","modified_gmt":"2025-09-02T21:16:51","slug":"lampara-negra-led-nano-1-5-w","status":"publish","type":"product","link":"https:\/\/acuariosupremus.com\/?product=lampara-negra-led-nano-1-5-w","title":{"rendered":"LAMPARA NEGRA LED NANO 1.5 W"},"content":{"rendered":"<p>Especificaciones el\u00e9ctricas: 127 V ~ 60 Hz. 1.5 W Color: Negro. Temperatura de color: 7,328 \u00b0K.<\/p>\n<p>Instrucciones de seguridad:<br \/>\nEvite el contacto directo del equipo con el agua; si llegara a suceder, desconecte de inmediato del tomacorrientes o retire la<br \/>\nunidad USB del puerto de la computadora.<br \/>\nNo utilice el equipo si tiene el cable o la clavija da\u00f1ados, si no funciona correctamente, si se ha golpeado o da\u00f1ado de cualquier manera.<br \/>\nNo le d\u00e9 al equipo otro uso que no sea el descrito.<br \/>\nNo guarde o instale el equipo a la intemperie.<br \/>\nPara evitar riesgos de corto circuito, conecte el cable en un contacto de pared de manera que una parte del mismo quede por debajo del nivel del tomacorrientes. Esto impedir\u00e1 que un goteo accidental moje la conexi\u00f3n USB.<br \/>\nRecomendaciones:<br \/>\nLea cuidadosamente las instrucciones de seguridad antes de utilizar el producto.<br \/>\nAdvertencia:<br \/>\nPara evitar da\u00f1os o lesiones, es necesario tomar ciertas medidas ya que los<br \/>\nequipos el\u00e9ctricos para acuario se encuentran expuestos al agua.<\/p>\n","protected":false},"excerpt":{"rendered":"<ul>\n<li>Luminario LED<\/li>\n<li>Con acuarios peque\u00f1os de 2.5 litros.<\/li>\n<li>Conexi\u00f3n USB.<\/li>\n<li>F\u00e1cil instalaci\u00f3n.<\/li>\n<\/ul>\n","protected":false},"featured_media":1704,"template":"","meta":[],"product_brand":[105],"product_cat":[40,50],"product_tag":[208,172,207,198],"class_list":{"0":"post-1703","1":"product","2":"type-product","3":"status-publish","4":"has-post-thumbnail","6":"product_brand-lomas","7":"product_cat-peces","8":"product_cat-lamparas-luz-uv-y-focos","9":"product_tag-beteras","10":"product_tag-bettas","11":"product_tag-lampara-nano","12":"product_tag-led","14":"first","15":"outofstock","16":"sale","17":"shipping-taxable","18":"purchasable","19":"product-type-simple"},"yoast_head":"<!-- This site is optimized with the Yoast SEO plugin v27.4 - https:\/\/yoast.com\/product\/yoast-seo-wordpress\/ -->\n<title>LAMPARA NEGRA LED NANO 1.5 W | Acuario Supremus<\/title>\n<meta name=\"description\" content=\"Luminaria LED Negro, para acuarios y Betteras peque\u00f1as de 2.5 litros, Conexi\u00f3n USB, F\u00e1cil instalaci\u00f3n, color de luz blanca.\" \/>\n<meta name=\"robots\" content=\"index, follow, max-snippet:-1, max-image-preview:large, max-video-preview:-1\" \/>\n<link rel=\"canonical\" href=\"https:\/\/acuariosupremus.com\/producto\/lampara-negra-led-nano-1-5-w\/\" \/>\n<meta property=\"og:locale\" content=\"es_MX\" \/>\n<meta property=\"og:type\" content=\"article\" \/>\n<meta property=\"og:title\" content=\"LAMPARA NEGRA LED NANO 1.5 W | Acuario Supremus\" \/>\n<meta property=\"og:description\" content=\"Luminaria LED Negro, para acuarios y Betteras peque\u00f1as de 2.5 litros, Conexi\u00f3n USB, F\u00e1cil instalaci\u00f3n, color de luz blanca.\" \/>\n<meta property=\"og:url\" content=\"https:\/\/acuariosupremus.com\/producto\/lampara-negra-led-nano-1-5-w\/\" \/>\n<meta property=\"og:site_name\" content=\"Acuario Supremus\" \/>\n<meta property=\"article:publisher\" content=\"https:\/\/www.facebook.com\/AcuarioSupremus\" \/>\n<meta property=\"article:modified_time\" content=\"2025-09-02T21:16:51+00:00\" \/>\n<meta property=\"og:image\" content=\"https:\/\/acuariosupremus.com\/wp-content\/uploads\/2022\/02\/FL7980.jpg\" \/>\n\t<meta property=\"og:image:width\" content=\"1000\" \/>\n\t<meta property=\"og:image:height\" content=\"1000\" \/>\n\t<meta property=\"og:image:type\" content=\"image\/jpeg\" \/>\n<meta name=\"twitter:card\" content=\"summary_large_image\" \/>\n<meta name=\"twitter:site\" content=\"@AcuarioSupremus\" \/>\n<meta name=\"twitter:label1\" content=\"Tiempo de lectura\" \/>\n\t<meta name=\"twitter:data1\" content=\"1 minuto\" \/>\n<script type=\"application\/ld+json\" class=\"yoast-schema-graph\">{\"@context\":\"https:\\\/\\\/schema.org\",\"@graph\":[{\"@type\":\"WebPage\",\"@id\":\"https:\\\/\\\/acuariosupremus.com\\\/producto\\\/lampara-negra-led-nano-1-5-w\\\/\",\"url\":\"https:\\\/\\\/acuariosupremus.com\\\/producto\\\/lampara-negra-led-nano-1-5-w\\\/\",\"name\":\"LAMPARA NEGRA LED NANO 1.5 W | Acuario Supremus\",\"isPartOf\":{\"@id\":\"https:\\\/\\\/acuariosupremus.com\\\/#website\"},\"primaryImageOfPage\":{\"@id\":\"https:\\\/\\\/acuariosupremus.com\\\/producto\\\/lampara-negra-led-nano-1-5-w\\\/#primaryimage\"},\"image\":{\"@id\":\"https:\\\/\\\/acuariosupremus.com\\\/producto\\\/lampara-negra-led-nano-1-5-w\\\/#primaryimage\"},\"thumbnailUrl\":\"https:\\\/\\\/acuariosupremus.com\\\/wp-content\\\/uploads\\\/2022\\\/02\\\/FL7980.jpg\",\"datePublished\":\"2022-02-01T22:42:07+00:00\",\"dateModified\":\"2025-09-02T21:16:51+00:00\",\"description\":\"Luminaria LED Negro, para acuarios y Betteras peque\u00f1as de 2.5 litros, Conexi\u00f3n USB, F\u00e1cil instalaci\u00f3n, color de luz blanca.\",\"breadcrumb\":{\"@id\":\"https:\\\/\\\/acuariosupremus.com\\\/producto\\\/lampara-negra-led-nano-1-5-w\\\/#breadcrumb\"},\"inLanguage\":\"es\",\"potentialAction\":[{\"@type\":\"ReadAction\",\"target\":[\"https:\\\/\\\/acuariosupremus.com\\\/producto\\\/lampara-negra-led-nano-1-5-w\\\/\"]}]},{\"@type\":\"ImageObject\",\"inLanguage\":\"es\",\"@id\":\"https:\\\/\\\/acuariosupremus.com\\\/producto\\\/lampara-negra-led-nano-1-5-w\\\/#primaryimage\",\"url\":\"https:\\\/\\\/acuariosupremus.com\\\/wp-content\\\/uploads\\\/2022\\\/02\\\/FL7980.jpg\",\"contentUrl\":\"https:\\\/\\\/acuariosupremus.com\\\/wp-content\\\/uploads\\\/2022\\\/02\\\/FL7980.jpg\",\"width\":1000,\"height\":1000},{\"@type\":\"BreadcrumbList\",\"@id\":\"https:\\\/\\\/acuariosupremus.com\\\/producto\\\/lampara-negra-led-nano-1-5-w\\\/#breadcrumb\",\"itemListElement\":[{\"@type\":\"ListItem\",\"position\":1,\"name\":\"Portada\",\"item\":\"https:\\\/\\\/acuariosupremus.com\\\/\"},{\"@type\":\"ListItem\",\"position\":2,\"name\":\"Tienda\",\"item\":\"https:\\\/\\\/acuariosupremus.com\\\/tienda\\\/\"},{\"@type\":\"ListItem\",\"position\":3,\"name\":\"LAMPARA NEGRA LED NANO 1.5 W\"}]},{\"@type\":\"WebSite\",\"@id\":\"https:\\\/\\\/acuariosupremus.com\\\/#website\",\"url\":\"https:\\\/\\\/acuariosupremus.com\\\/\",\"name\":\"Acuario Supremus\",\"description\":\"Peces, Peceras y Mascotas.\",\"publisher\":{\"@id\":\"https:\\\/\\\/acuariosupremus.com\\\/#organization\"},\"potentialAction\":[{\"@type\":\"SearchAction\",\"target\":{\"@type\":\"EntryPoint\",\"urlTemplate\":\"https:\\\/\\\/acuariosupremus.com\\\/?s={search_term_string}\"},\"query-input\":{\"@type\":\"PropertyValueSpecification\",\"valueRequired\":true,\"valueName\":\"search_term_string\"}}],\"inLanguage\":\"es\"},{\"@type\":\"Organization\",\"@id\":\"https:\\\/\\\/acuariosupremus.com\\\/#organization\",\"name\":\"Acuario Supremus\",\"url\":\"https:\\\/\\\/acuariosupremus.com\\\/\",\"logo\":{\"@type\":\"ImageObject\",\"inLanguage\":\"es\",\"@id\":\"https:\\\/\\\/acuariosupremus.com\\\/#\\\/schema\\\/logo\\\/image\\\/\",\"url\":\"https:\\\/\\\/acuariosupremus.com\\\/wp-content\\\/uploads\\\/2021\\\/12\\\/cropped-logo_acuario_supremus_fn-2.png\",\"contentUrl\":\"https:\\\/\\\/acuariosupremus.com\\\/wp-content\\\/uploads\\\/2021\\\/12\\\/cropped-logo_acuario_supremus_fn-2.png\",\"width\":1000,\"height\":318,\"caption\":\"Acuario Supremus\"},\"image\":{\"@id\":\"https:\\\/\\\/acuariosupremus.com\\\/#\\\/schema\\\/logo\\\/image\\\/\"},\"sameAs\":[\"https:\\\/\\\/www.facebook.com\\\/AcuarioSupremus\",\"https:\\\/\\\/x.com\\\/AcuarioSupremus\",\"https:\\\/\\\/www.instagram.com\\\/acuariosupremus\\\/?hl=es\"]}]}<\/script>\n<!-- \/ Yoast SEO plugin. -->","yoast_head_json":{"title":"LAMPARA NEGRA LED NANO 1.5 W | Acuario Supremus","description":"Luminaria LED Negro, para acuarios y Betteras peque\u00f1as de 2.5 litros, Conexi\u00f3n USB, F\u00e1cil instalaci\u00f3n, color de luz blanca.","robots":{"index":"index","follow":"follow","max-snippet":"max-snippet:-1","max-image-preview":"max-image-preview:large","max-video-preview":"max-video-preview:-1"},"canonical":"https:\/\/acuariosupremus.com\/producto\/lampara-negra-led-nano-1-5-w\/","og_locale":"es_MX","og_type":"article","og_title":"LAMPARA NEGRA LED NANO 1.5 W | Acuario Supremus","og_description":"Luminaria LED Negro, para acuarios y Betteras peque\u00f1as de 2.5 litros, Conexi\u00f3n USB, F\u00e1cil instalaci\u00f3n, color de luz blanca.","og_url":"https:\/\/acuariosupremus.com\/producto\/lampara-negra-led-nano-1-5-w\/","og_site_name":"Acuario Supremus","article_publisher":"https:\/\/www.facebook.com\/AcuarioSupremus","article_modified_time":"2025-09-02T21:16:51+00:00","og_image":[{"width":1000,"height":1000,"url":"https:\/\/acuariosupremus.com\/wp-content\/uploads\/2022\/02\/FL7980.jpg","type":"image\/jpeg"}],"twitter_card":"summary_large_image","twitter_site":"@AcuarioSupremus","twitter_misc":{"Tiempo de lectura":"1 minuto"},"schema":{"@context":"https:\/\/schema.org","@graph":[{"@type":"WebPage","@id":"https:\/\/acuariosupremus.com\/producto\/lampara-negra-led-nano-1-5-w\/","url":"https:\/\/acuariosupremus.com\/producto\/lampara-negra-led-nano-1-5-w\/","name":"LAMPARA NEGRA LED NANO 1.5 W | Acuario Supremus","isPartOf":{"@id":"https:\/\/acuariosupremus.com\/#website"},"primaryImageOfPage":{"@id":"https:\/\/acuariosupremus.com\/producto\/lampara-negra-led-nano-1-5-w\/#primaryimage"},"image":{"@id":"https:\/\/acuariosupremus.com\/producto\/lampara-negra-led-nano-1-5-w\/#primaryimage"},"thumbnailUrl":"https:\/\/acuariosupremus.com\/wp-content\/uploads\/2022\/02\/FL7980.jpg","datePublished":"2022-02-01T22:42:07+00:00","dateModified":"2025-09-02T21:16:51+00:00","description":"Luminaria LED Negro, para acuarios y Betteras peque\u00f1as de 2.5 litros, Conexi\u00f3n USB, F\u00e1cil instalaci\u00f3n, color de luz blanca.","breadcrumb":{"@id":"https:\/\/acuariosupremus.com\/producto\/lampara-negra-led-nano-1-5-w\/#breadcrumb"},"inLanguage":"es","potentialAction":[{"@type":"ReadAction","target":["https:\/\/acuariosupremus.com\/producto\/lampara-negra-led-nano-1-5-w\/"]}]},{"@type":"ImageObject","inLanguage":"es","@id":"https:\/\/acuariosupremus.com\/producto\/lampara-negra-led-nano-1-5-w\/#primaryimage","url":"https:\/\/acuariosupremus.com\/wp-content\/uploads\/2022\/02\/FL7980.jpg","contentUrl":"https:\/\/acuariosupremus.com\/wp-content\/uploads\/2022\/02\/FL7980.jpg","width":1000,"height":1000},{"@type":"BreadcrumbList","@id":"https:\/\/acuariosupremus.com\/producto\/lampara-negra-led-nano-1-5-w\/#breadcrumb","itemListElement":[{"@type":"ListItem","position":1,"name":"Portada","item":"https:\/\/acuariosupremus.com\/"},{"@type":"ListItem","position":2,"name":"Tienda","item":"https:\/\/acuariosupremus.com\/tienda\/"},{"@type":"ListItem","position":3,"name":"LAMPARA NEGRA LED NANO 1.5 W"}]},{"@type":"WebSite","@id":"https:\/\/acuariosupremus.com\/#website","url":"https:\/\/acuariosupremus.com\/","name":"Acuario Supremus","description":"Peces, Peceras y Mascotas.","publisher":{"@id":"https:\/\/acuariosupremus.com\/#organization"},"potentialAction":[{"@type":"SearchAction","target":{"@type":"EntryPoint","urlTemplate":"https:\/\/acuariosupremus.com\/?s={search_term_string}"},"query-input":{"@type":"PropertyValueSpecification","valueRequired":true,"valueName":"search_term_string"}}],"inLanguage":"es"},{"@type":"Organization","@id":"https:\/\/acuariosupremus.com\/#organization","name":"Acuario Supremus","url":"https:\/\/acuariosupremus.com\/","logo":{"@type":"ImageObject","inLanguage":"es","@id":"https:\/\/acuariosupremus.com\/#\/schema\/logo\/image\/","url":"https:\/\/acuariosupremus.com\/wp-content\/uploads\/2021\/12\/cropped-logo_acuario_supremus_fn-2.png","contentUrl":"https:\/\/acuariosupremus.com\/wp-content\/uploads\/2021\/12\/cropped-logo_acuario_supremus_fn-2.png","width":1000,"height":318,"caption":"Acuario Supremus"},"image":{"@id":"https:\/\/acuariosupremus.com\/#\/schema\/logo\/image\/"},"sameAs":["https:\/\/www.facebook.com\/AcuarioSupremus","https:\/\/x.com\/AcuarioSupremus","https:\/\/www.instagram.com\/acuariosupremus\/?hl=es"]}]}},"jetpack_sharing_enabled":true,"_links":{"self":[{"href":"https:\/\/acuariosupremus.com\/index.php?rest_route=\/wp\/v2\/product\/1703","targetHints":{"allow":["GET"]}}],"collection":[{"href":"https:\/\/acuariosupremus.com\/index.php?rest_route=\/wp\/v2\/product"}],"about":[{"href":"https:\/\/acuariosupremus.com\/index.php?rest_route=\/wp\/v2\/types\/product"}],"wp:featuredmedia":[{"embeddable":true,"href":"https:\/\/acuariosupremus.com\/index.php?rest_route=\/wp\/v2\/media\/1704"}],"wp:attachment":[{"href":"https:\/\/acuariosupremus.com\/index.php?rest_route=%2Fwp%2Fv2%2Fmedia&parent=1703"}],"wp:term":[{"taxonomy":"product_brand","embeddable":true,"href":"https:\/\/acuariosupremus.com\/index.php?rest_route=%2Fwp%2Fv2%2Fproduct_brand&post=1703"},{"taxonomy":"product_cat","embeddable":true,"href":"https:\/\/acuariosupremus.com\/index.php?rest_route=%2Fwp%2Fv2%2Fproduct_cat&post=1703"},{"taxonomy":"product_tag","embeddable":true,"href":"https:\/\/acuariosupremus.com\/index.php?rest_route=%2Fwp%2Fv2%2Fproduct_tag&post=1703"}],"curies":[{"name":"wp","href":"https:\/\/api.w.org\/{rel}","templated":true}]}}