{"id":1928,"date":"2022-02-03T14:44:43","date_gmt":"2022-02-03T20:44:43","guid":{"rendered":"https:\/\/acuariosupremus.com\/?post_type=product&#038;p=1928"},"modified":"2026-04-22T19:33:08","modified_gmt":"2026-04-23T01:33:08","slug":"acuario-nano-cascada-15-lt-blanco","status":"publish","type":"product","link":"https:\/\/acuariosupremus.com\/?product=acuario-nano-cascada-15-lt-blanco","title":{"rendered":"KIT NANO ACUARIO BLANCO C\/LUZ LED 10 LT"},"content":{"rendered":"<p>Coloca el acuario sobre una superficie nivelada y resistente al peso del agua. Enjuaga el tanque, el filtro y los accesorios con agua limpia (sin jab\u00f3n ni qu\u00edmicos). Llena el acuario con agua desclorada o acondicionada.No mover el acuario cuando est\u00e9 lleno. No llenar en exceso el tanque para evitar derrames. Solo para su uso en interiores. No tocar el enchufe ni los componentes el\u00e9ctricos con las manos mojadas.<\/p>\n<p>Capacidad: <strong>10 L<\/strong>,\u00a0 Contenido neto:\u00a0 1 pz, Color: Blanco,\u00a0 Marca: Lomas,\u00a0 Material: Vidrio,\u00a0 Medidas: <strong>32 x 26 x 19 cm<\/strong><\/p>\n","protected":false},"excerpt":{"rendered":"<p>El kit nano acuario con luz led es una soluci\u00f3n compacta, elegante y funcional para quienes desean iniciarse en el mundo de la acuariofilia o buscan un acuario decorativo y f\u00e1cil de mantener. Con una capacidad de 10 L y un dise\u00f1o modernos de vidrio con borde frontales redondeados, este acuario es ideal para pece peque\u00f1os, camarones o plantas acu\u00e1ticas. Cuenta con una tapa abatible que facilita el acceso para la alimentaci\u00f3n o limpieza, e incorpora una lampara LED con iluminaci\u00f3n en tonos blanco, azul y rojo. Su filtro de cascada ubicado en la parte superior mantiene el agua en \u00f3ptimas condiciones, ayudando a conservar un ambiente limpio y saludable para la vida acu\u00e1tica. Compacto y est\u00e9tico, este kit es ideal para escritorios, espacios peque\u00f1os o como un primer acuario para principiantes.<\/p>\n<p>BENEFICIOS<\/p>\n<p>Dise\u00f1o compacto y elegante: Su tama\u00f1o reducido lo hace ideal para espacios peque\u00f1os como escritorios, repisas o habitaciones sin sacrificar estilo ni funcionalidad.Iluminaci\u00f3n LED multicolor integrada: Lampara LED con luz blanca, azul y roja que realza los colores de los peces. Filtro de cascada superior: Mantiene el agua en movimiento constate y limpia, ayudando a eliminar impurezas, oxigenar el agua y reducir los malos olores, lo que mejora la calidad de vida de los peces.F\u00e1cil acceso y mantenimiento: Gracias a su tapa abatible, se facilita la alimentaci\u00f3n de los peces y el mantenimiento del acuario.Vidrio de alta calidad con bordes redondeados: Fabricado con vidrio resistente y con borde frontales redondeados, lo que mejora la est\u00e9tica, ofrece una visi\u00f3n panor\u00e1mica mas envolvente y mas seguro al tacto.<\/p>\n","protected":false},"featured_media":14578,"template":"","meta":[],"product_brand":[105],"product_cat":[40,53],"product_tag":[234,208,172,612],"class_list":{"0":"post-1928","1":"product","2":"type-product","3":"status-publish","4":"has-post-thumbnail","6":"product_brand-lomas","7":"product_cat-peces","8":"product_cat-peceras","9":"product_tag-acuario-nano","10":"product_tag-beteras","11":"product_tag-bettas","12":"product_tag-mini-acuario-de-escritorio","14":"first","15":"instock","16":"sale","17":"shipping-taxable","18":"purchasable","19":"product-type-simple"},"yoast_head":"<!-- This site is optimized with the Yoast SEO plugin v27.4 - https:\/\/yoast.com\/product\/yoast-seo-wordpress\/ -->\n<title>KIT NANO ACUARIO BLANCO C\/LUZ LED 10 LT | Acuario Supremus<\/title>\n<meta name=\"description\" content=\"Kit nano acuario 10 L BLANCO con luz led es una soluci\u00f3n compacta, elegante y funcional para quienes desean iniciarse en el mundo de la acuariofilia.\" \/>\n<meta name=\"robots\" content=\"index, follow, max-snippet:-1, max-image-preview:large, max-video-preview:-1\" \/>\n<link rel=\"canonical\" href=\"https:\/\/acuariosupremus.com\/?product=acuario-nano-cascada-15-lt-blanco\" \/>\n<meta property=\"og:locale\" content=\"es_MX\" \/>\n<meta property=\"og:type\" content=\"article\" \/>\n<meta property=\"og:title\" content=\"KIT NANO ACUARIO BLANCO C\/LUZ LED 10 LT | Acuario Supremus\" \/>\n<meta property=\"og:description\" content=\"Kit nano acuario 10 L BLANCO con luz led es una soluci\u00f3n compacta, elegante y funcional para quienes desean iniciarse en el mundo de la acuariofilia.\" \/>\n<meta property=\"og:url\" content=\"https:\/\/acuariosupremus.com\/?product=acuario-nano-cascada-15-lt-blanco\" \/>\n<meta property=\"og:site_name\" content=\"Acuario Supremus\" \/>\n<meta property=\"article:publisher\" content=\"https:\/\/www.facebook.com\/AcuarioSupremus\" \/>\n<meta property=\"article:modified_time\" content=\"2026-04-23T01:33:08+00:00\" \/>\n<meta property=\"og:image\" content=\"https:\/\/acuariosupremus.com\/wp-content\/uploads\/2022\/02\/FL9073.png\" \/>\n\t<meta property=\"og:image:width\" content=\"1000\" \/>\n\t<meta property=\"og:image:height\" content=\"1000\" \/>\n\t<meta property=\"og:image:type\" content=\"image\/png\" \/>\n<meta name=\"twitter:card\" content=\"summary_large_image\" \/>\n<meta name=\"twitter:site\" content=\"@AcuarioSupremus\" \/>\n<meta name=\"twitter:label1\" content=\"Tiempo de lectura\" \/>\n\t<meta name=\"twitter:data1\" content=\"1 minuto\" \/>\n<script type=\"application\/ld+json\" class=\"yoast-schema-graph\">{\"@context\":\"https:\\\/\\\/schema.org\",\"@graph\":[{\"@type\":\"WebPage\",\"@id\":\"https:\\\/\\\/acuariosupremus.com\\\/?product=acuario-nano-cascada-15-lt-blanco\",\"url\":\"https:\\\/\\\/acuariosupremus.com\\\/?product=acuario-nano-cascada-15-lt-blanco\",\"name\":\"KIT NANO ACUARIO BLANCO C\\\/LUZ LED 10 LT | Acuario Supremus\",\"isPartOf\":{\"@id\":\"https:\\\/\\\/acuariosupremus.com\\\/#website\"},\"primaryImageOfPage\":{\"@id\":\"https:\\\/\\\/acuariosupremus.com\\\/?product=acuario-nano-cascada-15-lt-blanco#primaryimage\"},\"image\":{\"@id\":\"https:\\\/\\\/acuariosupremus.com\\\/?product=acuario-nano-cascada-15-lt-blanco#primaryimage\"},\"thumbnailUrl\":\"https:\\\/\\\/acuariosupremus.com\\\/wp-content\\\/uploads\\\/2022\\\/02\\\/FL9073.png\",\"datePublished\":\"2022-02-03T20:44:43+00:00\",\"dateModified\":\"2026-04-23T01:33:08+00:00\",\"description\":\"Kit nano acuario 10 L BLANCO con luz led es una soluci\u00f3n compacta, elegante y funcional para quienes desean iniciarse en el mundo de la acuariofilia.\",\"breadcrumb\":{\"@id\":\"https:\\\/\\\/acuariosupremus.com\\\/?product=acuario-nano-cascada-15-lt-blanco#breadcrumb\"},\"inLanguage\":\"es\",\"potentialAction\":[{\"@type\":\"ReadAction\",\"target\":[\"https:\\\/\\\/acuariosupremus.com\\\/?product=acuario-nano-cascada-15-lt-blanco\"]}]},{\"@type\":\"ImageObject\",\"inLanguage\":\"es\",\"@id\":\"https:\\\/\\\/acuariosupremus.com\\\/?product=acuario-nano-cascada-15-lt-blanco#primaryimage\",\"url\":\"https:\\\/\\\/acuariosupremus.com\\\/wp-content\\\/uploads\\\/2022\\\/02\\\/FL9073.png\",\"contentUrl\":\"https:\\\/\\\/acuariosupremus.com\\\/wp-content\\\/uploads\\\/2022\\\/02\\\/FL9073.png\",\"width\":1000,\"height\":1000},{\"@type\":\"BreadcrumbList\",\"@id\":\"https:\\\/\\\/acuariosupremus.com\\\/?product=acuario-nano-cascada-15-lt-blanco#breadcrumb\",\"itemListElement\":[{\"@type\":\"ListItem\",\"position\":1,\"name\":\"Portada\",\"item\":\"https:\\\/\\\/acuariosupremus.com\\\/\"},{\"@type\":\"ListItem\",\"position\":2,\"name\":\"Tienda\",\"item\":\"https:\\\/\\\/acuariosupremus.com\\\/tienda\\\/\"},{\"@type\":\"ListItem\",\"position\":3,\"name\":\"KIT NANO ACUARIO BLANCO C\\\/LUZ LED 10 LT\"}]},{\"@type\":\"WebSite\",\"@id\":\"https:\\\/\\\/acuariosupremus.com\\\/#website\",\"url\":\"https:\\\/\\\/acuariosupremus.com\\\/\",\"name\":\"Acuario Supremus\",\"description\":\"Peces, Peceras y Mascotas.\",\"publisher\":{\"@id\":\"https:\\\/\\\/acuariosupremus.com\\\/#organization\"},\"potentialAction\":[{\"@type\":\"SearchAction\",\"target\":{\"@type\":\"EntryPoint\",\"urlTemplate\":\"https:\\\/\\\/acuariosupremus.com\\\/?s={search_term_string}\"},\"query-input\":{\"@type\":\"PropertyValueSpecification\",\"valueRequired\":true,\"valueName\":\"search_term_string\"}}],\"inLanguage\":\"es\"},{\"@type\":\"Organization\",\"@id\":\"https:\\\/\\\/acuariosupremus.com\\\/#organization\",\"name\":\"Acuario Supremus\",\"url\":\"https:\\\/\\\/acuariosupremus.com\\\/\",\"logo\":{\"@type\":\"ImageObject\",\"inLanguage\":\"es\",\"@id\":\"https:\\\/\\\/acuariosupremus.com\\\/#\\\/schema\\\/logo\\\/image\\\/\",\"url\":\"https:\\\/\\\/acuariosupremus.com\\\/wp-content\\\/uploads\\\/2021\\\/12\\\/cropped-logo_acuario_supremus_fn-2.png\",\"contentUrl\":\"https:\\\/\\\/acuariosupremus.com\\\/wp-content\\\/uploads\\\/2021\\\/12\\\/cropped-logo_acuario_supremus_fn-2.png\",\"width\":1000,\"height\":318,\"caption\":\"Acuario Supremus\"},\"image\":{\"@id\":\"https:\\\/\\\/acuariosupremus.com\\\/#\\\/schema\\\/logo\\\/image\\\/\"},\"sameAs\":[\"https:\\\/\\\/www.facebook.com\\\/AcuarioSupremus\",\"https:\\\/\\\/x.com\\\/AcuarioSupremus\",\"https:\\\/\\\/www.instagram.com\\\/acuariosupremus\\\/?hl=es\"]}]}<\/script>\n<!-- \/ Yoast SEO plugin. -->","yoast_head_json":{"title":"KIT NANO ACUARIO BLANCO C\/LUZ LED 10 LT | Acuario Supremus","description":"Kit nano acuario 10 L BLANCO con luz led es una soluci\u00f3n compacta, elegante y funcional para quienes desean iniciarse en el mundo de la acuariofilia.","robots":{"index":"index","follow":"follow","max-snippet":"max-snippet:-1","max-image-preview":"max-image-preview:large","max-video-preview":"max-video-preview:-1"},"canonical":"https:\/\/acuariosupremus.com\/?product=acuario-nano-cascada-15-lt-blanco","og_locale":"es_MX","og_type":"article","og_title":"KIT NANO ACUARIO BLANCO C\/LUZ LED 10 LT | Acuario Supremus","og_description":"Kit nano acuario 10 L BLANCO con luz led es una soluci\u00f3n compacta, elegante y funcional para quienes desean iniciarse en el mundo de la acuariofilia.","og_url":"https:\/\/acuariosupremus.com\/?product=acuario-nano-cascada-15-lt-blanco","og_site_name":"Acuario Supremus","article_publisher":"https:\/\/www.facebook.com\/AcuarioSupremus","article_modified_time":"2026-04-23T01:33:08+00:00","og_image":[{"width":1000,"height":1000,"url":"https:\/\/acuariosupremus.com\/wp-content\/uploads\/2022\/02\/FL9073.png","type":"image\/png"}],"twitter_card":"summary_large_image","twitter_site":"@AcuarioSupremus","twitter_misc":{"Tiempo de lectura":"1 minuto"},"schema":{"@context":"https:\/\/schema.org","@graph":[{"@type":"WebPage","@id":"https:\/\/acuariosupremus.com\/?product=acuario-nano-cascada-15-lt-blanco","url":"https:\/\/acuariosupremus.com\/?product=acuario-nano-cascada-15-lt-blanco","name":"KIT NANO ACUARIO BLANCO C\/LUZ LED 10 LT | Acuario Supremus","isPartOf":{"@id":"https:\/\/acuariosupremus.com\/#website"},"primaryImageOfPage":{"@id":"https:\/\/acuariosupremus.com\/?product=acuario-nano-cascada-15-lt-blanco#primaryimage"},"image":{"@id":"https:\/\/acuariosupremus.com\/?product=acuario-nano-cascada-15-lt-blanco#primaryimage"},"thumbnailUrl":"https:\/\/acuariosupremus.com\/wp-content\/uploads\/2022\/02\/FL9073.png","datePublished":"2022-02-03T20:44:43+00:00","dateModified":"2026-04-23T01:33:08+00:00","description":"Kit nano acuario 10 L BLANCO con luz led es una soluci\u00f3n compacta, elegante y funcional para quienes desean iniciarse en el mundo de la acuariofilia.","breadcrumb":{"@id":"https:\/\/acuariosupremus.com\/?product=acuario-nano-cascada-15-lt-blanco#breadcrumb"},"inLanguage":"es","potentialAction":[{"@type":"ReadAction","target":["https:\/\/acuariosupremus.com\/?product=acuario-nano-cascada-15-lt-blanco"]}]},{"@type":"ImageObject","inLanguage":"es","@id":"https:\/\/acuariosupremus.com\/?product=acuario-nano-cascada-15-lt-blanco#primaryimage","url":"https:\/\/acuariosupremus.com\/wp-content\/uploads\/2022\/02\/FL9073.png","contentUrl":"https:\/\/acuariosupremus.com\/wp-content\/uploads\/2022\/02\/FL9073.png","width":1000,"height":1000},{"@type":"BreadcrumbList","@id":"https:\/\/acuariosupremus.com\/?product=acuario-nano-cascada-15-lt-blanco#breadcrumb","itemListElement":[{"@type":"ListItem","position":1,"name":"Portada","item":"https:\/\/acuariosupremus.com\/"},{"@type":"ListItem","position":2,"name":"Tienda","item":"https:\/\/acuariosupremus.com\/tienda\/"},{"@type":"ListItem","position":3,"name":"KIT NANO ACUARIO BLANCO C\/LUZ LED 10 LT"}]},{"@type":"WebSite","@id":"https:\/\/acuariosupremus.com\/#website","url":"https:\/\/acuariosupremus.com\/","name":"Acuario Supremus","description":"Peces, Peceras y Mascotas.","publisher":{"@id":"https:\/\/acuariosupremus.com\/#organization"},"potentialAction":[{"@type":"SearchAction","target":{"@type":"EntryPoint","urlTemplate":"https:\/\/acuariosupremus.com\/?s={search_term_string}"},"query-input":{"@type":"PropertyValueSpecification","valueRequired":true,"valueName":"search_term_string"}}],"inLanguage":"es"},{"@type":"Organization","@id":"https:\/\/acuariosupremus.com\/#organization","name":"Acuario Supremus","url":"https:\/\/acuariosupremus.com\/","logo":{"@type":"ImageObject","inLanguage":"es","@id":"https:\/\/acuariosupremus.com\/#\/schema\/logo\/image\/","url":"https:\/\/acuariosupremus.com\/wp-content\/uploads\/2021\/12\/cropped-logo_acuario_supremus_fn-2.png","contentUrl":"https:\/\/acuariosupremus.com\/wp-content\/uploads\/2021\/12\/cropped-logo_acuario_supremus_fn-2.png","width":1000,"height":318,"caption":"Acuario Supremus"},"image":{"@id":"https:\/\/acuariosupremus.com\/#\/schema\/logo\/image\/"},"sameAs":["https:\/\/www.facebook.com\/AcuarioSupremus","https:\/\/x.com\/AcuarioSupremus","https:\/\/www.instagram.com\/acuariosupremus\/?hl=es"]}]}},"jetpack_sharing_enabled":true,"_links":{"self":[{"href":"https:\/\/acuariosupremus.com\/index.php?rest_route=\/wp\/v2\/product\/1928","targetHints":{"allow":["GET"]}}],"collection":[{"href":"https:\/\/acuariosupremus.com\/index.php?rest_route=\/wp\/v2\/product"}],"about":[{"href":"https:\/\/acuariosupremus.com\/index.php?rest_route=\/wp\/v2\/types\/product"}],"wp:featuredmedia":[{"embeddable":true,"href":"https:\/\/acuariosupremus.com\/index.php?rest_route=\/wp\/v2\/media\/14578"}],"wp:attachment":[{"href":"https:\/\/acuariosupremus.com\/index.php?rest_route=%2Fwp%2Fv2%2Fmedia&parent=1928"}],"wp:term":[{"taxonomy":"product_brand","embeddable":true,"href":"https:\/\/acuariosupremus.com\/index.php?rest_route=%2Fwp%2Fv2%2Fproduct_brand&post=1928"},{"taxonomy":"product_cat","embeddable":true,"href":"https:\/\/acuariosupremus.com\/index.php?rest_route=%2Fwp%2Fv2%2Fproduct_cat&post=1928"},{"taxonomy":"product_tag","embeddable":true,"href":"https:\/\/acuariosupremus.com\/index.php?rest_route=%2Fwp%2Fv2%2Fproduct_tag&post=1928"}],"curies":[{"name":"wp","href":"https:\/\/api.w.org\/{rel}","templated":true}]}}