{"id":2289,"date":"2022-02-05T20:12:22","date_gmt":"2022-02-06T02:12:22","guid":{"rendered":"https:\/\/acuariosupremus.com\/?post_type=product&#038;p=2289"},"modified":"2026-04-23T14:39:35","modified_gmt":"2026-04-23T20:39:35","slug":"calentador-sumergible-c-termostato-thermalpro-200-w","status":"publish","type":"product","link":"https:\/\/acuariosupremus.com\/?product=calentador-sumergible-c-termostato-thermalpro-200-w","title":{"rendered":"CALENTADOR CON TERMOSTATO THERMALPRO 200 W."},"content":{"rendered":"<p>Especificaciones: El\u00e9ctricas: 110 -120 V \/ 60 Hz Temperatura: 20\u00b0C &#8211; 34\u00b0C Capacidad: 200 litros<br \/>\nInstrucciones:<br \/>\nEl calentador deber\u00e1 colocarse en un \u00e1rea de la pecera con circulaci\u00f3n de agua. Si el movimiento del agua es insuficiente, la<br \/>\ntemperatura no ser\u00e1 uniforme dentro del acuario. Elija la potencia de acuerdo a la capacidad del tanque (1 Watt por cada litro de agua). Coloque el calentador en posici\u00f3n vertical para que el termostato obtenga la lectura precisa de la temperatura del acuario. El nivel m\u00ednimo de agua deber\u00e1 mantenerse sobre la l\u00ednea indicada en el tubo del calentador. Establezca la<br \/>\ntemperatura deseada girando la perilla naranja bas\u00e1ndose en la escala de f\u00e1cil lectura Por \u00faltimo, coloque un term\u00f3metro para tener una mayor precisi\u00f3n de la temperatura del acuario.<br \/>\nMedidas:<br \/>\nAlto: 31 cm<br \/>\nEspesor: 3.3 mm<\/p>\n","protected":false},"excerpt":{"rendered":"<p>Calentador sumergible con termostato para acuario, con cuerpo<br \/>\ntransparente y escalas de temperatura de f\u00e1cil lectura.<\/p>\n<p>Ventajas: Termostato integrado Evita cambios bruscos de temperatura<\/p>\n","protected":false},"featured_media":2290,"template":"","meta":[],"product_brand":[105],"product_cat":[40,65],"product_tag":[246],"class_list":{"0":"post-2289","1":"product","2":"type-product","3":"status-publish","4":"has-post-thumbnail","6":"product_brand-lomas","7":"product_cat-peces","8":"product_cat-termostatos-y-calentadores","9":"product_tag-termostato-peces","11":"first","12":"outofstock","13":"sale","14":"shipping-taxable","15":"purchasable","16":"product-type-simple"},"yoast_head":"<!-- This site is optimized with the Yoast SEO plugin v27.4 - https:\/\/yoast.com\/product\/yoast-seo-wordpress\/ -->\n<title>CALENTADOR CON TERMOSTATO THERMALPRO 200 W. | Acuario Supremus<\/title>\n<meta name=\"description\" content=\"Calentador 200 watts sumergible con termostato para acuario, con cuerpo transparente y escalas de temperatura de f\u00e1cil lectura.\" \/>\n<meta name=\"robots\" content=\"index, follow, max-snippet:-1, max-image-preview:large, max-video-preview:-1\" \/>\n<link rel=\"canonical\" href=\"https:\/\/acuariosupremus.com\/?product=calentador-sumergible-c-termostato-thermalpro-200-w\" \/>\n<meta property=\"og:locale\" content=\"es_MX\" \/>\n<meta property=\"og:type\" content=\"article\" \/>\n<meta property=\"og:title\" content=\"CALENTADOR CON TERMOSTATO THERMALPRO 200 W. | Acuario Supremus\" \/>\n<meta property=\"og:description\" content=\"Calentador 200 watts sumergible con termostato para acuario, con cuerpo transparente y escalas de temperatura de f\u00e1cil lectura.\" \/>\n<meta property=\"og:url\" content=\"https:\/\/acuariosupremus.com\/?product=calentador-sumergible-c-termostato-thermalpro-200-w\" \/>\n<meta property=\"og:site_name\" content=\"Acuario Supremus\" \/>\n<meta property=\"article:publisher\" content=\"https:\/\/www.facebook.com\/AcuarioSupremus\" \/>\n<meta property=\"article:modified_time\" content=\"2026-04-23T20:39:35+00:00\" \/>\n<meta property=\"og:image\" content=\"https:\/\/acuariosupremus.com\/wp-content\/uploads\/2022\/02\/FL8936.jpg\" \/>\n\t<meta property=\"og:image:width\" content=\"1000\" \/>\n\t<meta property=\"og:image:height\" content=\"1000\" \/>\n\t<meta property=\"og:image:type\" content=\"image\/jpeg\" \/>\n<meta name=\"twitter:card\" content=\"summary_large_image\" \/>\n<meta name=\"twitter:site\" content=\"@AcuarioSupremus\" \/>\n<meta name=\"twitter:label1\" content=\"Tiempo de lectura\" \/>\n\t<meta name=\"twitter:data1\" content=\"1 minuto\" \/>\n<script type=\"application\/ld+json\" class=\"yoast-schema-graph\">{\"@context\":\"https:\\\/\\\/schema.org\",\"@graph\":[{\"@type\":\"WebPage\",\"@id\":\"https:\\\/\\\/acuariosupremus.com\\\/?product=calentador-sumergible-c-termostato-thermalpro-200-w\",\"url\":\"https:\\\/\\\/acuariosupremus.com\\\/?product=calentador-sumergible-c-termostato-thermalpro-200-w\",\"name\":\"CALENTADOR CON TERMOSTATO THERMALPRO 200 W. | Acuario Supremus\",\"isPartOf\":{\"@id\":\"https:\\\/\\\/acuariosupremus.com\\\/#website\"},\"primaryImageOfPage\":{\"@id\":\"https:\\\/\\\/acuariosupremus.com\\\/?product=calentador-sumergible-c-termostato-thermalpro-200-w#primaryimage\"},\"image\":{\"@id\":\"https:\\\/\\\/acuariosupremus.com\\\/?product=calentador-sumergible-c-termostato-thermalpro-200-w#primaryimage\"},\"thumbnailUrl\":\"https:\\\/\\\/acuariosupremus.com\\\/wp-content\\\/uploads\\\/2022\\\/02\\\/FL8936.jpg\",\"datePublished\":\"2022-02-06T02:12:22+00:00\",\"dateModified\":\"2026-04-23T20:39:35+00:00\",\"description\":\"Calentador 200 watts sumergible con termostato para acuario, con cuerpo transparente y escalas de temperatura de f\u00e1cil lectura.\",\"breadcrumb\":{\"@id\":\"https:\\\/\\\/acuariosupremus.com\\\/?product=calentador-sumergible-c-termostato-thermalpro-200-w#breadcrumb\"},\"inLanguage\":\"es\",\"potentialAction\":[{\"@type\":\"ReadAction\",\"target\":[\"https:\\\/\\\/acuariosupremus.com\\\/?product=calentador-sumergible-c-termostato-thermalpro-200-w\"]}]},{\"@type\":\"ImageObject\",\"inLanguage\":\"es\",\"@id\":\"https:\\\/\\\/acuariosupremus.com\\\/?product=calentador-sumergible-c-termostato-thermalpro-200-w#primaryimage\",\"url\":\"https:\\\/\\\/acuariosupremus.com\\\/wp-content\\\/uploads\\\/2022\\\/02\\\/FL8936.jpg\",\"contentUrl\":\"https:\\\/\\\/acuariosupremus.com\\\/wp-content\\\/uploads\\\/2022\\\/02\\\/FL8936.jpg\",\"width\":1000,\"height\":1000},{\"@type\":\"BreadcrumbList\",\"@id\":\"https:\\\/\\\/acuariosupremus.com\\\/?product=calentador-sumergible-c-termostato-thermalpro-200-w#breadcrumb\",\"itemListElement\":[{\"@type\":\"ListItem\",\"position\":1,\"name\":\"Portada\",\"item\":\"https:\\\/\\\/acuariosupremus.com\\\/\"},{\"@type\":\"ListItem\",\"position\":2,\"name\":\"Tienda\",\"item\":\"https:\\\/\\\/acuariosupremus.com\\\/tienda\\\/\"},{\"@type\":\"ListItem\",\"position\":3,\"name\":\"CALENTADOR CON TERMOSTATO THERMALPRO 200 W.\"}]},{\"@type\":\"WebSite\",\"@id\":\"https:\\\/\\\/acuariosupremus.com\\\/#website\",\"url\":\"https:\\\/\\\/acuariosupremus.com\\\/\",\"name\":\"Acuario Supremus\",\"description\":\"Peces, Peceras y Mascotas.\",\"publisher\":{\"@id\":\"https:\\\/\\\/acuariosupremus.com\\\/#organization\"},\"potentialAction\":[{\"@type\":\"SearchAction\",\"target\":{\"@type\":\"EntryPoint\",\"urlTemplate\":\"https:\\\/\\\/acuariosupremus.com\\\/?s={search_term_string}\"},\"query-input\":{\"@type\":\"PropertyValueSpecification\",\"valueRequired\":true,\"valueName\":\"search_term_string\"}}],\"inLanguage\":\"es\"},{\"@type\":\"Organization\",\"@id\":\"https:\\\/\\\/acuariosupremus.com\\\/#organization\",\"name\":\"Acuario Supremus\",\"url\":\"https:\\\/\\\/acuariosupremus.com\\\/\",\"logo\":{\"@type\":\"ImageObject\",\"inLanguage\":\"es\",\"@id\":\"https:\\\/\\\/acuariosupremus.com\\\/#\\\/schema\\\/logo\\\/image\\\/\",\"url\":\"https:\\\/\\\/acuariosupremus.com\\\/wp-content\\\/uploads\\\/2021\\\/12\\\/cropped-logo_acuario_supremus_fn-2.png\",\"contentUrl\":\"https:\\\/\\\/acuariosupremus.com\\\/wp-content\\\/uploads\\\/2021\\\/12\\\/cropped-logo_acuario_supremus_fn-2.png\",\"width\":1000,\"height\":318,\"caption\":\"Acuario Supremus\"},\"image\":{\"@id\":\"https:\\\/\\\/acuariosupremus.com\\\/#\\\/schema\\\/logo\\\/image\\\/\"},\"sameAs\":[\"https:\\\/\\\/www.facebook.com\\\/AcuarioSupremus\",\"https:\\\/\\\/x.com\\\/AcuarioSupremus\",\"https:\\\/\\\/www.instagram.com\\\/acuariosupremus\\\/?hl=es\"]}]}<\/script>\n<!-- \/ Yoast SEO plugin. -->","yoast_head_json":{"title":"CALENTADOR CON TERMOSTATO THERMALPRO 200 W. | Acuario Supremus","description":"Calentador 200 watts sumergible con termostato para acuario, con cuerpo transparente y escalas de temperatura de f\u00e1cil lectura.","robots":{"index":"index","follow":"follow","max-snippet":"max-snippet:-1","max-image-preview":"max-image-preview:large","max-video-preview":"max-video-preview:-1"},"canonical":"https:\/\/acuariosupremus.com\/?product=calentador-sumergible-c-termostato-thermalpro-200-w","og_locale":"es_MX","og_type":"article","og_title":"CALENTADOR CON TERMOSTATO THERMALPRO 200 W. | Acuario Supremus","og_description":"Calentador 200 watts sumergible con termostato para acuario, con cuerpo transparente y escalas de temperatura de f\u00e1cil lectura.","og_url":"https:\/\/acuariosupremus.com\/?product=calentador-sumergible-c-termostato-thermalpro-200-w","og_site_name":"Acuario Supremus","article_publisher":"https:\/\/www.facebook.com\/AcuarioSupremus","article_modified_time":"2026-04-23T20:39:35+00:00","og_image":[{"width":1000,"height":1000,"url":"https:\/\/acuariosupremus.com\/wp-content\/uploads\/2022\/02\/FL8936.jpg","type":"image\/jpeg"}],"twitter_card":"summary_large_image","twitter_site":"@AcuarioSupremus","twitter_misc":{"Tiempo de lectura":"1 minuto"},"schema":{"@context":"https:\/\/schema.org","@graph":[{"@type":"WebPage","@id":"https:\/\/acuariosupremus.com\/?product=calentador-sumergible-c-termostato-thermalpro-200-w","url":"https:\/\/acuariosupremus.com\/?product=calentador-sumergible-c-termostato-thermalpro-200-w","name":"CALENTADOR CON TERMOSTATO THERMALPRO 200 W. | Acuario Supremus","isPartOf":{"@id":"https:\/\/acuariosupremus.com\/#website"},"primaryImageOfPage":{"@id":"https:\/\/acuariosupremus.com\/?product=calentador-sumergible-c-termostato-thermalpro-200-w#primaryimage"},"image":{"@id":"https:\/\/acuariosupremus.com\/?product=calentador-sumergible-c-termostato-thermalpro-200-w#primaryimage"},"thumbnailUrl":"https:\/\/acuariosupremus.com\/wp-content\/uploads\/2022\/02\/FL8936.jpg","datePublished":"2022-02-06T02:12:22+00:00","dateModified":"2026-04-23T20:39:35+00:00","description":"Calentador 200 watts sumergible con termostato para acuario, con cuerpo transparente y escalas de temperatura de f\u00e1cil lectura.","breadcrumb":{"@id":"https:\/\/acuariosupremus.com\/?product=calentador-sumergible-c-termostato-thermalpro-200-w#breadcrumb"},"inLanguage":"es","potentialAction":[{"@type":"ReadAction","target":["https:\/\/acuariosupremus.com\/?product=calentador-sumergible-c-termostato-thermalpro-200-w"]}]},{"@type":"ImageObject","inLanguage":"es","@id":"https:\/\/acuariosupremus.com\/?product=calentador-sumergible-c-termostato-thermalpro-200-w#primaryimage","url":"https:\/\/acuariosupremus.com\/wp-content\/uploads\/2022\/02\/FL8936.jpg","contentUrl":"https:\/\/acuariosupremus.com\/wp-content\/uploads\/2022\/02\/FL8936.jpg","width":1000,"height":1000},{"@type":"BreadcrumbList","@id":"https:\/\/acuariosupremus.com\/?product=calentador-sumergible-c-termostato-thermalpro-200-w#breadcrumb","itemListElement":[{"@type":"ListItem","position":1,"name":"Portada","item":"https:\/\/acuariosupremus.com\/"},{"@type":"ListItem","position":2,"name":"Tienda","item":"https:\/\/acuariosupremus.com\/tienda\/"},{"@type":"ListItem","position":3,"name":"CALENTADOR CON TERMOSTATO THERMALPRO 200 W."}]},{"@type":"WebSite","@id":"https:\/\/acuariosupremus.com\/#website","url":"https:\/\/acuariosupremus.com\/","name":"Acuario Supremus","description":"Peces, Peceras y Mascotas.","publisher":{"@id":"https:\/\/acuariosupremus.com\/#organization"},"potentialAction":[{"@type":"SearchAction","target":{"@type":"EntryPoint","urlTemplate":"https:\/\/acuariosupremus.com\/?s={search_term_string}"},"query-input":{"@type":"PropertyValueSpecification","valueRequired":true,"valueName":"search_term_string"}}],"inLanguage":"es"},{"@type":"Organization","@id":"https:\/\/acuariosupremus.com\/#organization","name":"Acuario Supremus","url":"https:\/\/acuariosupremus.com\/","logo":{"@type":"ImageObject","inLanguage":"es","@id":"https:\/\/acuariosupremus.com\/#\/schema\/logo\/image\/","url":"https:\/\/acuariosupremus.com\/wp-content\/uploads\/2021\/12\/cropped-logo_acuario_supremus_fn-2.png","contentUrl":"https:\/\/acuariosupremus.com\/wp-content\/uploads\/2021\/12\/cropped-logo_acuario_supremus_fn-2.png","width":1000,"height":318,"caption":"Acuario Supremus"},"image":{"@id":"https:\/\/acuariosupremus.com\/#\/schema\/logo\/image\/"},"sameAs":["https:\/\/www.facebook.com\/AcuarioSupremus","https:\/\/x.com\/AcuarioSupremus","https:\/\/www.instagram.com\/acuariosupremus\/?hl=es"]}]}},"jetpack_sharing_enabled":true,"_links":{"self":[{"href":"https:\/\/acuariosupremus.com\/index.php?rest_route=\/wp\/v2\/product\/2289","targetHints":{"allow":["GET"]}}],"collection":[{"href":"https:\/\/acuariosupremus.com\/index.php?rest_route=\/wp\/v2\/product"}],"about":[{"href":"https:\/\/acuariosupremus.com\/index.php?rest_route=\/wp\/v2\/types\/product"}],"wp:featuredmedia":[{"embeddable":true,"href":"https:\/\/acuariosupremus.com\/index.php?rest_route=\/wp\/v2\/media\/2290"}],"wp:attachment":[{"href":"https:\/\/acuariosupremus.com\/index.php?rest_route=%2Fwp%2Fv2%2Fmedia&parent=2289"}],"wp:term":[{"taxonomy":"product_brand","embeddable":true,"href":"https:\/\/acuariosupremus.com\/index.php?rest_route=%2Fwp%2Fv2%2Fproduct_brand&post=2289"},{"taxonomy":"product_cat","embeddable":true,"href":"https:\/\/acuariosupremus.com\/index.php?rest_route=%2Fwp%2Fv2%2Fproduct_cat&post=2289"},{"taxonomy":"product_tag","embeddable":true,"href":"https:\/\/acuariosupremus.com\/index.php?rest_route=%2Fwp%2Fv2%2Fproduct_tag&post=2289"}],"curies":[{"name":"wp","href":"https:\/\/api.w.org\/{rel}","templated":true}]}}