{"id":2589,"date":"2022-02-11T14:32:31","date_gmt":"2022-02-11T20:32:31","guid":{"rendered":"https:\/\/acuariosupremus.com\/?post_type=product&#038;p=2589"},"modified":"2026-01-07T16:22:32","modified_gmt":"2026-01-07T22:22:32","slug":"bebedero-esfera-c-narcisos-p-colibri-1-2-l","status":"publish","type":"product","link":"https:\/\/acuariosupremus.com\/?product=bebedero-esfera-c-narcisos-p-colibri-1-2-l","title":{"rendered":"BEBEDERO ESFERA NARCISOS COLIBR\u00cd 1.2 L."},"content":{"rendered":"<p>Instrucciones:<br \/>\n1. Para llenar el bebedero, desenrosque la base y sep\u00e1rala del contenedor. 2. Sostenga el bebedero con la boca hacia arriba y<br \/>\nvierta el n\u00e9ctar de colibr\u00ed RedKite y vuelva a colocar la tapa. 3. Dependiendo del lugar en que quiera colgarlo, utilice el gancho met\u00e1lico o el alambre forrado. Limpieza: Lave con abundante agua tibia su bebedero para colobr\u00ed RedKite cada semana, especialmente en climas c\u00e1lidos. Puede utilizar cloro en caso de notar manchas de moho u hongos en el recipiente. Enjuague<br \/>\nantes de volver a llenar el bebedero.<br \/>\nRecomendaciones:<br \/>\nColoque el bebedero lejos del sol y del viento para evitar que el n\u00e9ctar se descomponga o se derrame. Los mejores lugares<br \/>\npara colocarlos son las ramas de los \u00e1rboles o cerca de arbustos y de flores ya que son fuente de descanso, refugio y alimento.<br \/>\nPara mejores resultados usa N\u00e9ctar para colibr\u00ed Redkite listo para usarse.<br \/>\nMedidas:<br \/>\n22 cm de altura 13 cm de di\u00e1metro en la base<br \/>\nContenido:<br \/>\n1 pieza (Incluye gancho y alambre forrado para colgar).<\/p>\n","protected":false},"excerpt":{"rendered":"<p>Con 4 estaciones de alimentaci\u00f3n con forma de flores. Base desmontable para facilitar su llenado. Resistente y lavable.<\/p>\n","protected":false},"featured_media":2590,"template":"","meta":[],"product_brand":[104],"product_cat":[20,22],"product_tag":[267],"class_list":{"0":"post-2589","1":"product","2":"type-product","3":"status-publish","4":"has-post-thumbnail","6":"product_brand-redkite","7":"product_cat-aves","8":"product_cat-dispensadores","9":"product_tag-bebedero-colibri","11":"first","12":"instock","13":"sale","14":"shipping-taxable","15":"purchasable","16":"product-type-simple"},"yoast_head":"<!-- This site is optimized with the Yoast SEO plugin v27.4 - https:\/\/yoast.com\/product\/yoast-seo-wordpress\/ -->\n<title>BEBEDERO ESFERA NARCISOS COLIBR\u00cd 1.2 L. | Acuario Supremus<\/title>\n<meta name=\"description\" content=\"Con 4 estaciones de alimentaci\u00f3n forma de Narcisos. Base desmontable para facilitar su llenado. Resistente y lavable.\" \/>\n<meta name=\"robots\" content=\"index, follow, max-snippet:-1, max-image-preview:large, max-video-preview:-1\" \/>\n<link rel=\"canonical\" href=\"https:\/\/acuariosupremus.com\/?product=bebedero-esfera-c-narcisos-p-colibri-1-2-l\" \/>\n<meta property=\"og:locale\" content=\"es_MX\" \/>\n<meta property=\"og:type\" content=\"article\" \/>\n<meta property=\"og:title\" content=\"BEBEDERO ESFERA NARCISOS COLIBR\u00cd 1.2 L. | Acuario Supremus\" \/>\n<meta property=\"og:description\" content=\"Con 4 estaciones de alimentaci\u00f3n forma de Narcisos. Base desmontable para facilitar su llenado. Resistente y lavable.\" \/>\n<meta property=\"og:url\" content=\"https:\/\/acuariosupremus.com\/?product=bebedero-esfera-c-narcisos-p-colibri-1-2-l\" \/>\n<meta property=\"og:site_name\" content=\"Acuario Supremus\" \/>\n<meta property=\"article:publisher\" content=\"https:\/\/www.facebook.com\/AcuarioSupremus\" \/>\n<meta property=\"article:modified_time\" content=\"2026-01-07T22:22:32+00:00\" \/>\n<meta property=\"og:image\" content=\"https:\/\/acuariosupremus.com\/wp-content\/uploads\/2022\/02\/FL9239.jpg\" \/>\n\t<meta property=\"og:image:width\" content=\"1000\" \/>\n\t<meta property=\"og:image:height\" content=\"1000\" \/>\n\t<meta property=\"og:image:type\" content=\"image\/jpeg\" \/>\n<meta name=\"twitter:card\" content=\"summary_large_image\" \/>\n<meta name=\"twitter:site\" content=\"@AcuarioSupremus\" \/>\n<meta name=\"twitter:label1\" content=\"Tiempo de lectura\" \/>\n\t<meta name=\"twitter:data1\" content=\"1 minuto\" \/>\n<script type=\"application\/ld+json\" class=\"yoast-schema-graph\">{\"@context\":\"https:\\\/\\\/schema.org\",\"@graph\":[{\"@type\":\"WebPage\",\"@id\":\"https:\\\/\\\/acuariosupremus.com\\\/?product=bebedero-esfera-c-narcisos-p-colibri-1-2-l\",\"url\":\"https:\\\/\\\/acuariosupremus.com\\\/?product=bebedero-esfera-c-narcisos-p-colibri-1-2-l\",\"name\":\"BEBEDERO ESFERA NARCISOS COLIBR\u00cd 1.2 L. | Acuario Supremus\",\"isPartOf\":{\"@id\":\"https:\\\/\\\/acuariosupremus.com\\\/#website\"},\"primaryImageOfPage\":{\"@id\":\"https:\\\/\\\/acuariosupremus.com\\\/?product=bebedero-esfera-c-narcisos-p-colibri-1-2-l#primaryimage\"},\"image\":{\"@id\":\"https:\\\/\\\/acuariosupremus.com\\\/?product=bebedero-esfera-c-narcisos-p-colibri-1-2-l#primaryimage\"},\"thumbnailUrl\":\"https:\\\/\\\/acuariosupremus.com\\\/wp-content\\\/uploads\\\/2022\\\/02\\\/FL9239.jpg\",\"datePublished\":\"2022-02-11T20:32:31+00:00\",\"dateModified\":\"2026-01-07T22:22:32+00:00\",\"description\":\"Con 4 estaciones de alimentaci\u00f3n forma de Narcisos. Base desmontable para facilitar su llenado. Resistente y lavable.\",\"breadcrumb\":{\"@id\":\"https:\\\/\\\/acuariosupremus.com\\\/?product=bebedero-esfera-c-narcisos-p-colibri-1-2-l#breadcrumb\"},\"inLanguage\":\"es\",\"potentialAction\":[{\"@type\":\"ReadAction\",\"target\":[\"https:\\\/\\\/acuariosupremus.com\\\/?product=bebedero-esfera-c-narcisos-p-colibri-1-2-l\"]}]},{\"@type\":\"ImageObject\",\"inLanguage\":\"es\",\"@id\":\"https:\\\/\\\/acuariosupremus.com\\\/?product=bebedero-esfera-c-narcisos-p-colibri-1-2-l#primaryimage\",\"url\":\"https:\\\/\\\/acuariosupremus.com\\\/wp-content\\\/uploads\\\/2022\\\/02\\\/FL9239.jpg\",\"contentUrl\":\"https:\\\/\\\/acuariosupremus.com\\\/wp-content\\\/uploads\\\/2022\\\/02\\\/FL9239.jpg\",\"width\":1000,\"height\":1000},{\"@type\":\"BreadcrumbList\",\"@id\":\"https:\\\/\\\/acuariosupremus.com\\\/?product=bebedero-esfera-c-narcisos-p-colibri-1-2-l#breadcrumb\",\"itemListElement\":[{\"@type\":\"ListItem\",\"position\":1,\"name\":\"Portada\",\"item\":\"https:\\\/\\\/acuariosupremus.com\\\/\"},{\"@type\":\"ListItem\",\"position\":2,\"name\":\"Tienda\",\"item\":\"https:\\\/\\\/acuariosupremus.com\\\/tienda\\\/\"},{\"@type\":\"ListItem\",\"position\":3,\"name\":\"BEBEDERO ESFERA NARCISOS COLIBR\u00cd 1.2 L.\"}]},{\"@type\":\"WebSite\",\"@id\":\"https:\\\/\\\/acuariosupremus.com\\\/#website\",\"url\":\"https:\\\/\\\/acuariosupremus.com\\\/\",\"name\":\"Acuario Supremus\",\"description\":\"Peces, Peceras y Mascotas.\",\"publisher\":{\"@id\":\"https:\\\/\\\/acuariosupremus.com\\\/#organization\"},\"potentialAction\":[{\"@type\":\"SearchAction\",\"target\":{\"@type\":\"EntryPoint\",\"urlTemplate\":\"https:\\\/\\\/acuariosupremus.com\\\/?s={search_term_string}\"},\"query-input\":{\"@type\":\"PropertyValueSpecification\",\"valueRequired\":true,\"valueName\":\"search_term_string\"}}],\"inLanguage\":\"es\"},{\"@type\":\"Organization\",\"@id\":\"https:\\\/\\\/acuariosupremus.com\\\/#organization\",\"name\":\"Acuario Supremus\",\"url\":\"https:\\\/\\\/acuariosupremus.com\\\/\",\"logo\":{\"@type\":\"ImageObject\",\"inLanguage\":\"es\",\"@id\":\"https:\\\/\\\/acuariosupremus.com\\\/#\\\/schema\\\/logo\\\/image\\\/\",\"url\":\"https:\\\/\\\/acuariosupremus.com\\\/wp-content\\\/uploads\\\/2021\\\/12\\\/cropped-logo_acuario_supremus_fn-2.png\",\"contentUrl\":\"https:\\\/\\\/acuariosupremus.com\\\/wp-content\\\/uploads\\\/2021\\\/12\\\/cropped-logo_acuario_supremus_fn-2.png\",\"width\":1000,\"height\":318,\"caption\":\"Acuario Supremus\"},\"image\":{\"@id\":\"https:\\\/\\\/acuariosupremus.com\\\/#\\\/schema\\\/logo\\\/image\\\/\"},\"sameAs\":[\"https:\\\/\\\/www.facebook.com\\\/AcuarioSupremus\",\"https:\\\/\\\/x.com\\\/AcuarioSupremus\",\"https:\\\/\\\/www.instagram.com\\\/acuariosupremus\\\/?hl=es\"]}]}<\/script>\n<!-- \/ Yoast SEO plugin. -->","yoast_head_json":{"title":"BEBEDERO ESFERA NARCISOS COLIBR\u00cd 1.2 L. | Acuario Supremus","description":"Con 4 estaciones de alimentaci\u00f3n forma de Narcisos. Base desmontable para facilitar su llenado. Resistente y lavable.","robots":{"index":"index","follow":"follow","max-snippet":"max-snippet:-1","max-image-preview":"max-image-preview:large","max-video-preview":"max-video-preview:-1"},"canonical":"https:\/\/acuariosupremus.com\/?product=bebedero-esfera-c-narcisos-p-colibri-1-2-l","og_locale":"es_MX","og_type":"article","og_title":"BEBEDERO ESFERA NARCISOS COLIBR\u00cd 1.2 L. | Acuario Supremus","og_description":"Con 4 estaciones de alimentaci\u00f3n forma de Narcisos. Base desmontable para facilitar su llenado. Resistente y lavable.","og_url":"https:\/\/acuariosupremus.com\/?product=bebedero-esfera-c-narcisos-p-colibri-1-2-l","og_site_name":"Acuario Supremus","article_publisher":"https:\/\/www.facebook.com\/AcuarioSupremus","article_modified_time":"2026-01-07T22:22:32+00:00","og_image":[{"width":1000,"height":1000,"url":"https:\/\/acuariosupremus.com\/wp-content\/uploads\/2022\/02\/FL9239.jpg","type":"image\/jpeg"}],"twitter_card":"summary_large_image","twitter_site":"@AcuarioSupremus","twitter_misc":{"Tiempo de lectura":"1 minuto"},"schema":{"@context":"https:\/\/schema.org","@graph":[{"@type":"WebPage","@id":"https:\/\/acuariosupremus.com\/?product=bebedero-esfera-c-narcisos-p-colibri-1-2-l","url":"https:\/\/acuariosupremus.com\/?product=bebedero-esfera-c-narcisos-p-colibri-1-2-l","name":"BEBEDERO ESFERA NARCISOS COLIBR\u00cd 1.2 L. | Acuario Supremus","isPartOf":{"@id":"https:\/\/acuariosupremus.com\/#website"},"primaryImageOfPage":{"@id":"https:\/\/acuariosupremus.com\/?product=bebedero-esfera-c-narcisos-p-colibri-1-2-l#primaryimage"},"image":{"@id":"https:\/\/acuariosupremus.com\/?product=bebedero-esfera-c-narcisos-p-colibri-1-2-l#primaryimage"},"thumbnailUrl":"https:\/\/acuariosupremus.com\/wp-content\/uploads\/2022\/02\/FL9239.jpg","datePublished":"2022-02-11T20:32:31+00:00","dateModified":"2026-01-07T22:22:32+00:00","description":"Con 4 estaciones de alimentaci\u00f3n forma de Narcisos. Base desmontable para facilitar su llenado. Resistente y lavable.","breadcrumb":{"@id":"https:\/\/acuariosupremus.com\/?product=bebedero-esfera-c-narcisos-p-colibri-1-2-l#breadcrumb"},"inLanguage":"es","potentialAction":[{"@type":"ReadAction","target":["https:\/\/acuariosupremus.com\/?product=bebedero-esfera-c-narcisos-p-colibri-1-2-l"]}]},{"@type":"ImageObject","inLanguage":"es","@id":"https:\/\/acuariosupremus.com\/?product=bebedero-esfera-c-narcisos-p-colibri-1-2-l#primaryimage","url":"https:\/\/acuariosupremus.com\/wp-content\/uploads\/2022\/02\/FL9239.jpg","contentUrl":"https:\/\/acuariosupremus.com\/wp-content\/uploads\/2022\/02\/FL9239.jpg","width":1000,"height":1000},{"@type":"BreadcrumbList","@id":"https:\/\/acuariosupremus.com\/?product=bebedero-esfera-c-narcisos-p-colibri-1-2-l#breadcrumb","itemListElement":[{"@type":"ListItem","position":1,"name":"Portada","item":"https:\/\/acuariosupremus.com\/"},{"@type":"ListItem","position":2,"name":"Tienda","item":"https:\/\/acuariosupremus.com\/tienda\/"},{"@type":"ListItem","position":3,"name":"BEBEDERO ESFERA NARCISOS COLIBR\u00cd 1.2 L."}]},{"@type":"WebSite","@id":"https:\/\/acuariosupremus.com\/#website","url":"https:\/\/acuariosupremus.com\/","name":"Acuario Supremus","description":"Peces, Peceras y Mascotas.","publisher":{"@id":"https:\/\/acuariosupremus.com\/#organization"},"potentialAction":[{"@type":"SearchAction","target":{"@type":"EntryPoint","urlTemplate":"https:\/\/acuariosupremus.com\/?s={search_term_string}"},"query-input":{"@type":"PropertyValueSpecification","valueRequired":true,"valueName":"search_term_string"}}],"inLanguage":"es"},{"@type":"Organization","@id":"https:\/\/acuariosupremus.com\/#organization","name":"Acuario Supremus","url":"https:\/\/acuariosupremus.com\/","logo":{"@type":"ImageObject","inLanguage":"es","@id":"https:\/\/acuariosupremus.com\/#\/schema\/logo\/image\/","url":"https:\/\/acuariosupremus.com\/wp-content\/uploads\/2021\/12\/cropped-logo_acuario_supremus_fn-2.png","contentUrl":"https:\/\/acuariosupremus.com\/wp-content\/uploads\/2021\/12\/cropped-logo_acuario_supremus_fn-2.png","width":1000,"height":318,"caption":"Acuario Supremus"},"image":{"@id":"https:\/\/acuariosupremus.com\/#\/schema\/logo\/image\/"},"sameAs":["https:\/\/www.facebook.com\/AcuarioSupremus","https:\/\/x.com\/AcuarioSupremus","https:\/\/www.instagram.com\/acuariosupremus\/?hl=es"]}]}},"jetpack_sharing_enabled":true,"_links":{"self":[{"href":"https:\/\/acuariosupremus.com\/index.php?rest_route=\/wp\/v2\/product\/2589","targetHints":{"allow":["GET"]}}],"collection":[{"href":"https:\/\/acuariosupremus.com\/index.php?rest_route=\/wp\/v2\/product"}],"about":[{"href":"https:\/\/acuariosupremus.com\/index.php?rest_route=\/wp\/v2\/types\/product"}],"wp:featuredmedia":[{"embeddable":true,"href":"https:\/\/acuariosupremus.com\/index.php?rest_route=\/wp\/v2\/media\/2590"}],"wp:attachment":[{"href":"https:\/\/acuariosupremus.com\/index.php?rest_route=%2Fwp%2Fv2%2Fmedia&parent=2589"}],"wp:term":[{"taxonomy":"product_brand","embeddable":true,"href":"https:\/\/acuariosupremus.com\/index.php?rest_route=%2Fwp%2Fv2%2Fproduct_brand&post=2589"},{"taxonomy":"product_cat","embeddable":true,"href":"https:\/\/acuariosupremus.com\/index.php?rest_route=%2Fwp%2Fv2%2Fproduct_cat&post=2589"},{"taxonomy":"product_tag","embeddable":true,"href":"https:\/\/acuariosupremus.com\/index.php?rest_route=%2Fwp%2Fv2%2Fproduct_tag&post=2589"}],"curies":[{"name":"wp","href":"https:\/\/api.w.org\/{rel}","templated":true}]}}