{"id":2815,"date":"2022-02-14T14:18:10","date_gmt":"2022-02-14T20:18:10","guid":{"rendered":"https:\/\/acuariosupremus.com\/?post_type=product&#038;p=2815"},"modified":"2026-01-08T16:06:01","modified_gmt":"2026-01-08T22:06:01","slug":"polvo-para-bano-de-pequenos-mamiferos","status":"publish","type":"product","link":"https:\/\/acuariosupremus.com\/?product=polvo-para-bano-de-pequenos-mamiferos","title":{"rendered":"POLVO PARA BA\u00d1O DE PEQUE\u00d1OS MAM\u00cdFEROS."},"content":{"rendered":"<p>Modo de uso:<br \/>\nColoca por lo menos 5 cm de altura del polvo RedKite\u00ae en una ba\u00f1era especial para peque\u00f1os animales o en un recipiente (de preferencia con tapa). Deja que tu mascota entre al recipiente y se revuelque libremente en el polvo aproximadamente de 10 a 15 minutos. Posteriormente, s\u00e1cala y aseg\u00farate de que no haya residuos (heces), de ser as\u00ed, ser\u00e1 necesario sustituir el polvo. Despu\u00e9s del ba\u00f1o, retira su ba\u00f1era y guarda el polvo sobrante en un recipiente cerrado para utilizarlo nuevamente.<\/p>\n<p>Recomendaciones:<br \/>\nBa\u00f1a a tu mascota 2 o 3 veces a la semana de 10 a 15 minutos. Si su manto es muy graso o vives en un lugar con humedad<br \/>\nalta, b\u00e1\u00f1ala m\u00e1s seguido; por el contrario, si tu mascota presenta resequedad en la piel o se rasca constantemente, disminuye la frecuencia de los ba\u00f1os. Cambia el polvo RedKite cada semana o cuando est\u00e9 sucio, h\u00famedo, o presente alg\u00fan residuo. Limpia y desinfecta la ba\u00f1era para colocar el polvo nuevo. Se recomienda que cada animal tenga su propia ba\u00f1era para evitar propagaci\u00f3n de infecciones o enfermedades. La falta de ba\u00f1o puede ocasionar acumulaci\u00f3n de hongos y bacterias en la piel de tu mascota.<br \/>\nPrecauciones y advertencias:<br \/>\nMant\u00e9ngase en un lugar fresco y seco. No deje que se humedezca, cierre bien el envase despu\u00e9s de usar. No se deje al<br \/>\nalcance de ni\u00f1os y mascotas. <strong>USO VETERINARIO.<\/strong><br \/>\nIngredientes:<br \/>\n100% polvo de piedra p\u00f3mez<br \/>\nContenido:<br \/>\n1.8 kg<\/p>\n","protected":false},"excerpt":{"rendered":"<p>Polvo para ba\u00f1o de peque\u00f1os mam\u00edferos RedKite\u00ae (1.8 kg)<\/p>\n<p>El polvo RedKite\u00ae es el perfecto auxiliar para la higiene de tu mascota: limpia su pelaje, elimina el exceso de grasa y absorbe humedad. Al ser un polvo fino, penetra de manera m\u00e1s eficaz en el pelaje denso, otorgando sedosidad y brillo, al mismo tiempo que cuida la piel y la salud de tu mascota. Ideal para la higiene de peque\u00f1os animales como: chinchilla, conejo, h\u00e1mster, gerbo, deg\u00fa, hur\u00f3n.<\/p>\n","protected":false},"featured_media":2817,"template":"","meta":[],"product_brand":[104],"product_cat":[67,68],"product_tag":[275],"class_list":{"0":"post-2815","1":"product","2":"type-product","3":"status-publish","4":"has-post-thumbnail","6":"product_brand-redkite","7":"product_cat-pequenos-mamiferos","8":"product_cat-belleza-e-higiene-pequenos-mamiferos","9":"product_tag-bano-pequenos-mamiferos","11":"first","12":"instock","13":"sale","14":"shipping-taxable","15":"purchasable","16":"product-type-simple"},"yoast_head":"<!-- This site is optimized with the Yoast SEO plugin v27.4 - https:\/\/yoast.com\/product\/yoast-seo-wordpress\/ -->\n<title>POLVO PARA BA\u00d1O DE PEQUE\u00d1OS MAM\u00cdFEROS. | Acuario Supremus<\/title>\n<meta name=\"description\" content=\"El polvo para ba\u00f1o es el perfecto auxiliar para la higiene de tu mascota: limpia su pelaje, elimina el exceso de grasa y absorbe humedad.\" \/>\n<meta name=\"robots\" content=\"index, follow, max-snippet:-1, max-image-preview:large, max-video-preview:-1\" \/>\n<link rel=\"canonical\" href=\"https:\/\/acuariosupremus.com\/?product=polvo-para-bano-de-pequenos-mamiferos\" \/>\n<meta property=\"og:locale\" content=\"es_MX\" \/>\n<meta property=\"og:type\" content=\"article\" \/>\n<meta property=\"og:title\" content=\"POLVO PARA BA\u00d1O DE PEQUE\u00d1OS MAM\u00cdFEROS. | Acuario Supremus\" \/>\n<meta property=\"og:description\" content=\"El polvo para ba\u00f1o es el perfecto auxiliar para la higiene de tu mascota: limpia su pelaje, elimina el exceso de grasa y absorbe humedad.\" \/>\n<meta property=\"og:url\" content=\"https:\/\/acuariosupremus.com\/?product=polvo-para-bano-de-pequenos-mamiferos\" \/>\n<meta property=\"og:site_name\" content=\"Acuario Supremus\" \/>\n<meta property=\"article:publisher\" content=\"https:\/\/www.facebook.com\/AcuarioSupremus\" \/>\n<meta property=\"article:modified_time\" content=\"2026-01-08T22:06:01+00:00\" \/>\n<meta property=\"og:image\" content=\"https:\/\/acuariosupremus.com\/wp-content\/uploads\/2022\/02\/FL4006.jpg\" \/>\n\t<meta property=\"og:image:width\" content=\"1000\" \/>\n\t<meta property=\"og:image:height\" content=\"1000\" \/>\n\t<meta property=\"og:image:type\" content=\"image\/jpeg\" \/>\n<meta name=\"twitter:card\" content=\"summary_large_image\" \/>\n<meta name=\"twitter:site\" content=\"@AcuarioSupremus\" \/>\n<meta name=\"twitter:label1\" content=\"Tiempo de lectura\" \/>\n\t<meta name=\"twitter:data1\" content=\"1 minuto\" \/>\n<script type=\"application\/ld+json\" class=\"yoast-schema-graph\">{\"@context\":\"https:\\\/\\\/schema.org\",\"@graph\":[{\"@type\":\"WebPage\",\"@id\":\"https:\\\/\\\/acuariosupremus.com\\\/?product=polvo-para-bano-de-pequenos-mamiferos\",\"url\":\"https:\\\/\\\/acuariosupremus.com\\\/?product=polvo-para-bano-de-pequenos-mamiferos\",\"name\":\"POLVO PARA BA\u00d1O DE PEQUE\u00d1OS MAM\u00cdFEROS. | Acuario Supremus\",\"isPartOf\":{\"@id\":\"https:\\\/\\\/acuariosupremus.com\\\/#website\"},\"primaryImageOfPage\":{\"@id\":\"https:\\\/\\\/acuariosupremus.com\\\/?product=polvo-para-bano-de-pequenos-mamiferos#primaryimage\"},\"image\":{\"@id\":\"https:\\\/\\\/acuariosupremus.com\\\/?product=polvo-para-bano-de-pequenos-mamiferos#primaryimage\"},\"thumbnailUrl\":\"https:\\\/\\\/acuariosupremus.com\\\/wp-content\\\/uploads\\\/2022\\\/02\\\/FL4006.jpg\",\"datePublished\":\"2022-02-14T20:18:10+00:00\",\"dateModified\":\"2026-01-08T22:06:01+00:00\",\"description\":\"El polvo para ba\u00f1o es el perfecto auxiliar para la higiene de tu mascota: limpia su pelaje, elimina el exceso de grasa y absorbe humedad.\",\"breadcrumb\":{\"@id\":\"https:\\\/\\\/acuariosupremus.com\\\/?product=polvo-para-bano-de-pequenos-mamiferos#breadcrumb\"},\"inLanguage\":\"es\",\"potentialAction\":[{\"@type\":\"ReadAction\",\"target\":[\"https:\\\/\\\/acuariosupremus.com\\\/?product=polvo-para-bano-de-pequenos-mamiferos\"]}]},{\"@type\":\"ImageObject\",\"inLanguage\":\"es\",\"@id\":\"https:\\\/\\\/acuariosupremus.com\\\/?product=polvo-para-bano-de-pequenos-mamiferos#primaryimage\",\"url\":\"https:\\\/\\\/acuariosupremus.com\\\/wp-content\\\/uploads\\\/2022\\\/02\\\/FL4006.jpg\",\"contentUrl\":\"https:\\\/\\\/acuariosupremus.com\\\/wp-content\\\/uploads\\\/2022\\\/02\\\/FL4006.jpg\",\"width\":1000,\"height\":1000},{\"@type\":\"BreadcrumbList\",\"@id\":\"https:\\\/\\\/acuariosupremus.com\\\/?product=polvo-para-bano-de-pequenos-mamiferos#breadcrumb\",\"itemListElement\":[{\"@type\":\"ListItem\",\"position\":1,\"name\":\"Portada\",\"item\":\"https:\\\/\\\/acuariosupremus.com\\\/\"},{\"@type\":\"ListItem\",\"position\":2,\"name\":\"Tienda\",\"item\":\"https:\\\/\\\/acuariosupremus.com\\\/tienda\\\/\"},{\"@type\":\"ListItem\",\"position\":3,\"name\":\"POLVO PARA BA\u00d1O DE PEQUE\u00d1OS MAM\u00cdFEROS.\"}]},{\"@type\":\"WebSite\",\"@id\":\"https:\\\/\\\/acuariosupremus.com\\\/#website\",\"url\":\"https:\\\/\\\/acuariosupremus.com\\\/\",\"name\":\"Acuario Supremus\",\"description\":\"Peces, Peceras y Mascotas.\",\"publisher\":{\"@id\":\"https:\\\/\\\/acuariosupremus.com\\\/#organization\"},\"potentialAction\":[{\"@type\":\"SearchAction\",\"target\":{\"@type\":\"EntryPoint\",\"urlTemplate\":\"https:\\\/\\\/acuariosupremus.com\\\/?s={search_term_string}\"},\"query-input\":{\"@type\":\"PropertyValueSpecification\",\"valueRequired\":true,\"valueName\":\"search_term_string\"}}],\"inLanguage\":\"es\"},{\"@type\":\"Organization\",\"@id\":\"https:\\\/\\\/acuariosupremus.com\\\/#organization\",\"name\":\"Acuario Supremus\",\"url\":\"https:\\\/\\\/acuariosupremus.com\\\/\",\"logo\":{\"@type\":\"ImageObject\",\"inLanguage\":\"es\",\"@id\":\"https:\\\/\\\/acuariosupremus.com\\\/#\\\/schema\\\/logo\\\/image\\\/\",\"url\":\"https:\\\/\\\/acuariosupremus.com\\\/wp-content\\\/uploads\\\/2021\\\/12\\\/cropped-logo_acuario_supremus_fn-2.png\",\"contentUrl\":\"https:\\\/\\\/acuariosupremus.com\\\/wp-content\\\/uploads\\\/2021\\\/12\\\/cropped-logo_acuario_supremus_fn-2.png\",\"width\":1000,\"height\":318,\"caption\":\"Acuario Supremus\"},\"image\":{\"@id\":\"https:\\\/\\\/acuariosupremus.com\\\/#\\\/schema\\\/logo\\\/image\\\/\"},\"sameAs\":[\"https:\\\/\\\/www.facebook.com\\\/AcuarioSupremus\",\"https:\\\/\\\/x.com\\\/AcuarioSupremus\",\"https:\\\/\\\/www.instagram.com\\\/acuariosupremus\\\/?hl=es\"]}]}<\/script>\n<!-- \/ Yoast SEO plugin. -->","yoast_head_json":{"title":"POLVO PARA BA\u00d1O DE PEQUE\u00d1OS MAM\u00cdFEROS. | Acuario Supremus","description":"El polvo para ba\u00f1o es el perfecto auxiliar para la higiene de tu mascota: limpia su pelaje, elimina el exceso de grasa y absorbe humedad.","robots":{"index":"index","follow":"follow","max-snippet":"max-snippet:-1","max-image-preview":"max-image-preview:large","max-video-preview":"max-video-preview:-1"},"canonical":"https:\/\/acuariosupremus.com\/?product=polvo-para-bano-de-pequenos-mamiferos","og_locale":"es_MX","og_type":"article","og_title":"POLVO PARA BA\u00d1O DE PEQUE\u00d1OS MAM\u00cdFEROS. | Acuario Supremus","og_description":"El polvo para ba\u00f1o es el perfecto auxiliar para la higiene de tu mascota: limpia su pelaje, elimina el exceso de grasa y absorbe humedad.","og_url":"https:\/\/acuariosupremus.com\/?product=polvo-para-bano-de-pequenos-mamiferos","og_site_name":"Acuario Supremus","article_publisher":"https:\/\/www.facebook.com\/AcuarioSupremus","article_modified_time":"2026-01-08T22:06:01+00:00","og_image":[{"width":1000,"height":1000,"url":"https:\/\/acuariosupremus.com\/wp-content\/uploads\/2022\/02\/FL4006.jpg","type":"image\/jpeg"}],"twitter_card":"summary_large_image","twitter_site":"@AcuarioSupremus","twitter_misc":{"Tiempo de lectura":"1 minuto"},"schema":{"@context":"https:\/\/schema.org","@graph":[{"@type":"WebPage","@id":"https:\/\/acuariosupremus.com\/?product=polvo-para-bano-de-pequenos-mamiferos","url":"https:\/\/acuariosupremus.com\/?product=polvo-para-bano-de-pequenos-mamiferos","name":"POLVO PARA BA\u00d1O DE PEQUE\u00d1OS MAM\u00cdFEROS. | Acuario Supremus","isPartOf":{"@id":"https:\/\/acuariosupremus.com\/#website"},"primaryImageOfPage":{"@id":"https:\/\/acuariosupremus.com\/?product=polvo-para-bano-de-pequenos-mamiferos#primaryimage"},"image":{"@id":"https:\/\/acuariosupremus.com\/?product=polvo-para-bano-de-pequenos-mamiferos#primaryimage"},"thumbnailUrl":"https:\/\/acuariosupremus.com\/wp-content\/uploads\/2022\/02\/FL4006.jpg","datePublished":"2022-02-14T20:18:10+00:00","dateModified":"2026-01-08T22:06:01+00:00","description":"El polvo para ba\u00f1o es el perfecto auxiliar para la higiene de tu mascota: limpia su pelaje, elimina el exceso de grasa y absorbe humedad.","breadcrumb":{"@id":"https:\/\/acuariosupremus.com\/?product=polvo-para-bano-de-pequenos-mamiferos#breadcrumb"},"inLanguage":"es","potentialAction":[{"@type":"ReadAction","target":["https:\/\/acuariosupremus.com\/?product=polvo-para-bano-de-pequenos-mamiferos"]}]},{"@type":"ImageObject","inLanguage":"es","@id":"https:\/\/acuariosupremus.com\/?product=polvo-para-bano-de-pequenos-mamiferos#primaryimage","url":"https:\/\/acuariosupremus.com\/wp-content\/uploads\/2022\/02\/FL4006.jpg","contentUrl":"https:\/\/acuariosupremus.com\/wp-content\/uploads\/2022\/02\/FL4006.jpg","width":1000,"height":1000},{"@type":"BreadcrumbList","@id":"https:\/\/acuariosupremus.com\/?product=polvo-para-bano-de-pequenos-mamiferos#breadcrumb","itemListElement":[{"@type":"ListItem","position":1,"name":"Portada","item":"https:\/\/acuariosupremus.com\/"},{"@type":"ListItem","position":2,"name":"Tienda","item":"https:\/\/acuariosupremus.com\/tienda\/"},{"@type":"ListItem","position":3,"name":"POLVO PARA BA\u00d1O DE PEQUE\u00d1OS MAM\u00cdFEROS."}]},{"@type":"WebSite","@id":"https:\/\/acuariosupremus.com\/#website","url":"https:\/\/acuariosupremus.com\/","name":"Acuario Supremus","description":"Peces, Peceras y Mascotas.","publisher":{"@id":"https:\/\/acuariosupremus.com\/#organization"},"potentialAction":[{"@type":"SearchAction","target":{"@type":"EntryPoint","urlTemplate":"https:\/\/acuariosupremus.com\/?s={search_term_string}"},"query-input":{"@type":"PropertyValueSpecification","valueRequired":true,"valueName":"search_term_string"}}],"inLanguage":"es"},{"@type":"Organization","@id":"https:\/\/acuariosupremus.com\/#organization","name":"Acuario Supremus","url":"https:\/\/acuariosupremus.com\/","logo":{"@type":"ImageObject","inLanguage":"es","@id":"https:\/\/acuariosupremus.com\/#\/schema\/logo\/image\/","url":"https:\/\/acuariosupremus.com\/wp-content\/uploads\/2021\/12\/cropped-logo_acuario_supremus_fn-2.png","contentUrl":"https:\/\/acuariosupremus.com\/wp-content\/uploads\/2021\/12\/cropped-logo_acuario_supremus_fn-2.png","width":1000,"height":318,"caption":"Acuario Supremus"},"image":{"@id":"https:\/\/acuariosupremus.com\/#\/schema\/logo\/image\/"},"sameAs":["https:\/\/www.facebook.com\/AcuarioSupremus","https:\/\/x.com\/AcuarioSupremus","https:\/\/www.instagram.com\/acuariosupremus\/?hl=es"]}]}},"jetpack_sharing_enabled":true,"_links":{"self":[{"href":"https:\/\/acuariosupremus.com\/index.php?rest_route=\/wp\/v2\/product\/2815","targetHints":{"allow":["GET"]}}],"collection":[{"href":"https:\/\/acuariosupremus.com\/index.php?rest_route=\/wp\/v2\/product"}],"about":[{"href":"https:\/\/acuariosupremus.com\/index.php?rest_route=\/wp\/v2\/types\/product"}],"wp:featuredmedia":[{"embeddable":true,"href":"https:\/\/acuariosupremus.com\/index.php?rest_route=\/wp\/v2\/media\/2817"}],"wp:attachment":[{"href":"https:\/\/acuariosupremus.com\/index.php?rest_route=%2Fwp%2Fv2%2Fmedia&parent=2815"}],"wp:term":[{"taxonomy":"product_brand","embeddable":true,"href":"https:\/\/acuariosupremus.com\/index.php?rest_route=%2Fwp%2Fv2%2Fproduct_brand&post=2815"},{"taxonomy":"product_cat","embeddable":true,"href":"https:\/\/acuariosupremus.com\/index.php?rest_route=%2Fwp%2Fv2%2Fproduct_cat&post=2815"},{"taxonomy":"product_tag","embeddable":true,"href":"https:\/\/acuariosupremus.com\/index.php?rest_route=%2Fwp%2Fv2%2Fproduct_tag&post=2815"}],"curies":[{"name":"wp","href":"https:\/\/api.w.org\/{rel}","templated":true}]}}