{"id":3344,"date":"2022-02-19T16:19:19","date_gmt":"2022-02-19T22:19:19","guid":{"rendered":"https:\/\/acuariosupremus.com\/?post_type=product&#038;p=3344"},"modified":"2026-01-15T14:12:22","modified_gmt":"2026-01-15T20:12:22","slug":"pasto-para-gatos","status":"publish","type":"product","link":"https:\/\/acuariosupremus.com\/?product=pasto-para-gatos","title":{"rendered":"PASTO PARA GATOS."},"content":{"rendered":"<p>Instrucciones:<br \/>\n1. Realice los hoyos de drenaje indicados en las patas de la maceta con un objeto puntiagudo como navaja, chincheta, o<br \/>\ndesarmador.<br \/>\n2. Saque de la bolsa todo el sustrato y col\u00f3quelo dentro de la maceta.<br \/>\n3. Saque de la bolsa 20 g de las semillas con ayuda de dos cucharas soperas (10 g aprox.), esparza por todo el sustrato las<br \/>\nsemillas y c\u00fabralas 2 mm debajo del sustrato. Guarde el resto de las semillas dentro de la bolsa para pr\u00f3ximas siembras y para una mejor conservaci\u00f3n, almac\u00e9nelas dentro del refrigerador con la bolsa bien sellada.<br \/>\n4. Con ayuda de una botella atomizadora, humedezca diariamente, pero no empape, las semillas para que comiencen a<br \/>\ngerminar y mantenga en un lugar c\u00e1lido. Una vez que aparecen los brotes, use menos agua.<br \/>\n5. Espere de 3 a 7 d\u00edas para que broten las semillas.<br \/>\n6. Mantenga con luz natural, evitando los rayos directos del sol, y agua diariamente con la botella atomizadora.<br \/>\n7. El pasto estar\u00e1 listo para que su gato lo coma de 10 a 14 d\u00edas despu\u00e9s de brotar, o una vez que haya alcanzado una altura<br \/>\naproximada de 10 cm y durar\u00e1 de 1 a 3 semanas. 8. Permita que su mascota juegue y coma directamente de la maceta. 9.<br \/>\nCuando el pasto comience a marchitarse o cambiar de color, cambie el sustrato y siembre de nuevo en la maceta repitiendo los pasos anteriores.<br \/>\nRecomendaciones:<br \/>\nPrecauciones y advertencias:<br \/>\nMANT\u00c9NGASE FUERA DEL ALCANCE DE LOS NI\u00d1OS EN TODO MOMENTO Y DE LA MASCOTA ANTES DE LA SIEMBRA. Supervise a su mascota durante el tiempo que utilice el pasto. Este producto \u00fanicamente estimula el juego y atracci\u00f3n de las mascotas, no sustituye ning\u00fan tratamiento indicado por el m\u00e9dico veterinario. Este producto no causa h\u00e1bito, no es adictivo, ni t\u00f3xico.<br \/>\nCONSULTE AL M\u00c9DICO VETERINARIO.<br \/>\nContenido:<br \/>\n1 bolsa de semillas (0.6 l) de trigo (Triticum aestivum) y avena (Avena sativa)<br \/>\ncon rendimiento para 3 siembras, 1 bolsa de sustrato (0.6 l), 1 maceta de<br \/>\npl\u00e1stico.<\/p>\n","protected":false},"excerpt":{"rendered":"<p>El Pasto para Gatos es un peque\u00f1o kit con semillas de trigo y avena, sustrato y una maceta para la obtenci\u00f3n de pasto.<br \/>\nBeneficios:<br \/>\nEl Pasto para Gatos de Fancy Pets es una excelente opci\u00f3n para estimular el juego y la diversi\u00f3n de las mascotas, que debido a su origen vegetal es una fuente rica en vitaminas, minerales, clorofila, \u00e1cido f\u00f3lico y fibra que ayuda a la digesti\u00f3n y expulsi\u00f3n de bolas de pelo en los gatos. Contiene todo lo necesario para que su mascota tenga su propio espacio verde y pueda mordisquear de forma segura y saludable. No debe confundirse con el catnip (Nepeta cataria) que es un miembro de la familia de la menta. Puede ser utilizado adem\u00e1s de gatos, con peque\u00f1os roedores como conejo y h\u00e1mster.<\/p>\n","protected":false},"featured_media":3345,"template":"","meta":[],"product_brand":[106],"product_cat":[30,31],"product_tag":[305],"class_list":{"0":"post-3344","1":"product","2":"type-product","3":"status-publish","4":"has-post-thumbnail","6":"product_brand-fancypets","7":"product_cat-gatos","8":"product_cat-belleza-e-higiene","9":"product_tag-pasto-para-gatos","11":"first","12":"instock","13":"sale","14":"shipping-taxable","15":"purchasable","16":"product-type-simple"},"yoast_head":"<!-- This site is optimized with the Yoast SEO plugin v27.4 - https:\/\/yoast.com\/product\/yoast-seo-wordpress\/ -->\n<title>PASTO PARA GATOS. | Acuario Supremus<\/title>\n<meta name=\"description\" content=\"El Pasto para Gatos de Fancy Pets con semillas de trigo, avena y sustrato es una excelente opci\u00f3n para estimular el juego y la diversi\u00f3n de las mascotas.\" \/>\n<meta name=\"robots\" content=\"index, follow, max-snippet:-1, max-image-preview:large, max-video-preview:-1\" \/>\n<link rel=\"canonical\" href=\"https:\/\/acuariosupremus.com\/?product=pasto-para-gatos\" \/>\n<meta property=\"og:locale\" content=\"es_MX\" \/>\n<meta property=\"og:type\" content=\"article\" \/>\n<meta property=\"og:title\" content=\"PASTO PARA GATOS. | Acuario Supremus\" \/>\n<meta property=\"og:description\" content=\"El Pasto para Gatos de Fancy Pets con semillas de trigo, avena y sustrato es una excelente opci\u00f3n para estimular el juego y la diversi\u00f3n de las mascotas.\" \/>\n<meta property=\"og:url\" content=\"https:\/\/acuariosupremus.com\/?product=pasto-para-gatos\" \/>\n<meta property=\"og:site_name\" content=\"Acuario Supremus\" \/>\n<meta property=\"article:publisher\" content=\"https:\/\/www.facebook.com\/AcuarioSupremus\" \/>\n<meta property=\"article:modified_time\" content=\"2026-01-15T20:12:22+00:00\" \/>\n<meta property=\"og:image\" content=\"https:\/\/acuariosupremus.com\/wp-content\/uploads\/2022\/02\/FL3916_F.jpg\" \/>\n\t<meta property=\"og:image:width\" content=\"1000\" \/>\n\t<meta property=\"og:image:height\" content=\"1000\" \/>\n\t<meta property=\"og:image:type\" content=\"image\/jpeg\" \/>\n<meta name=\"twitter:card\" content=\"summary_large_image\" \/>\n<meta name=\"twitter:site\" content=\"@AcuarioSupremus\" \/>\n<meta name=\"twitter:label1\" content=\"Tiempo de lectura\" \/>\n\t<meta name=\"twitter:data1\" content=\"2 minutos\" \/>\n<script type=\"application\/ld+json\" class=\"yoast-schema-graph\">{\"@context\":\"https:\\\/\\\/schema.org\",\"@graph\":[{\"@type\":\"WebPage\",\"@id\":\"https:\\\/\\\/acuariosupremus.com\\\/?product=pasto-para-gatos\",\"url\":\"https:\\\/\\\/acuariosupremus.com\\\/?product=pasto-para-gatos\",\"name\":\"PASTO PARA GATOS. | Acuario Supremus\",\"isPartOf\":{\"@id\":\"https:\\\/\\\/acuariosupremus.com\\\/#website\"},\"primaryImageOfPage\":{\"@id\":\"https:\\\/\\\/acuariosupremus.com\\\/?product=pasto-para-gatos#primaryimage\"},\"image\":{\"@id\":\"https:\\\/\\\/acuariosupremus.com\\\/?product=pasto-para-gatos#primaryimage\"},\"thumbnailUrl\":\"https:\\\/\\\/acuariosupremus.com\\\/wp-content\\\/uploads\\\/2022\\\/02\\\/FL3916_F.jpg\",\"datePublished\":\"2022-02-19T22:19:19+00:00\",\"dateModified\":\"2026-01-15T20:12:22+00:00\",\"description\":\"El Pasto para Gatos de Fancy Pets con semillas de trigo, avena y sustrato es una excelente opci\u00f3n para estimular el juego y la diversi\u00f3n de las mascotas.\",\"breadcrumb\":{\"@id\":\"https:\\\/\\\/acuariosupremus.com\\\/?product=pasto-para-gatos#breadcrumb\"},\"inLanguage\":\"es\",\"potentialAction\":[{\"@type\":\"ReadAction\",\"target\":[\"https:\\\/\\\/acuariosupremus.com\\\/?product=pasto-para-gatos\"]}]},{\"@type\":\"ImageObject\",\"inLanguage\":\"es\",\"@id\":\"https:\\\/\\\/acuariosupremus.com\\\/?product=pasto-para-gatos#primaryimage\",\"url\":\"https:\\\/\\\/acuariosupremus.com\\\/wp-content\\\/uploads\\\/2022\\\/02\\\/FL3916_F.jpg\",\"contentUrl\":\"https:\\\/\\\/acuariosupremus.com\\\/wp-content\\\/uploads\\\/2022\\\/02\\\/FL3916_F.jpg\",\"width\":1000,\"height\":1000},{\"@type\":\"BreadcrumbList\",\"@id\":\"https:\\\/\\\/acuariosupremus.com\\\/?product=pasto-para-gatos#breadcrumb\",\"itemListElement\":[{\"@type\":\"ListItem\",\"position\":1,\"name\":\"Portada\",\"item\":\"https:\\\/\\\/acuariosupremus.com\\\/\"},{\"@type\":\"ListItem\",\"position\":2,\"name\":\"Tienda\",\"item\":\"https:\\\/\\\/acuariosupremus.com\\\/tienda\\\/\"},{\"@type\":\"ListItem\",\"position\":3,\"name\":\"PASTO PARA GATOS.\"}]},{\"@type\":\"WebSite\",\"@id\":\"https:\\\/\\\/acuariosupremus.com\\\/#website\",\"url\":\"https:\\\/\\\/acuariosupremus.com\\\/\",\"name\":\"Acuario Supremus\",\"description\":\"Peces, Peceras y Mascotas.\",\"publisher\":{\"@id\":\"https:\\\/\\\/acuariosupremus.com\\\/#organization\"},\"potentialAction\":[{\"@type\":\"SearchAction\",\"target\":{\"@type\":\"EntryPoint\",\"urlTemplate\":\"https:\\\/\\\/acuariosupremus.com\\\/?s={search_term_string}\"},\"query-input\":{\"@type\":\"PropertyValueSpecification\",\"valueRequired\":true,\"valueName\":\"search_term_string\"}}],\"inLanguage\":\"es\"},{\"@type\":\"Organization\",\"@id\":\"https:\\\/\\\/acuariosupremus.com\\\/#organization\",\"name\":\"Acuario Supremus\",\"url\":\"https:\\\/\\\/acuariosupremus.com\\\/\",\"logo\":{\"@type\":\"ImageObject\",\"inLanguage\":\"es\",\"@id\":\"https:\\\/\\\/acuariosupremus.com\\\/#\\\/schema\\\/logo\\\/image\\\/\",\"url\":\"https:\\\/\\\/acuariosupremus.com\\\/wp-content\\\/uploads\\\/2021\\\/12\\\/cropped-logo_acuario_supremus_fn-2.png\",\"contentUrl\":\"https:\\\/\\\/acuariosupremus.com\\\/wp-content\\\/uploads\\\/2021\\\/12\\\/cropped-logo_acuario_supremus_fn-2.png\",\"width\":1000,\"height\":318,\"caption\":\"Acuario Supremus\"},\"image\":{\"@id\":\"https:\\\/\\\/acuariosupremus.com\\\/#\\\/schema\\\/logo\\\/image\\\/\"},\"sameAs\":[\"https:\\\/\\\/www.facebook.com\\\/AcuarioSupremus\",\"https:\\\/\\\/x.com\\\/AcuarioSupremus\",\"https:\\\/\\\/www.instagram.com\\\/acuariosupremus\\\/?hl=es\"]}]}<\/script>\n<!-- \/ Yoast SEO plugin. -->","yoast_head_json":{"title":"PASTO PARA GATOS. | Acuario Supremus","description":"El Pasto para Gatos de Fancy Pets con semillas de trigo, avena y sustrato es una excelente opci\u00f3n para estimular el juego y la diversi\u00f3n de las mascotas.","robots":{"index":"index","follow":"follow","max-snippet":"max-snippet:-1","max-image-preview":"max-image-preview:large","max-video-preview":"max-video-preview:-1"},"canonical":"https:\/\/acuariosupremus.com\/?product=pasto-para-gatos","og_locale":"es_MX","og_type":"article","og_title":"PASTO PARA GATOS. | Acuario Supremus","og_description":"El Pasto para Gatos de Fancy Pets con semillas de trigo, avena y sustrato es una excelente opci\u00f3n para estimular el juego y la diversi\u00f3n de las mascotas.","og_url":"https:\/\/acuariosupremus.com\/?product=pasto-para-gatos","og_site_name":"Acuario Supremus","article_publisher":"https:\/\/www.facebook.com\/AcuarioSupremus","article_modified_time":"2026-01-15T20:12:22+00:00","og_image":[{"width":1000,"height":1000,"url":"https:\/\/acuariosupremus.com\/wp-content\/uploads\/2022\/02\/FL3916_F.jpg","type":"image\/jpeg"}],"twitter_card":"summary_large_image","twitter_site":"@AcuarioSupremus","twitter_misc":{"Tiempo de lectura":"2 minutos"},"schema":{"@context":"https:\/\/schema.org","@graph":[{"@type":"WebPage","@id":"https:\/\/acuariosupremus.com\/?product=pasto-para-gatos","url":"https:\/\/acuariosupremus.com\/?product=pasto-para-gatos","name":"PASTO PARA GATOS. | Acuario Supremus","isPartOf":{"@id":"https:\/\/acuariosupremus.com\/#website"},"primaryImageOfPage":{"@id":"https:\/\/acuariosupremus.com\/?product=pasto-para-gatos#primaryimage"},"image":{"@id":"https:\/\/acuariosupremus.com\/?product=pasto-para-gatos#primaryimage"},"thumbnailUrl":"https:\/\/acuariosupremus.com\/wp-content\/uploads\/2022\/02\/FL3916_F.jpg","datePublished":"2022-02-19T22:19:19+00:00","dateModified":"2026-01-15T20:12:22+00:00","description":"El Pasto para Gatos de Fancy Pets con semillas de trigo, avena y sustrato es una excelente opci\u00f3n para estimular el juego y la diversi\u00f3n de las mascotas.","breadcrumb":{"@id":"https:\/\/acuariosupremus.com\/?product=pasto-para-gatos#breadcrumb"},"inLanguage":"es","potentialAction":[{"@type":"ReadAction","target":["https:\/\/acuariosupremus.com\/?product=pasto-para-gatos"]}]},{"@type":"ImageObject","inLanguage":"es","@id":"https:\/\/acuariosupremus.com\/?product=pasto-para-gatos#primaryimage","url":"https:\/\/acuariosupremus.com\/wp-content\/uploads\/2022\/02\/FL3916_F.jpg","contentUrl":"https:\/\/acuariosupremus.com\/wp-content\/uploads\/2022\/02\/FL3916_F.jpg","width":1000,"height":1000},{"@type":"BreadcrumbList","@id":"https:\/\/acuariosupremus.com\/?product=pasto-para-gatos#breadcrumb","itemListElement":[{"@type":"ListItem","position":1,"name":"Portada","item":"https:\/\/acuariosupremus.com\/"},{"@type":"ListItem","position":2,"name":"Tienda","item":"https:\/\/acuariosupremus.com\/tienda\/"},{"@type":"ListItem","position":3,"name":"PASTO PARA GATOS."}]},{"@type":"WebSite","@id":"https:\/\/acuariosupremus.com\/#website","url":"https:\/\/acuariosupremus.com\/","name":"Acuario Supremus","description":"Peces, Peceras y Mascotas.","publisher":{"@id":"https:\/\/acuariosupremus.com\/#organization"},"potentialAction":[{"@type":"SearchAction","target":{"@type":"EntryPoint","urlTemplate":"https:\/\/acuariosupremus.com\/?s={search_term_string}"},"query-input":{"@type":"PropertyValueSpecification","valueRequired":true,"valueName":"search_term_string"}}],"inLanguage":"es"},{"@type":"Organization","@id":"https:\/\/acuariosupremus.com\/#organization","name":"Acuario Supremus","url":"https:\/\/acuariosupremus.com\/","logo":{"@type":"ImageObject","inLanguage":"es","@id":"https:\/\/acuariosupremus.com\/#\/schema\/logo\/image\/","url":"https:\/\/acuariosupremus.com\/wp-content\/uploads\/2021\/12\/cropped-logo_acuario_supremus_fn-2.png","contentUrl":"https:\/\/acuariosupremus.com\/wp-content\/uploads\/2021\/12\/cropped-logo_acuario_supremus_fn-2.png","width":1000,"height":318,"caption":"Acuario Supremus"},"image":{"@id":"https:\/\/acuariosupremus.com\/#\/schema\/logo\/image\/"},"sameAs":["https:\/\/www.facebook.com\/AcuarioSupremus","https:\/\/x.com\/AcuarioSupremus","https:\/\/www.instagram.com\/acuariosupremus\/?hl=es"]}]}},"jetpack_sharing_enabled":true,"_links":{"self":[{"href":"https:\/\/acuariosupremus.com\/index.php?rest_route=\/wp\/v2\/product\/3344","targetHints":{"allow":["GET"]}}],"collection":[{"href":"https:\/\/acuariosupremus.com\/index.php?rest_route=\/wp\/v2\/product"}],"about":[{"href":"https:\/\/acuariosupremus.com\/index.php?rest_route=\/wp\/v2\/types\/product"}],"wp:featuredmedia":[{"embeddable":true,"href":"https:\/\/acuariosupremus.com\/index.php?rest_route=\/wp\/v2\/media\/3345"}],"wp:attachment":[{"href":"https:\/\/acuariosupremus.com\/index.php?rest_route=%2Fwp%2Fv2%2Fmedia&parent=3344"}],"wp:term":[{"taxonomy":"product_brand","embeddable":true,"href":"https:\/\/acuariosupremus.com\/index.php?rest_route=%2Fwp%2Fv2%2Fproduct_brand&post=3344"},{"taxonomy":"product_cat","embeddable":true,"href":"https:\/\/acuariosupremus.com\/index.php?rest_route=%2Fwp%2Fv2%2Fproduct_cat&post=3344"},{"taxonomy":"product_tag","embeddable":true,"href":"https:\/\/acuariosupremus.com\/index.php?rest_route=%2Fwp%2Fv2%2Fproduct_tag&post=3344"}],"curies":[{"name":"wp","href":"https:\/\/api.w.org\/{rel}","templated":true}]}}