{"id":4712,"date":"2022-03-05T16:53:39","date_gmt":"2022-03-05T22:53:39","guid":{"rendered":"https:\/\/acuariosupremus.com\/?post_type=product&#038;p=4712"},"modified":"2026-01-30T17:05:41","modified_gmt":"2026-01-30T23:05:41","slug":"collar-de-entrenamiento-con-puas-4-0-mm-60-cm","status":"publish","type":"product","link":"https:\/\/acuariosupremus.com\/?product=collar-de-entrenamiento-con-puas-4-0-mm-60-cm","title":{"rendered":"COLLAR DE ENTRENAMIENTO CON PUAS (4.0 MM) 60 CM"},"content":{"rendered":"<p>Instrucciones:<br \/>\nUso asistido:<br \/>\nEs indispensable que el entrenador canino profesional oriente y supervise el uso de esta herramienta de acuerdo con cada perro y con base en sus necesidades de aprendizaje. Estos collares usados correctamente, no deben causar molestia o incomodidad a la mascota. Nunca se debe tirar y arrastrar.<br \/>\nRecomendaciones:<br \/>\nEs indispensable que el entrenador canino profesional oriente y supervise el uso de esta herramienta, de acuerdo con cada perro y con base a las necesidades de aprendizaje del mismo. Estos collares no son invasivos como parecen pues usados correctamente, no deben causar molestia o incomodidad al perro. Su principio de acci\u00f3n es imitar la forma de correcci\u00f3n natural entre los perros, donde uno toma al otro del cuello con la boca sin lastimarlo, pero indic\u00e1ndole claramente su autoridad. Disponible en dos tama\u00f1os, si requiere de un collar m\u00e1s peque\u00f1o puede retirar eslabones de la cadena. Para escoger el tama\u00f1o adecuado debe medir el contorno del cuello y agregar de 8 a 10 cm. Este collar no debe permanecer todo el tiempo en el cuello de la mascota.<br \/>\nMedidas:<br \/>\n<strong>4 mm argolla, 60 cm de longitud<\/strong>.<br \/>\nMaterial:<br \/>\nAcero cromado<br \/>\nContenido:<br \/>\n1 pieza<\/p>\n","protected":false},"excerpt":{"rendered":"<p>Caracter\u00edsticas:<br \/>\n&#8211; Acero cromado con eslabones soldados.<br \/>\n&#8211; P\u00faas equipadas con cubiertas desmontables de goma.<br \/>\n&#8211; Soporta hasta 50 kg de peso.<br \/>\n&#8211; P\u00faas equipadas con goma para un uso m\u00e1s sutil.<br \/>\n&#8211; Herramienta auxiliar para el entrenamiento de la mascota.<br \/>\n&#8211; No mancha ni da\u00f1a el pelaje de la mascota.<br \/>\n&#8211; La cubierta cromada ayuda y previene la oxidaci\u00f3n, conservando el brillo original.<br \/>\nRazas sugeridas:<br \/>\nAmstaff, Staffordshire Bull Terrier, Fila Brasile\u00f1o, Presa Cario, Bull Mastiff, Dogo Argentino.<\/p>\n","protected":false},"featured_media":4713,"template":"","meta":[],"product_brand":[106],"product_cat":[73,82],"product_tag":[416],"class_list":{"0":"post-4712","1":"product","2":"type-product","3":"status-publish","4":"has-post-thumbnail","6":"product_brand-fancypets","7":"product_cat-perros","8":"product_cat-collares-y-correas","9":"product_tag-collar-entrenamiento-con-puas","11":"first","12":"instock","13":"sale","14":"shipping-taxable","15":"purchasable","16":"product-type-simple"},"yoast_head":"<!-- This site is optimized with the Yoast SEO plugin v27.4 - https:\/\/yoast.com\/product\/yoast-seo-wordpress\/ -->\n<title>COLLAR DE ENTRENAMIENTO CON PUAS (4.0 MM) 60 CM | Acuario Supremus<\/title>\n<meta name=\"description\" content=\"Acero cromado con eslabones soldados, Soporta hasta 50 kg de peso, P\u00faas equipadas con goma para, Herramienta auxiliar para el entrenamiento de la mascota.\" \/>\n<meta name=\"robots\" content=\"index, follow, max-snippet:-1, max-image-preview:large, max-video-preview:-1\" \/>\n<link rel=\"canonical\" href=\"https:\/\/acuariosupremus.com\/?product=collar-de-entrenamiento-con-puas-4-0-mm-60-cm\" \/>\n<meta property=\"og:locale\" content=\"es_MX\" \/>\n<meta property=\"og:type\" content=\"article\" \/>\n<meta property=\"og:title\" content=\"COLLAR DE ENTRENAMIENTO CON PUAS (4.0 MM) 60 CM | Acuario Supremus\" \/>\n<meta property=\"og:description\" content=\"Acero cromado con eslabones soldados, Soporta hasta 50 kg de peso, P\u00faas equipadas con goma para, Herramienta auxiliar para el entrenamiento de la mascota.\" \/>\n<meta property=\"og:url\" content=\"https:\/\/acuariosupremus.com\/?product=collar-de-entrenamiento-con-puas-4-0-mm-60-cm\" \/>\n<meta property=\"og:site_name\" content=\"Acuario Supremus\" \/>\n<meta property=\"article:publisher\" content=\"https:\/\/www.facebook.com\/AcuarioSupremus\" \/>\n<meta property=\"article:modified_time\" content=\"2026-01-30T23:05:41+00:00\" \/>\n<meta property=\"og:image\" content=\"https:\/\/acuariosupremus.com\/wp-content\/uploads\/2022\/03\/FL9132.jpg\" \/>\n\t<meta property=\"og:image:width\" content=\"1000\" \/>\n\t<meta property=\"og:image:height\" content=\"1000\" \/>\n\t<meta property=\"og:image:type\" content=\"image\/jpeg\" \/>\n<meta name=\"twitter:card\" content=\"summary_large_image\" \/>\n<meta name=\"twitter:site\" content=\"@AcuarioSupremus\" \/>\n<meta name=\"twitter:label1\" content=\"Tiempo de lectura\" \/>\n\t<meta name=\"twitter:data1\" content=\"1 minuto\" \/>\n<script type=\"application\/ld+json\" class=\"yoast-schema-graph\">{\"@context\":\"https:\\\/\\\/schema.org\",\"@graph\":[{\"@type\":\"WebPage\",\"@id\":\"https:\\\/\\\/acuariosupremus.com\\\/?product=collar-de-entrenamiento-con-puas-4-0-mm-60-cm\",\"url\":\"https:\\\/\\\/acuariosupremus.com\\\/?product=collar-de-entrenamiento-con-puas-4-0-mm-60-cm\",\"name\":\"COLLAR DE ENTRENAMIENTO CON PUAS (4.0 MM) 60 CM | Acuario Supremus\",\"isPartOf\":{\"@id\":\"https:\\\/\\\/acuariosupremus.com\\\/#website\"},\"primaryImageOfPage\":{\"@id\":\"https:\\\/\\\/acuariosupremus.com\\\/?product=collar-de-entrenamiento-con-puas-4-0-mm-60-cm#primaryimage\"},\"image\":{\"@id\":\"https:\\\/\\\/acuariosupremus.com\\\/?product=collar-de-entrenamiento-con-puas-4-0-mm-60-cm#primaryimage\"},\"thumbnailUrl\":\"https:\\\/\\\/acuariosupremus.com\\\/wp-content\\\/uploads\\\/2022\\\/03\\\/FL9132.jpg\",\"datePublished\":\"2022-03-05T22:53:39+00:00\",\"dateModified\":\"2026-01-30T23:05:41+00:00\",\"description\":\"Acero cromado con eslabones soldados, Soporta hasta 50 kg de peso, P\u00faas equipadas con goma para, Herramienta auxiliar para el entrenamiento de la mascota.\",\"breadcrumb\":{\"@id\":\"https:\\\/\\\/acuariosupremus.com\\\/?product=collar-de-entrenamiento-con-puas-4-0-mm-60-cm#breadcrumb\"},\"inLanguage\":\"es\",\"potentialAction\":[{\"@type\":\"ReadAction\",\"target\":[\"https:\\\/\\\/acuariosupremus.com\\\/?product=collar-de-entrenamiento-con-puas-4-0-mm-60-cm\"]}]},{\"@type\":\"ImageObject\",\"inLanguage\":\"es\",\"@id\":\"https:\\\/\\\/acuariosupremus.com\\\/?product=collar-de-entrenamiento-con-puas-4-0-mm-60-cm#primaryimage\",\"url\":\"https:\\\/\\\/acuariosupremus.com\\\/wp-content\\\/uploads\\\/2022\\\/03\\\/FL9132.jpg\",\"contentUrl\":\"https:\\\/\\\/acuariosupremus.com\\\/wp-content\\\/uploads\\\/2022\\\/03\\\/FL9132.jpg\",\"width\":1000,\"height\":1000},{\"@type\":\"BreadcrumbList\",\"@id\":\"https:\\\/\\\/acuariosupremus.com\\\/?product=collar-de-entrenamiento-con-puas-4-0-mm-60-cm#breadcrumb\",\"itemListElement\":[{\"@type\":\"ListItem\",\"position\":1,\"name\":\"Portada\",\"item\":\"https:\\\/\\\/acuariosupremus.com\\\/\"},{\"@type\":\"ListItem\",\"position\":2,\"name\":\"Tienda\",\"item\":\"https:\\\/\\\/acuariosupremus.com\\\/tienda\\\/\"},{\"@type\":\"ListItem\",\"position\":3,\"name\":\"COLLAR DE ENTRENAMIENTO CON PUAS (4.0 MM) 60 CM\"}]},{\"@type\":\"WebSite\",\"@id\":\"https:\\\/\\\/acuariosupremus.com\\\/#website\",\"url\":\"https:\\\/\\\/acuariosupremus.com\\\/\",\"name\":\"Acuario Supremus\",\"description\":\"Peces, Peceras y Mascotas.\",\"publisher\":{\"@id\":\"https:\\\/\\\/acuariosupremus.com\\\/#organization\"},\"potentialAction\":[{\"@type\":\"SearchAction\",\"target\":{\"@type\":\"EntryPoint\",\"urlTemplate\":\"https:\\\/\\\/acuariosupremus.com\\\/?s={search_term_string}\"},\"query-input\":{\"@type\":\"PropertyValueSpecification\",\"valueRequired\":true,\"valueName\":\"search_term_string\"}}],\"inLanguage\":\"es\"},{\"@type\":\"Organization\",\"@id\":\"https:\\\/\\\/acuariosupremus.com\\\/#organization\",\"name\":\"Acuario Supremus\",\"url\":\"https:\\\/\\\/acuariosupremus.com\\\/\",\"logo\":{\"@type\":\"ImageObject\",\"inLanguage\":\"es\",\"@id\":\"https:\\\/\\\/acuariosupremus.com\\\/#\\\/schema\\\/logo\\\/image\\\/\",\"url\":\"https:\\\/\\\/acuariosupremus.com\\\/wp-content\\\/uploads\\\/2021\\\/12\\\/cropped-logo_acuario_supremus_fn-2.png\",\"contentUrl\":\"https:\\\/\\\/acuariosupremus.com\\\/wp-content\\\/uploads\\\/2021\\\/12\\\/cropped-logo_acuario_supremus_fn-2.png\",\"width\":1000,\"height\":318,\"caption\":\"Acuario Supremus\"},\"image\":{\"@id\":\"https:\\\/\\\/acuariosupremus.com\\\/#\\\/schema\\\/logo\\\/image\\\/\"},\"sameAs\":[\"https:\\\/\\\/www.facebook.com\\\/AcuarioSupremus\",\"https:\\\/\\\/x.com\\\/AcuarioSupremus\",\"https:\\\/\\\/www.instagram.com\\\/acuariosupremus\\\/?hl=es\"]}]}<\/script>\n<!-- \/ Yoast SEO plugin. -->","yoast_head_json":{"title":"COLLAR DE ENTRENAMIENTO CON PUAS (4.0 MM) 60 CM | Acuario Supremus","description":"Acero cromado con eslabones soldados, Soporta hasta 50 kg de peso, P\u00faas equipadas con goma para, Herramienta auxiliar para el entrenamiento de la mascota.","robots":{"index":"index","follow":"follow","max-snippet":"max-snippet:-1","max-image-preview":"max-image-preview:large","max-video-preview":"max-video-preview:-1"},"canonical":"https:\/\/acuariosupremus.com\/?product=collar-de-entrenamiento-con-puas-4-0-mm-60-cm","og_locale":"es_MX","og_type":"article","og_title":"COLLAR DE ENTRENAMIENTO CON PUAS (4.0 MM) 60 CM | Acuario Supremus","og_description":"Acero cromado con eslabones soldados, Soporta hasta 50 kg de peso, P\u00faas equipadas con goma para, Herramienta auxiliar para el entrenamiento de la mascota.","og_url":"https:\/\/acuariosupremus.com\/?product=collar-de-entrenamiento-con-puas-4-0-mm-60-cm","og_site_name":"Acuario Supremus","article_publisher":"https:\/\/www.facebook.com\/AcuarioSupremus","article_modified_time":"2026-01-30T23:05:41+00:00","og_image":[{"width":1000,"height":1000,"url":"https:\/\/acuariosupremus.com\/wp-content\/uploads\/2022\/03\/FL9132.jpg","type":"image\/jpeg"}],"twitter_card":"summary_large_image","twitter_site":"@AcuarioSupremus","twitter_misc":{"Tiempo de lectura":"1 minuto"},"schema":{"@context":"https:\/\/schema.org","@graph":[{"@type":"WebPage","@id":"https:\/\/acuariosupremus.com\/?product=collar-de-entrenamiento-con-puas-4-0-mm-60-cm","url":"https:\/\/acuariosupremus.com\/?product=collar-de-entrenamiento-con-puas-4-0-mm-60-cm","name":"COLLAR DE ENTRENAMIENTO CON PUAS (4.0 MM) 60 CM | Acuario Supremus","isPartOf":{"@id":"https:\/\/acuariosupremus.com\/#website"},"primaryImageOfPage":{"@id":"https:\/\/acuariosupremus.com\/?product=collar-de-entrenamiento-con-puas-4-0-mm-60-cm#primaryimage"},"image":{"@id":"https:\/\/acuariosupremus.com\/?product=collar-de-entrenamiento-con-puas-4-0-mm-60-cm#primaryimage"},"thumbnailUrl":"https:\/\/acuariosupremus.com\/wp-content\/uploads\/2022\/03\/FL9132.jpg","datePublished":"2022-03-05T22:53:39+00:00","dateModified":"2026-01-30T23:05:41+00:00","description":"Acero cromado con eslabones soldados, Soporta hasta 50 kg de peso, P\u00faas equipadas con goma para, Herramienta auxiliar para el entrenamiento de la mascota.","breadcrumb":{"@id":"https:\/\/acuariosupremus.com\/?product=collar-de-entrenamiento-con-puas-4-0-mm-60-cm#breadcrumb"},"inLanguage":"es","potentialAction":[{"@type":"ReadAction","target":["https:\/\/acuariosupremus.com\/?product=collar-de-entrenamiento-con-puas-4-0-mm-60-cm"]}]},{"@type":"ImageObject","inLanguage":"es","@id":"https:\/\/acuariosupremus.com\/?product=collar-de-entrenamiento-con-puas-4-0-mm-60-cm#primaryimage","url":"https:\/\/acuariosupremus.com\/wp-content\/uploads\/2022\/03\/FL9132.jpg","contentUrl":"https:\/\/acuariosupremus.com\/wp-content\/uploads\/2022\/03\/FL9132.jpg","width":1000,"height":1000},{"@type":"BreadcrumbList","@id":"https:\/\/acuariosupremus.com\/?product=collar-de-entrenamiento-con-puas-4-0-mm-60-cm#breadcrumb","itemListElement":[{"@type":"ListItem","position":1,"name":"Portada","item":"https:\/\/acuariosupremus.com\/"},{"@type":"ListItem","position":2,"name":"Tienda","item":"https:\/\/acuariosupremus.com\/tienda\/"},{"@type":"ListItem","position":3,"name":"COLLAR DE ENTRENAMIENTO CON PUAS (4.0 MM) 60 CM"}]},{"@type":"WebSite","@id":"https:\/\/acuariosupremus.com\/#website","url":"https:\/\/acuariosupremus.com\/","name":"Acuario Supremus","description":"Peces, Peceras y Mascotas.","publisher":{"@id":"https:\/\/acuariosupremus.com\/#organization"},"potentialAction":[{"@type":"SearchAction","target":{"@type":"EntryPoint","urlTemplate":"https:\/\/acuariosupremus.com\/?s={search_term_string}"},"query-input":{"@type":"PropertyValueSpecification","valueRequired":true,"valueName":"search_term_string"}}],"inLanguage":"es"},{"@type":"Organization","@id":"https:\/\/acuariosupremus.com\/#organization","name":"Acuario Supremus","url":"https:\/\/acuariosupremus.com\/","logo":{"@type":"ImageObject","inLanguage":"es","@id":"https:\/\/acuariosupremus.com\/#\/schema\/logo\/image\/","url":"https:\/\/acuariosupremus.com\/wp-content\/uploads\/2021\/12\/cropped-logo_acuario_supremus_fn-2.png","contentUrl":"https:\/\/acuariosupremus.com\/wp-content\/uploads\/2021\/12\/cropped-logo_acuario_supremus_fn-2.png","width":1000,"height":318,"caption":"Acuario Supremus"},"image":{"@id":"https:\/\/acuariosupremus.com\/#\/schema\/logo\/image\/"},"sameAs":["https:\/\/www.facebook.com\/AcuarioSupremus","https:\/\/x.com\/AcuarioSupremus","https:\/\/www.instagram.com\/acuariosupremus\/?hl=es"]}]}},"jetpack_sharing_enabled":true,"_links":{"self":[{"href":"https:\/\/acuariosupremus.com\/index.php?rest_route=\/wp\/v2\/product\/4712","targetHints":{"allow":["GET"]}}],"collection":[{"href":"https:\/\/acuariosupremus.com\/index.php?rest_route=\/wp\/v2\/product"}],"about":[{"href":"https:\/\/acuariosupremus.com\/index.php?rest_route=\/wp\/v2\/types\/product"}],"wp:featuredmedia":[{"embeddable":true,"href":"https:\/\/acuariosupremus.com\/index.php?rest_route=\/wp\/v2\/media\/4713"}],"wp:attachment":[{"href":"https:\/\/acuariosupremus.com\/index.php?rest_route=%2Fwp%2Fv2%2Fmedia&parent=4712"}],"wp:term":[{"taxonomy":"product_brand","embeddable":true,"href":"https:\/\/acuariosupremus.com\/index.php?rest_route=%2Fwp%2Fv2%2Fproduct_brand&post=4712"},{"taxonomy":"product_cat","embeddable":true,"href":"https:\/\/acuariosupremus.com\/index.php?rest_route=%2Fwp%2Fv2%2Fproduct_cat&post=4712"},{"taxonomy":"product_tag","embeddable":true,"href":"https:\/\/acuariosupremus.com\/index.php?rest_route=%2Fwp%2Fv2%2Fproduct_tag&post=4712"}],"curies":[{"name":"wp","href":"https:\/\/api.w.org\/{rel}","templated":true}]}}