{"id":6371,"date":"2022-03-25T18:22:41","date_gmt":"2022-03-26T00:22:41","guid":{"rendered":"https:\/\/acuariosupremus.com\/?post_type=product&#038;p=6371"},"modified":"2026-02-11T22:10:44","modified_gmt":"2026-02-12T04:10:44","slug":"ms-toallitas-limpiadoras-para-ojos","status":"publish","type":"product","link":"https:\/\/acuariosupremus.com\/?product=ms-toallitas-limpiadoras-para-ojos","title":{"rendered":"MS TOALLITAS LIMPIADORAS PARA OJOS"},"content":{"rendered":"<p>Instrucciones:<br \/>\nDosificaci\u00f3n y modo de empleo: Utilice una toallita nueva para cada ojo. Frote suavemente sobre la mancha en el \u00e1rea del lagrimal, nunca directamente sobre el ojo. Repita esta operaci\u00f3n dos veces al d\u00eda durante dos semanas o hasta que disminuya la mancha. Para prevenir manchas posteriores, realice la limpieza dos veces por semana.<br \/>\nRecomendaciones:<br \/>\nPrecauciones y advertencias: MANT\u00c9NGASE FUERA DEL ALCANCE DE LOS NI\u00f1OS Y MASCOTAS. Este producto es un<br \/>\ncoadyuvante, no sustituye ning\u00fan tratamiento indicado por el M\u00e9dico Veterinario. No se aplique directamente en ojos ni el hocico del perro, en caso de contacto accidental enjuague con abundante agua. Conserve el producto en un lugar fresco, protegido de la luz. Consulte al M\u00e9dico Veterinario.<br \/>\nIngredientes:<br \/>\nF\u00f3rmula:<br \/>\nCada 80 toallitas (100 ml) contienen:<br \/>\nSulfato de sodio 3.5 mg, propilenglicol, glicerina, alcohol isoprop\u00edlico, metilcloroisotiazolinona y metilisotiazolinona, alcanfor, \u00e1cido c\u00edtrico, metil y propil parabeno como conservador.<br \/>\nVeh\u00edculo c.b.p. 100 %<br \/>\nContenido:<br \/>\n80 PIEZAS<\/p>\n","protected":false},"excerpt":{"rendered":"<p>Caracter\u00edsticas:<br \/>\nFancy Pets Medical Solutions Toallitas Limpiadoras para Ojos previenen, controlan y disminuyen las manchas que se forman alrededor del ojo de perros y gatos, causadas por diversos factores como el lagrimeo constante de la mascota e infecciones comunes, dejando una fragancia fresca y agradable.<\/p>\n","protected":false},"featured_media":15716,"template":"","meta":[],"product_brand":[108],"product_cat":[30,73,83,39],"product_tag":[508],"class_list":{"0":"post-6371","1":"product","2":"type-product","3":"status-publish","4":"has-post-thumbnail","6":"product_brand-medicalsolutions","7":"product_cat-gatos","8":"product_cat-perros","9":"product_cat-salud-perros","10":"product_cat-salud","11":"product_tag-toallitas-limpiadoras-para-ojos","13":"first","14":"instock","15":"sale","16":"shipping-taxable","17":"purchasable","18":"product-type-simple"},"yoast_head":"<!-- This site is optimized with the Yoast SEO plugin v27.4 - https:\/\/yoast.com\/product\/yoast-seo-wordpress\/ -->\n<title>MS TOALLITAS LIMPIADORAS PARA OJOS | Acuario Supremus<\/title>\n<meta name=\"description\" content=\"Previenen, controlan y disminuyen las manchas que se forman alrededor del ojo de perros y gatos, causadas por el lagrimeo constante de la mascota.\" \/>\n<meta name=\"robots\" content=\"index, follow, max-snippet:-1, max-image-preview:large, max-video-preview:-1\" \/>\n<link rel=\"canonical\" href=\"https:\/\/acuariosupremus.com\/?product=ms-toallitas-limpiadoras-para-ojos\" \/>\n<meta property=\"og:locale\" content=\"es_MX\" \/>\n<meta property=\"og:type\" content=\"article\" \/>\n<meta property=\"og:title\" content=\"MS TOALLITAS LIMPIADORAS PARA OJOS | Acuario Supremus\" \/>\n<meta property=\"og:description\" content=\"Previenen, controlan y disminuyen las manchas que se forman alrededor del ojo de perros y gatos, causadas por el lagrimeo constante de la mascota.\" \/>\n<meta property=\"og:url\" content=\"https:\/\/acuariosupremus.com\/?product=ms-toallitas-limpiadoras-para-ojos\" \/>\n<meta property=\"og:site_name\" content=\"Acuario Supremus\" \/>\n<meta property=\"article:publisher\" content=\"https:\/\/www.facebook.com\/AcuarioSupremus\" \/>\n<meta property=\"article:modified_time\" content=\"2026-02-12T04:10:44+00:00\" \/>\n<meta property=\"og:image\" content=\"https:\/\/acuariosupremus.com\/wp-content\/uploads\/2022\/03\/FL3926.jpg\" \/>\n\t<meta property=\"og:image:width\" content=\"1000\" \/>\n\t<meta property=\"og:image:height\" content=\"1000\" \/>\n\t<meta property=\"og:image:type\" content=\"image\/jpeg\" \/>\n<meta name=\"twitter:card\" content=\"summary_large_image\" \/>\n<meta name=\"twitter:site\" content=\"@AcuarioSupremus\" \/>\n<meta name=\"twitter:label1\" content=\"Tiempo de lectura\" \/>\n\t<meta name=\"twitter:data1\" content=\"1 minuto\" \/>\n<script type=\"application\/ld+json\" class=\"yoast-schema-graph\">{\"@context\":\"https:\\\/\\\/schema.org\",\"@graph\":[{\"@type\":\"WebPage\",\"@id\":\"https:\\\/\\\/acuariosupremus.com\\\/?product=ms-toallitas-limpiadoras-para-ojos\",\"url\":\"https:\\\/\\\/acuariosupremus.com\\\/?product=ms-toallitas-limpiadoras-para-ojos\",\"name\":\"MS TOALLITAS LIMPIADORAS PARA OJOS | Acuario Supremus\",\"isPartOf\":{\"@id\":\"https:\\\/\\\/acuariosupremus.com\\\/#website\"},\"primaryImageOfPage\":{\"@id\":\"https:\\\/\\\/acuariosupremus.com\\\/?product=ms-toallitas-limpiadoras-para-ojos#primaryimage\"},\"image\":{\"@id\":\"https:\\\/\\\/acuariosupremus.com\\\/?product=ms-toallitas-limpiadoras-para-ojos#primaryimage\"},\"thumbnailUrl\":\"https:\\\/\\\/acuariosupremus.com\\\/wp-content\\\/uploads\\\/2022\\\/03\\\/FL3926.jpg\",\"datePublished\":\"2022-03-26T00:22:41+00:00\",\"dateModified\":\"2026-02-12T04:10:44+00:00\",\"description\":\"Previenen, controlan y disminuyen las manchas que se forman alrededor del ojo de perros y gatos, causadas por el lagrimeo constante de la mascota.\",\"breadcrumb\":{\"@id\":\"https:\\\/\\\/acuariosupremus.com\\\/?product=ms-toallitas-limpiadoras-para-ojos#breadcrumb\"},\"inLanguage\":\"es\",\"potentialAction\":[{\"@type\":\"ReadAction\",\"target\":[\"https:\\\/\\\/acuariosupremus.com\\\/?product=ms-toallitas-limpiadoras-para-ojos\"]}]},{\"@type\":\"ImageObject\",\"inLanguage\":\"es\",\"@id\":\"https:\\\/\\\/acuariosupremus.com\\\/?product=ms-toallitas-limpiadoras-para-ojos#primaryimage\",\"url\":\"https:\\\/\\\/acuariosupremus.com\\\/wp-content\\\/uploads\\\/2022\\\/03\\\/FL3926.jpg\",\"contentUrl\":\"https:\\\/\\\/acuariosupremus.com\\\/wp-content\\\/uploads\\\/2022\\\/03\\\/FL3926.jpg\",\"width\":1000,\"height\":1000},{\"@type\":\"BreadcrumbList\",\"@id\":\"https:\\\/\\\/acuariosupremus.com\\\/?product=ms-toallitas-limpiadoras-para-ojos#breadcrumb\",\"itemListElement\":[{\"@type\":\"ListItem\",\"position\":1,\"name\":\"Portada\",\"item\":\"https:\\\/\\\/acuariosupremus.com\\\/\"},{\"@type\":\"ListItem\",\"position\":2,\"name\":\"Tienda\",\"item\":\"https:\\\/\\\/acuariosupremus.com\\\/tienda\\\/\"},{\"@type\":\"ListItem\",\"position\":3,\"name\":\"MS TOALLITAS LIMPIADORAS PARA OJOS\"}]},{\"@type\":\"WebSite\",\"@id\":\"https:\\\/\\\/acuariosupremus.com\\\/#website\",\"url\":\"https:\\\/\\\/acuariosupremus.com\\\/\",\"name\":\"Acuario Supremus\",\"description\":\"Peces, Peceras y Mascotas.\",\"publisher\":{\"@id\":\"https:\\\/\\\/acuariosupremus.com\\\/#organization\"},\"potentialAction\":[{\"@type\":\"SearchAction\",\"target\":{\"@type\":\"EntryPoint\",\"urlTemplate\":\"https:\\\/\\\/acuariosupremus.com\\\/?s={search_term_string}\"},\"query-input\":{\"@type\":\"PropertyValueSpecification\",\"valueRequired\":true,\"valueName\":\"search_term_string\"}}],\"inLanguage\":\"es\"},{\"@type\":\"Organization\",\"@id\":\"https:\\\/\\\/acuariosupremus.com\\\/#organization\",\"name\":\"Acuario Supremus\",\"url\":\"https:\\\/\\\/acuariosupremus.com\\\/\",\"logo\":{\"@type\":\"ImageObject\",\"inLanguage\":\"es\",\"@id\":\"https:\\\/\\\/acuariosupremus.com\\\/#\\\/schema\\\/logo\\\/image\\\/\",\"url\":\"https:\\\/\\\/acuariosupremus.com\\\/wp-content\\\/uploads\\\/2021\\\/12\\\/cropped-logo_acuario_supremus_fn-2.png\",\"contentUrl\":\"https:\\\/\\\/acuariosupremus.com\\\/wp-content\\\/uploads\\\/2021\\\/12\\\/cropped-logo_acuario_supremus_fn-2.png\",\"width\":1000,\"height\":318,\"caption\":\"Acuario Supremus\"},\"image\":{\"@id\":\"https:\\\/\\\/acuariosupremus.com\\\/#\\\/schema\\\/logo\\\/image\\\/\"},\"sameAs\":[\"https:\\\/\\\/www.facebook.com\\\/AcuarioSupremus\",\"https:\\\/\\\/x.com\\\/AcuarioSupremus\",\"https:\\\/\\\/www.instagram.com\\\/acuariosupremus\\\/?hl=es\"]}]}<\/script>\n<!-- \/ Yoast SEO plugin. -->","yoast_head_json":{"title":"MS TOALLITAS LIMPIADORAS PARA OJOS | Acuario Supremus","description":"Previenen, controlan y disminuyen las manchas que se forman alrededor del ojo de perros y gatos, causadas por el lagrimeo constante de la mascota.","robots":{"index":"index","follow":"follow","max-snippet":"max-snippet:-1","max-image-preview":"max-image-preview:large","max-video-preview":"max-video-preview:-1"},"canonical":"https:\/\/acuariosupremus.com\/?product=ms-toallitas-limpiadoras-para-ojos","og_locale":"es_MX","og_type":"article","og_title":"MS TOALLITAS LIMPIADORAS PARA OJOS | Acuario Supremus","og_description":"Previenen, controlan y disminuyen las manchas que se forman alrededor del ojo de perros y gatos, causadas por el lagrimeo constante de la mascota.","og_url":"https:\/\/acuariosupremus.com\/?product=ms-toallitas-limpiadoras-para-ojos","og_site_name":"Acuario Supremus","article_publisher":"https:\/\/www.facebook.com\/AcuarioSupremus","article_modified_time":"2026-02-12T04:10:44+00:00","og_image":[{"width":1000,"height":1000,"url":"https:\/\/acuariosupremus.com\/wp-content\/uploads\/2022\/03\/FL3926.jpg","type":"image\/jpeg"}],"twitter_card":"summary_large_image","twitter_site":"@AcuarioSupremus","twitter_misc":{"Tiempo de lectura":"1 minuto"},"schema":{"@context":"https:\/\/schema.org","@graph":[{"@type":"WebPage","@id":"https:\/\/acuariosupremus.com\/?product=ms-toallitas-limpiadoras-para-ojos","url":"https:\/\/acuariosupremus.com\/?product=ms-toallitas-limpiadoras-para-ojos","name":"MS TOALLITAS LIMPIADORAS PARA OJOS | Acuario Supremus","isPartOf":{"@id":"https:\/\/acuariosupremus.com\/#website"},"primaryImageOfPage":{"@id":"https:\/\/acuariosupremus.com\/?product=ms-toallitas-limpiadoras-para-ojos#primaryimage"},"image":{"@id":"https:\/\/acuariosupremus.com\/?product=ms-toallitas-limpiadoras-para-ojos#primaryimage"},"thumbnailUrl":"https:\/\/acuariosupremus.com\/wp-content\/uploads\/2022\/03\/FL3926.jpg","datePublished":"2022-03-26T00:22:41+00:00","dateModified":"2026-02-12T04:10:44+00:00","description":"Previenen, controlan y disminuyen las manchas que se forman alrededor del ojo de perros y gatos, causadas por el lagrimeo constante de la mascota.","breadcrumb":{"@id":"https:\/\/acuariosupremus.com\/?product=ms-toallitas-limpiadoras-para-ojos#breadcrumb"},"inLanguage":"es","potentialAction":[{"@type":"ReadAction","target":["https:\/\/acuariosupremus.com\/?product=ms-toallitas-limpiadoras-para-ojos"]}]},{"@type":"ImageObject","inLanguage":"es","@id":"https:\/\/acuariosupremus.com\/?product=ms-toallitas-limpiadoras-para-ojos#primaryimage","url":"https:\/\/acuariosupremus.com\/wp-content\/uploads\/2022\/03\/FL3926.jpg","contentUrl":"https:\/\/acuariosupremus.com\/wp-content\/uploads\/2022\/03\/FL3926.jpg","width":1000,"height":1000},{"@type":"BreadcrumbList","@id":"https:\/\/acuariosupremus.com\/?product=ms-toallitas-limpiadoras-para-ojos#breadcrumb","itemListElement":[{"@type":"ListItem","position":1,"name":"Portada","item":"https:\/\/acuariosupremus.com\/"},{"@type":"ListItem","position":2,"name":"Tienda","item":"https:\/\/acuariosupremus.com\/tienda\/"},{"@type":"ListItem","position":3,"name":"MS TOALLITAS LIMPIADORAS PARA OJOS"}]},{"@type":"WebSite","@id":"https:\/\/acuariosupremus.com\/#website","url":"https:\/\/acuariosupremus.com\/","name":"Acuario Supremus","description":"Peces, Peceras y Mascotas.","publisher":{"@id":"https:\/\/acuariosupremus.com\/#organization"},"potentialAction":[{"@type":"SearchAction","target":{"@type":"EntryPoint","urlTemplate":"https:\/\/acuariosupremus.com\/?s={search_term_string}"},"query-input":{"@type":"PropertyValueSpecification","valueRequired":true,"valueName":"search_term_string"}}],"inLanguage":"es"},{"@type":"Organization","@id":"https:\/\/acuariosupremus.com\/#organization","name":"Acuario Supremus","url":"https:\/\/acuariosupremus.com\/","logo":{"@type":"ImageObject","inLanguage":"es","@id":"https:\/\/acuariosupremus.com\/#\/schema\/logo\/image\/","url":"https:\/\/acuariosupremus.com\/wp-content\/uploads\/2021\/12\/cropped-logo_acuario_supremus_fn-2.png","contentUrl":"https:\/\/acuariosupremus.com\/wp-content\/uploads\/2021\/12\/cropped-logo_acuario_supremus_fn-2.png","width":1000,"height":318,"caption":"Acuario Supremus"},"image":{"@id":"https:\/\/acuariosupremus.com\/#\/schema\/logo\/image\/"},"sameAs":["https:\/\/www.facebook.com\/AcuarioSupremus","https:\/\/x.com\/AcuarioSupremus","https:\/\/www.instagram.com\/acuariosupremus\/?hl=es"]}]}},"jetpack_sharing_enabled":true,"_links":{"self":[{"href":"https:\/\/acuariosupremus.com\/index.php?rest_route=\/wp\/v2\/product\/6371","targetHints":{"allow":["GET"]}}],"collection":[{"href":"https:\/\/acuariosupremus.com\/index.php?rest_route=\/wp\/v2\/product"}],"about":[{"href":"https:\/\/acuariosupremus.com\/index.php?rest_route=\/wp\/v2\/types\/product"}],"wp:featuredmedia":[{"embeddable":true,"href":"https:\/\/acuariosupremus.com\/index.php?rest_route=\/wp\/v2\/media\/15716"}],"wp:attachment":[{"href":"https:\/\/acuariosupremus.com\/index.php?rest_route=%2Fwp%2Fv2%2Fmedia&parent=6371"}],"wp:term":[{"taxonomy":"product_brand","embeddable":true,"href":"https:\/\/acuariosupremus.com\/index.php?rest_route=%2Fwp%2Fv2%2Fproduct_brand&post=6371"},{"taxonomy":"product_cat","embeddable":true,"href":"https:\/\/acuariosupremus.com\/index.php?rest_route=%2Fwp%2Fv2%2Fproduct_cat&post=6371"},{"taxonomy":"product_tag","embeddable":true,"href":"https:\/\/acuariosupremus.com\/index.php?rest_route=%2Fwp%2Fv2%2Fproduct_tag&post=6371"}],"curies":[{"name":"wp","href":"https:\/\/api.w.org\/{rel}","templated":true}]}}