{"id":6404,"date":"2022-03-25T19:56:42","date_gmt":"2022-03-26T01:56:42","guid":{"rendered":"https:\/\/acuariosupremus.com\/?post_type=product&#038;p=6404"},"modified":"2026-02-12T15:00:46","modified_gmt":"2026-02-12T21:00:46","slug":"kit-de-aromaterapia-serenidad-60-ml","status":"publish","type":"product","link":"https:\/\/acuariosupremus.com\/?product=kit-de-aromaterapia-serenidad-60-ml","title":{"rendered":"KIT DE AROMATERAPIA SERENIDAD 60 ML"},"content":{"rendered":"<p>Instrucciones:<br \/>\nAplique de 2 a 3 atomizaciones de la mezcla de aceites esenciales directamente al sachet colgante, cu\u00e9lguelo al collar de su<br \/>\nmascota y deje que disfrute de la terapia. El sachet ayudar\u00e1 a que el aroma se mantenga por m\u00e1s tiempo. Puede volver a<br \/>\naplicar atomizaciones las veces que considere necesarias. La mezcla de aceites esenciales tambi\u00e9n se puede aplicar<br \/>\ndirectamente a cama, coj\u00edn y\/o juguetes de su mascota.<br \/>\nRecomendaciones:<br \/>\nPrecauciones y advertencias:<br \/>\nMANT\u00c9NGASE FUERA DEL ALCANCE DE NI\u00d1OS Y MASCOTAS. No se aplique directamente sobre la piel, cerca de ojos,<br \/>\nnariz y hocico de la mascota. Cons\u00e9rvese en un lugar fresco y protegido de la luz. Este producto es auxiliar, no sustituye<br \/>\nning\u00fan tratamiento indicado por el m\u00e9dico veterinario. CONSULTE AL M\u00c9DICO VETERNARIO.<br \/>\nIngredientes:<br \/>\nMezcla de aceites esenciales de lavanda (Lavendula angustifolia), bergamota (Citrus aurantium L. Subsp. Bergamia), mejorana (Origanum marjorana), manzanilla romana (Anthemis nobilis), romero (Rosmarinus officinalis), naranja (Citrus aurantium var. Amara), lavandi\u00b4n (Lavandina lavandula hybrida grosso) y cedro (Juniperus mexicana), vehi\u00b4culo c.b.p. 100%.Contenido: 60 ml.<\/p>\n","protected":false},"excerpt":{"rendered":"<p>Caracter\u00edsticas:<br \/>\nMezcla de aceites esenciales 100% naturales de lavanda, mejorana, manzanilla romana, bergamota, romero, naranja y cedro.<br \/>\nBeneficios:<br \/>\n\u00fatil para usarse en situaciones que causen ansiedad, estr\u00e9s o miedo en tu perro. Tambi\u00e9n pude utilizarse para la falta de sue\u00f1o, momentos de ruidos estruendosos o simplemente para lograr una sensaci\u00f3n de bienestar, equilibrio y tranquilidad en tu mascota.<\/p>\n","protected":false},"featured_media":6406,"template":"","meta":[],"product_brand":[109],"product_cat":[73,83],"product_tag":[516],"class_list":{"0":"post-6404","1":"product","2":"type-product","3":"status-publish","4":"has-post-thumbnail","6":"product_brand-naturance","7":"product_cat-perros","8":"product_cat-salud-perros","9":"product_tag-kit-aromaterapia-perros","11":"first","12":"outofstock","13":"sale","14":"shipping-taxable","15":"purchasable","16":"product-type-simple"},"yoast_head":"<!-- This site is optimized with the Yoast SEO plugin v27.4 - https:\/\/yoast.com\/product\/yoast-seo-wordpress\/ -->\n<title>KIT DE AROMATERAPIA SERENIDAD 60 ML | Acuario Supremus<\/title>\n<meta name=\"description\" content=\"\u00fatil para usarse en situaciones que causen ansiedad, estr\u00e9s o miedo en tu perro. Tambi\u00e9n pude utilizarse para la falta de sue\u00f1o.\" \/>\n<meta name=\"robots\" content=\"index, follow, max-snippet:-1, max-image-preview:large, max-video-preview:-1\" \/>\n<link rel=\"canonical\" href=\"https:\/\/acuariosupremus.com\/?product=kit-de-aromaterapia-serenidad-60-ml\" \/>\n<meta property=\"og:locale\" content=\"es_MX\" \/>\n<meta property=\"og:type\" content=\"article\" \/>\n<meta property=\"og:title\" content=\"KIT DE AROMATERAPIA SERENIDAD 60 ML | Acuario Supremus\" \/>\n<meta property=\"og:description\" content=\"\u00fatil para usarse en situaciones que causen ansiedad, estr\u00e9s o miedo en tu perro. Tambi\u00e9n pude utilizarse para la falta de sue\u00f1o.\" \/>\n<meta property=\"og:url\" content=\"https:\/\/acuariosupremus.com\/?product=kit-de-aromaterapia-serenidad-60-ml\" \/>\n<meta property=\"og:site_name\" content=\"Acuario Supremus\" \/>\n<meta property=\"article:publisher\" content=\"https:\/\/www.facebook.com\/AcuarioSupremus\" \/>\n<meta property=\"article:modified_time\" content=\"2026-02-12T21:00:46+00:00\" \/>\n<meta property=\"og:image\" content=\"https:\/\/acuariosupremus.com\/wp-content\/uploads\/2022\/03\/FL4121_L.jpg\" \/>\n\t<meta property=\"og:image:width\" content=\"1000\" \/>\n\t<meta property=\"og:image:height\" content=\"1000\" \/>\n\t<meta property=\"og:image:type\" content=\"image\/jpeg\" \/>\n<meta name=\"twitter:card\" content=\"summary_large_image\" \/>\n<meta name=\"twitter:site\" content=\"@AcuarioSupremus\" \/>\n<meta name=\"twitter:label1\" content=\"Tiempo de lectura\" \/>\n\t<meta name=\"twitter:data1\" content=\"1 minuto\" \/>\n<script type=\"application\/ld+json\" class=\"yoast-schema-graph\">{\"@context\":\"https:\\\/\\\/schema.org\",\"@graph\":[{\"@type\":\"WebPage\",\"@id\":\"https:\\\/\\\/acuariosupremus.com\\\/?product=kit-de-aromaterapia-serenidad-60-ml\",\"url\":\"https:\\\/\\\/acuariosupremus.com\\\/?product=kit-de-aromaterapia-serenidad-60-ml\",\"name\":\"KIT DE AROMATERAPIA SERENIDAD 60 ML | Acuario Supremus\",\"isPartOf\":{\"@id\":\"https:\\\/\\\/acuariosupremus.com\\\/#website\"},\"primaryImageOfPage\":{\"@id\":\"https:\\\/\\\/acuariosupremus.com\\\/?product=kit-de-aromaterapia-serenidad-60-ml#primaryimage\"},\"image\":{\"@id\":\"https:\\\/\\\/acuariosupremus.com\\\/?product=kit-de-aromaterapia-serenidad-60-ml#primaryimage\"},\"thumbnailUrl\":\"https:\\\/\\\/acuariosupremus.com\\\/wp-content\\\/uploads\\\/2022\\\/03\\\/FL4121_L.jpg\",\"datePublished\":\"2022-03-26T01:56:42+00:00\",\"dateModified\":\"2026-02-12T21:00:46+00:00\",\"description\":\"\u00fatil para usarse en situaciones que causen ansiedad, estr\u00e9s o miedo en tu perro. Tambi\u00e9n pude utilizarse para la falta de sue\u00f1o.\",\"breadcrumb\":{\"@id\":\"https:\\\/\\\/acuariosupremus.com\\\/?product=kit-de-aromaterapia-serenidad-60-ml#breadcrumb\"},\"inLanguage\":\"es\",\"potentialAction\":[{\"@type\":\"ReadAction\",\"target\":[\"https:\\\/\\\/acuariosupremus.com\\\/?product=kit-de-aromaterapia-serenidad-60-ml\"]}]},{\"@type\":\"ImageObject\",\"inLanguage\":\"es\",\"@id\":\"https:\\\/\\\/acuariosupremus.com\\\/?product=kit-de-aromaterapia-serenidad-60-ml#primaryimage\",\"url\":\"https:\\\/\\\/acuariosupremus.com\\\/wp-content\\\/uploads\\\/2022\\\/03\\\/FL4121_L.jpg\",\"contentUrl\":\"https:\\\/\\\/acuariosupremus.com\\\/wp-content\\\/uploads\\\/2022\\\/03\\\/FL4121_L.jpg\",\"width\":1000,\"height\":1000},{\"@type\":\"BreadcrumbList\",\"@id\":\"https:\\\/\\\/acuariosupremus.com\\\/?product=kit-de-aromaterapia-serenidad-60-ml#breadcrumb\",\"itemListElement\":[{\"@type\":\"ListItem\",\"position\":1,\"name\":\"Portada\",\"item\":\"https:\\\/\\\/acuariosupremus.com\\\/\"},{\"@type\":\"ListItem\",\"position\":2,\"name\":\"Tienda\",\"item\":\"https:\\\/\\\/acuariosupremus.com\\\/tienda\\\/\"},{\"@type\":\"ListItem\",\"position\":3,\"name\":\"KIT DE AROMATERAPIA SERENIDAD 60 ML\"}]},{\"@type\":\"WebSite\",\"@id\":\"https:\\\/\\\/acuariosupremus.com\\\/#website\",\"url\":\"https:\\\/\\\/acuariosupremus.com\\\/\",\"name\":\"Acuario Supremus\",\"description\":\"Peces, Peceras y Mascotas.\",\"publisher\":{\"@id\":\"https:\\\/\\\/acuariosupremus.com\\\/#organization\"},\"potentialAction\":[{\"@type\":\"SearchAction\",\"target\":{\"@type\":\"EntryPoint\",\"urlTemplate\":\"https:\\\/\\\/acuariosupremus.com\\\/?s={search_term_string}\"},\"query-input\":{\"@type\":\"PropertyValueSpecification\",\"valueRequired\":true,\"valueName\":\"search_term_string\"}}],\"inLanguage\":\"es\"},{\"@type\":\"Organization\",\"@id\":\"https:\\\/\\\/acuariosupremus.com\\\/#organization\",\"name\":\"Acuario Supremus\",\"url\":\"https:\\\/\\\/acuariosupremus.com\\\/\",\"logo\":{\"@type\":\"ImageObject\",\"inLanguage\":\"es\",\"@id\":\"https:\\\/\\\/acuariosupremus.com\\\/#\\\/schema\\\/logo\\\/image\\\/\",\"url\":\"https:\\\/\\\/acuariosupremus.com\\\/wp-content\\\/uploads\\\/2021\\\/12\\\/cropped-logo_acuario_supremus_fn-2.png\",\"contentUrl\":\"https:\\\/\\\/acuariosupremus.com\\\/wp-content\\\/uploads\\\/2021\\\/12\\\/cropped-logo_acuario_supremus_fn-2.png\",\"width\":1000,\"height\":318,\"caption\":\"Acuario Supremus\"},\"image\":{\"@id\":\"https:\\\/\\\/acuariosupremus.com\\\/#\\\/schema\\\/logo\\\/image\\\/\"},\"sameAs\":[\"https:\\\/\\\/www.facebook.com\\\/AcuarioSupremus\",\"https:\\\/\\\/x.com\\\/AcuarioSupremus\",\"https:\\\/\\\/www.instagram.com\\\/acuariosupremus\\\/?hl=es\"]}]}<\/script>\n<!-- \/ Yoast SEO plugin. -->","yoast_head_json":{"title":"KIT DE AROMATERAPIA SERENIDAD 60 ML | Acuario Supremus","description":"\u00fatil para usarse en situaciones que causen ansiedad, estr\u00e9s o miedo en tu perro. Tambi\u00e9n pude utilizarse para la falta de sue\u00f1o.","robots":{"index":"index","follow":"follow","max-snippet":"max-snippet:-1","max-image-preview":"max-image-preview:large","max-video-preview":"max-video-preview:-1"},"canonical":"https:\/\/acuariosupremus.com\/?product=kit-de-aromaterapia-serenidad-60-ml","og_locale":"es_MX","og_type":"article","og_title":"KIT DE AROMATERAPIA SERENIDAD 60 ML | Acuario Supremus","og_description":"\u00fatil para usarse en situaciones que causen ansiedad, estr\u00e9s o miedo en tu perro. Tambi\u00e9n pude utilizarse para la falta de sue\u00f1o.","og_url":"https:\/\/acuariosupremus.com\/?product=kit-de-aromaterapia-serenidad-60-ml","og_site_name":"Acuario Supremus","article_publisher":"https:\/\/www.facebook.com\/AcuarioSupremus","article_modified_time":"2026-02-12T21:00:46+00:00","og_image":[{"width":1000,"height":1000,"url":"https:\/\/acuariosupremus.com\/wp-content\/uploads\/2022\/03\/FL4121_L.jpg","type":"image\/jpeg"}],"twitter_card":"summary_large_image","twitter_site":"@AcuarioSupremus","twitter_misc":{"Tiempo de lectura":"1 minuto"},"schema":{"@context":"https:\/\/schema.org","@graph":[{"@type":"WebPage","@id":"https:\/\/acuariosupremus.com\/?product=kit-de-aromaterapia-serenidad-60-ml","url":"https:\/\/acuariosupremus.com\/?product=kit-de-aromaterapia-serenidad-60-ml","name":"KIT DE AROMATERAPIA SERENIDAD 60 ML | Acuario Supremus","isPartOf":{"@id":"https:\/\/acuariosupremus.com\/#website"},"primaryImageOfPage":{"@id":"https:\/\/acuariosupremus.com\/?product=kit-de-aromaterapia-serenidad-60-ml#primaryimage"},"image":{"@id":"https:\/\/acuariosupremus.com\/?product=kit-de-aromaterapia-serenidad-60-ml#primaryimage"},"thumbnailUrl":"https:\/\/acuariosupremus.com\/wp-content\/uploads\/2022\/03\/FL4121_L.jpg","datePublished":"2022-03-26T01:56:42+00:00","dateModified":"2026-02-12T21:00:46+00:00","description":"\u00fatil para usarse en situaciones que causen ansiedad, estr\u00e9s o miedo en tu perro. Tambi\u00e9n pude utilizarse para la falta de sue\u00f1o.","breadcrumb":{"@id":"https:\/\/acuariosupremus.com\/?product=kit-de-aromaterapia-serenidad-60-ml#breadcrumb"},"inLanguage":"es","potentialAction":[{"@type":"ReadAction","target":["https:\/\/acuariosupremus.com\/?product=kit-de-aromaterapia-serenidad-60-ml"]}]},{"@type":"ImageObject","inLanguage":"es","@id":"https:\/\/acuariosupremus.com\/?product=kit-de-aromaterapia-serenidad-60-ml#primaryimage","url":"https:\/\/acuariosupremus.com\/wp-content\/uploads\/2022\/03\/FL4121_L.jpg","contentUrl":"https:\/\/acuariosupremus.com\/wp-content\/uploads\/2022\/03\/FL4121_L.jpg","width":1000,"height":1000},{"@type":"BreadcrumbList","@id":"https:\/\/acuariosupremus.com\/?product=kit-de-aromaterapia-serenidad-60-ml#breadcrumb","itemListElement":[{"@type":"ListItem","position":1,"name":"Portada","item":"https:\/\/acuariosupremus.com\/"},{"@type":"ListItem","position":2,"name":"Tienda","item":"https:\/\/acuariosupremus.com\/tienda\/"},{"@type":"ListItem","position":3,"name":"KIT DE AROMATERAPIA SERENIDAD 60 ML"}]},{"@type":"WebSite","@id":"https:\/\/acuariosupremus.com\/#website","url":"https:\/\/acuariosupremus.com\/","name":"Acuario Supremus","description":"Peces, Peceras y Mascotas.","publisher":{"@id":"https:\/\/acuariosupremus.com\/#organization"},"potentialAction":[{"@type":"SearchAction","target":{"@type":"EntryPoint","urlTemplate":"https:\/\/acuariosupremus.com\/?s={search_term_string}"},"query-input":{"@type":"PropertyValueSpecification","valueRequired":true,"valueName":"search_term_string"}}],"inLanguage":"es"},{"@type":"Organization","@id":"https:\/\/acuariosupremus.com\/#organization","name":"Acuario Supremus","url":"https:\/\/acuariosupremus.com\/","logo":{"@type":"ImageObject","inLanguage":"es","@id":"https:\/\/acuariosupremus.com\/#\/schema\/logo\/image\/","url":"https:\/\/acuariosupremus.com\/wp-content\/uploads\/2021\/12\/cropped-logo_acuario_supremus_fn-2.png","contentUrl":"https:\/\/acuariosupremus.com\/wp-content\/uploads\/2021\/12\/cropped-logo_acuario_supremus_fn-2.png","width":1000,"height":318,"caption":"Acuario Supremus"},"image":{"@id":"https:\/\/acuariosupremus.com\/#\/schema\/logo\/image\/"},"sameAs":["https:\/\/www.facebook.com\/AcuarioSupremus","https:\/\/x.com\/AcuarioSupremus","https:\/\/www.instagram.com\/acuariosupremus\/?hl=es"]}]}},"jetpack_sharing_enabled":true,"_links":{"self":[{"href":"https:\/\/acuariosupremus.com\/index.php?rest_route=\/wp\/v2\/product\/6404","targetHints":{"allow":["GET"]}}],"collection":[{"href":"https:\/\/acuariosupremus.com\/index.php?rest_route=\/wp\/v2\/product"}],"about":[{"href":"https:\/\/acuariosupremus.com\/index.php?rest_route=\/wp\/v2\/types\/product"}],"wp:featuredmedia":[{"embeddable":true,"href":"https:\/\/acuariosupremus.com\/index.php?rest_route=\/wp\/v2\/media\/6406"}],"wp:attachment":[{"href":"https:\/\/acuariosupremus.com\/index.php?rest_route=%2Fwp%2Fv2%2Fmedia&parent=6404"}],"wp:term":[{"taxonomy":"product_brand","embeddable":true,"href":"https:\/\/acuariosupremus.com\/index.php?rest_route=%2Fwp%2Fv2%2Fproduct_brand&post=6404"},{"taxonomy":"product_cat","embeddable":true,"href":"https:\/\/acuariosupremus.com\/index.php?rest_route=%2Fwp%2Fv2%2Fproduct_cat&post=6404"},{"taxonomy":"product_tag","embeddable":true,"href":"https:\/\/acuariosupremus.com\/index.php?rest_route=%2Fwp%2Fv2%2Fproduct_tag&post=6404"}],"curies":[{"name":"wp","href":"https:\/\/api.w.org\/{rel}","templated":true}]}}