{"id":6657,"date":"2022-04-13T15:23:21","date_gmt":"2022-04-13T20:23:21","guid":{"rendered":"https:\/\/acuariosupremus.com\/?post_type=product&#038;p=6657"},"modified":"2025-12-20T19:06:12","modified_gmt":"2025-12-21T01:06:12","slug":"shrimp-exo-150-ml-yoduro-potasico","status":"publish","type":"product","link":"https:\/\/acuariosupremus.com\/?product=shrimp-exo-150-ml-yoduro-potasico","title":{"rendered":"Shrimp exo 150 ml, yoduro pot\u00e1sico."},"content":{"rendered":"<p>Shrimp exo \u2122 es una fuente estabilizada de yoduro de potasio destinada a ayudar a replicar el ambiente ideal para las gambitas de agua dulce. El yodo desempe\u00f1a un papel muy importante en el sistema hormonal de las gambitas de acuario. Al igual que en muchos otros organismos complejos, el yodo es un elemento imprescindible en el sistema endocrino de los crust\u00e1ceos, jugando un papel crucial en la formaci\u00f3n de las hormonas como la ecdisona y el metil farnesoato. Estas hormonas son las responsables de la muda del caparaz\u00f3n de las gambitas. Un acuario es un entorno cerrado, donde debemos reponer regularmente los nutrientes necesarios como el yodo para garantizar la salud y el desarrollo de las gambitas.<\/p>\n<p>Capacidad<br \/>\n150 (ml)<br \/>\nTama\u00f1o mm.<br \/>\n43 x 43 x 140 (l x a x h)<br \/>\nPeso envase<br \/>\n185 (g)<\/p>\n","protected":false},"excerpt":{"rendered":"<p>Shrimp exo\u2122<br \/>\nes una fuente estabilizada de yoduro de potasio destinada a ayudar a replicar el ambiente ideal para las gambitas de agua dulce. El yodo desempe\u00f1a un papel muy importante en el sistema hormonal de las gambitas de acuario.<\/p>\n","protected":false},"featured_media":6658,"template":"","meta":[],"product_brand":[125],"product_cat":[40,41,56],"product_tag":[530,575],"class_list":{"0":"post-6657","1":"product","2":"type-product","3":"status-publish","4":"has-post-thumbnail","6":"product_brand-aquavitro","7":"product_cat-peces","8":"product_cat-acondicionadores","9":"product_cat-plantas-naturales","10":"product_tag-acondicionador-gambas","11":"product_tag-gambas","13":"first","14":"instock","15":"sale","16":"shipping-taxable","17":"purchasable","18":"product-type-simple"},"yoast_head":"<!-- This site is optimized with the Yoast SEO plugin v27.4 - https:\/\/yoast.com\/product\/yoast-seo-wordpress\/ -->\n<title>Shrimp exo 150 ml, yoduro pot\u00e1sico. | Acuario Supremus<\/title>\n<meta name=\"description\" content=\"Shrimp exo\u2122 150 ml, es una fuente estabilizada de yoduro de potasio destinada a ayudar a replicar el ambiente ideal para las gambitas de agua dulce.\" \/>\n<meta name=\"robots\" content=\"index, follow, max-snippet:-1, max-image-preview:large, max-video-preview:-1\" \/>\n<link rel=\"canonical\" href=\"https:\/\/acuariosupremus.com\/?product=shrimp-exo-150-ml-yoduro-potasico\" \/>\n<meta property=\"og:locale\" content=\"es_MX\" \/>\n<meta property=\"og:type\" content=\"article\" \/>\n<meta property=\"og:title\" content=\"Shrimp exo 150 ml, yoduro pot\u00e1sico. | Acuario Supremus\" \/>\n<meta property=\"og:description\" content=\"Shrimp exo\u2122 150 ml, es una fuente estabilizada de yoduro de potasio destinada a ayudar a replicar el ambiente ideal para las gambitas de agua dulce.\" \/>\n<meta property=\"og:url\" content=\"https:\/\/acuariosupremus.com\/?product=shrimp-exo-150-ml-yoduro-potasico\" \/>\n<meta property=\"og:site_name\" content=\"Acuario Supremus\" \/>\n<meta property=\"article:publisher\" content=\"https:\/\/www.facebook.com\/AcuarioSupremus\" \/>\n<meta property=\"article:modified_time\" content=\"2025-12-21T01:06:12+00:00\" \/>\n<meta property=\"og:image\" content=\"https:\/\/acuariosupremus.com\/wp-content\/uploads\/2022\/04\/aquavitro_shrimp_exo_02.jpg\" \/>\n\t<meta property=\"og:image:width\" content=\"1250\" \/>\n\t<meta property=\"og:image:height\" content=\"1250\" \/>\n\t<meta property=\"og:image:type\" content=\"image\/jpeg\" \/>\n<meta name=\"twitter:card\" content=\"summary_large_image\" \/>\n<meta name=\"twitter:site\" content=\"@AcuarioSupremus\" \/>\n<meta name=\"twitter:label1\" content=\"Tiempo de lectura\" \/>\n\t<meta name=\"twitter:data1\" content=\"1 minuto\" \/>\n<script type=\"application\/ld+json\" class=\"yoast-schema-graph\">{\"@context\":\"https:\\\/\\\/schema.org\",\"@graph\":[{\"@type\":\"WebPage\",\"@id\":\"https:\\\/\\\/acuariosupremus.com\\\/?product=shrimp-exo-150-ml-yoduro-potasico\",\"url\":\"https:\\\/\\\/acuariosupremus.com\\\/?product=shrimp-exo-150-ml-yoduro-potasico\",\"name\":\"Shrimp exo 150 ml, yoduro pot\u00e1sico. | Acuario Supremus\",\"isPartOf\":{\"@id\":\"https:\\\/\\\/acuariosupremus.com\\\/#website\"},\"primaryImageOfPage\":{\"@id\":\"https:\\\/\\\/acuariosupremus.com\\\/?product=shrimp-exo-150-ml-yoduro-potasico#primaryimage\"},\"image\":{\"@id\":\"https:\\\/\\\/acuariosupremus.com\\\/?product=shrimp-exo-150-ml-yoduro-potasico#primaryimage\"},\"thumbnailUrl\":\"https:\\\/\\\/acuariosupremus.com\\\/wp-content\\\/uploads\\\/2022\\\/04\\\/aquavitro_shrimp_exo_02.jpg\",\"datePublished\":\"2022-04-13T20:23:21+00:00\",\"dateModified\":\"2025-12-21T01:06:12+00:00\",\"description\":\"Shrimp exo\u2122 150 ml, es una fuente estabilizada de yoduro de potasio destinada a ayudar a replicar el ambiente ideal para las gambitas de agua dulce.\",\"breadcrumb\":{\"@id\":\"https:\\\/\\\/acuariosupremus.com\\\/?product=shrimp-exo-150-ml-yoduro-potasico#breadcrumb\"},\"inLanguage\":\"es\",\"potentialAction\":[{\"@type\":\"ReadAction\",\"target\":[\"https:\\\/\\\/acuariosupremus.com\\\/?product=shrimp-exo-150-ml-yoduro-potasico\"]}]},{\"@type\":\"ImageObject\",\"inLanguage\":\"es\",\"@id\":\"https:\\\/\\\/acuariosupremus.com\\\/?product=shrimp-exo-150-ml-yoduro-potasico#primaryimage\",\"url\":\"https:\\\/\\\/acuariosupremus.com\\\/wp-content\\\/uploads\\\/2022\\\/04\\\/aquavitro_shrimp_exo_02.jpg\",\"contentUrl\":\"https:\\\/\\\/acuariosupremus.com\\\/wp-content\\\/uploads\\\/2022\\\/04\\\/aquavitro_shrimp_exo_02.jpg\",\"width\":1250,\"height\":1250},{\"@type\":\"BreadcrumbList\",\"@id\":\"https:\\\/\\\/acuariosupremus.com\\\/?product=shrimp-exo-150-ml-yoduro-potasico#breadcrumb\",\"itemListElement\":[{\"@type\":\"ListItem\",\"position\":1,\"name\":\"Portada\",\"item\":\"https:\\\/\\\/acuariosupremus.com\\\/\"},{\"@type\":\"ListItem\",\"position\":2,\"name\":\"Tienda\",\"item\":\"https:\\\/\\\/acuariosupremus.com\\\/tienda\\\/\"},{\"@type\":\"ListItem\",\"position\":3,\"name\":\"Shrimp exo 150 ml, yoduro pot\u00e1sico.\"}]},{\"@type\":\"WebSite\",\"@id\":\"https:\\\/\\\/acuariosupremus.com\\\/#website\",\"url\":\"https:\\\/\\\/acuariosupremus.com\\\/\",\"name\":\"Acuario Supremus\",\"description\":\"Peces, Peceras y Mascotas.\",\"publisher\":{\"@id\":\"https:\\\/\\\/acuariosupremus.com\\\/#organization\"},\"potentialAction\":[{\"@type\":\"SearchAction\",\"target\":{\"@type\":\"EntryPoint\",\"urlTemplate\":\"https:\\\/\\\/acuariosupremus.com\\\/?s={search_term_string}\"},\"query-input\":{\"@type\":\"PropertyValueSpecification\",\"valueRequired\":true,\"valueName\":\"search_term_string\"}}],\"inLanguage\":\"es\"},{\"@type\":\"Organization\",\"@id\":\"https:\\\/\\\/acuariosupremus.com\\\/#organization\",\"name\":\"Acuario Supremus\",\"url\":\"https:\\\/\\\/acuariosupremus.com\\\/\",\"logo\":{\"@type\":\"ImageObject\",\"inLanguage\":\"es\",\"@id\":\"https:\\\/\\\/acuariosupremus.com\\\/#\\\/schema\\\/logo\\\/image\\\/\",\"url\":\"https:\\\/\\\/acuariosupremus.com\\\/wp-content\\\/uploads\\\/2021\\\/12\\\/cropped-logo_acuario_supremus_fn-2.png\",\"contentUrl\":\"https:\\\/\\\/acuariosupremus.com\\\/wp-content\\\/uploads\\\/2021\\\/12\\\/cropped-logo_acuario_supremus_fn-2.png\",\"width\":1000,\"height\":318,\"caption\":\"Acuario Supremus\"},\"image\":{\"@id\":\"https:\\\/\\\/acuariosupremus.com\\\/#\\\/schema\\\/logo\\\/image\\\/\"},\"sameAs\":[\"https:\\\/\\\/www.facebook.com\\\/AcuarioSupremus\",\"https:\\\/\\\/x.com\\\/AcuarioSupremus\",\"https:\\\/\\\/www.instagram.com\\\/acuariosupremus\\\/?hl=es\"]}]}<\/script>\n<!-- \/ Yoast SEO plugin. -->","yoast_head_json":{"title":"Shrimp exo 150 ml, yoduro pot\u00e1sico. | Acuario Supremus","description":"Shrimp exo\u2122 150 ml, es una fuente estabilizada de yoduro de potasio destinada a ayudar a replicar el ambiente ideal para las gambitas de agua dulce.","robots":{"index":"index","follow":"follow","max-snippet":"max-snippet:-1","max-image-preview":"max-image-preview:large","max-video-preview":"max-video-preview:-1"},"canonical":"https:\/\/acuariosupremus.com\/?product=shrimp-exo-150-ml-yoduro-potasico","og_locale":"es_MX","og_type":"article","og_title":"Shrimp exo 150 ml, yoduro pot\u00e1sico. | Acuario Supremus","og_description":"Shrimp exo\u2122 150 ml, es una fuente estabilizada de yoduro de potasio destinada a ayudar a replicar el ambiente ideal para las gambitas de agua dulce.","og_url":"https:\/\/acuariosupremus.com\/?product=shrimp-exo-150-ml-yoduro-potasico","og_site_name":"Acuario Supremus","article_publisher":"https:\/\/www.facebook.com\/AcuarioSupremus","article_modified_time":"2025-12-21T01:06:12+00:00","og_image":[{"width":1250,"height":1250,"url":"https:\/\/acuariosupremus.com\/wp-content\/uploads\/2022\/04\/aquavitro_shrimp_exo_02.jpg","type":"image\/jpeg"}],"twitter_card":"summary_large_image","twitter_site":"@AcuarioSupremus","twitter_misc":{"Tiempo de lectura":"1 minuto"},"schema":{"@context":"https:\/\/schema.org","@graph":[{"@type":"WebPage","@id":"https:\/\/acuariosupremus.com\/?product=shrimp-exo-150-ml-yoduro-potasico","url":"https:\/\/acuariosupremus.com\/?product=shrimp-exo-150-ml-yoduro-potasico","name":"Shrimp exo 150 ml, yoduro pot\u00e1sico. | Acuario Supremus","isPartOf":{"@id":"https:\/\/acuariosupremus.com\/#website"},"primaryImageOfPage":{"@id":"https:\/\/acuariosupremus.com\/?product=shrimp-exo-150-ml-yoduro-potasico#primaryimage"},"image":{"@id":"https:\/\/acuariosupremus.com\/?product=shrimp-exo-150-ml-yoduro-potasico#primaryimage"},"thumbnailUrl":"https:\/\/acuariosupremus.com\/wp-content\/uploads\/2022\/04\/aquavitro_shrimp_exo_02.jpg","datePublished":"2022-04-13T20:23:21+00:00","dateModified":"2025-12-21T01:06:12+00:00","description":"Shrimp exo\u2122 150 ml, es una fuente estabilizada de yoduro de potasio destinada a ayudar a replicar el ambiente ideal para las gambitas de agua dulce.","breadcrumb":{"@id":"https:\/\/acuariosupremus.com\/?product=shrimp-exo-150-ml-yoduro-potasico#breadcrumb"},"inLanguage":"es","potentialAction":[{"@type":"ReadAction","target":["https:\/\/acuariosupremus.com\/?product=shrimp-exo-150-ml-yoduro-potasico"]}]},{"@type":"ImageObject","inLanguage":"es","@id":"https:\/\/acuariosupremus.com\/?product=shrimp-exo-150-ml-yoduro-potasico#primaryimage","url":"https:\/\/acuariosupremus.com\/wp-content\/uploads\/2022\/04\/aquavitro_shrimp_exo_02.jpg","contentUrl":"https:\/\/acuariosupremus.com\/wp-content\/uploads\/2022\/04\/aquavitro_shrimp_exo_02.jpg","width":1250,"height":1250},{"@type":"BreadcrumbList","@id":"https:\/\/acuariosupremus.com\/?product=shrimp-exo-150-ml-yoduro-potasico#breadcrumb","itemListElement":[{"@type":"ListItem","position":1,"name":"Portada","item":"https:\/\/acuariosupremus.com\/"},{"@type":"ListItem","position":2,"name":"Tienda","item":"https:\/\/acuariosupremus.com\/tienda\/"},{"@type":"ListItem","position":3,"name":"Shrimp exo 150 ml, yoduro pot\u00e1sico."}]},{"@type":"WebSite","@id":"https:\/\/acuariosupremus.com\/#website","url":"https:\/\/acuariosupremus.com\/","name":"Acuario Supremus","description":"Peces, Peceras y Mascotas.","publisher":{"@id":"https:\/\/acuariosupremus.com\/#organization"},"potentialAction":[{"@type":"SearchAction","target":{"@type":"EntryPoint","urlTemplate":"https:\/\/acuariosupremus.com\/?s={search_term_string}"},"query-input":{"@type":"PropertyValueSpecification","valueRequired":true,"valueName":"search_term_string"}}],"inLanguage":"es"},{"@type":"Organization","@id":"https:\/\/acuariosupremus.com\/#organization","name":"Acuario Supremus","url":"https:\/\/acuariosupremus.com\/","logo":{"@type":"ImageObject","inLanguage":"es","@id":"https:\/\/acuariosupremus.com\/#\/schema\/logo\/image\/","url":"https:\/\/acuariosupremus.com\/wp-content\/uploads\/2021\/12\/cropped-logo_acuario_supremus_fn-2.png","contentUrl":"https:\/\/acuariosupremus.com\/wp-content\/uploads\/2021\/12\/cropped-logo_acuario_supremus_fn-2.png","width":1000,"height":318,"caption":"Acuario Supremus"},"image":{"@id":"https:\/\/acuariosupremus.com\/#\/schema\/logo\/image\/"},"sameAs":["https:\/\/www.facebook.com\/AcuarioSupremus","https:\/\/x.com\/AcuarioSupremus","https:\/\/www.instagram.com\/acuariosupremus\/?hl=es"]}]}},"jetpack_sharing_enabled":true,"_links":{"self":[{"href":"https:\/\/acuariosupremus.com\/index.php?rest_route=\/wp\/v2\/product\/6657","targetHints":{"allow":["GET"]}}],"collection":[{"href":"https:\/\/acuariosupremus.com\/index.php?rest_route=\/wp\/v2\/product"}],"about":[{"href":"https:\/\/acuariosupremus.com\/index.php?rest_route=\/wp\/v2\/types\/product"}],"wp:featuredmedia":[{"embeddable":true,"href":"https:\/\/acuariosupremus.com\/index.php?rest_route=\/wp\/v2\/media\/6658"}],"wp:attachment":[{"href":"https:\/\/acuariosupremus.com\/index.php?rest_route=%2Fwp%2Fv2%2Fmedia&parent=6657"}],"wp:term":[{"taxonomy":"product_brand","embeddable":true,"href":"https:\/\/acuariosupremus.com\/index.php?rest_route=%2Fwp%2Fv2%2Fproduct_brand&post=6657"},{"taxonomy":"product_cat","embeddable":true,"href":"https:\/\/acuariosupremus.com\/index.php?rest_route=%2Fwp%2Fv2%2Fproduct_cat&post=6657"},{"taxonomy":"product_tag","embeddable":true,"href":"https:\/\/acuariosupremus.com\/index.php?rest_route=%2Fwp%2Fv2%2Fproduct_tag&post=6657"}],"curies":[{"name":"wp","href":"https:\/\/api.w.org\/{rel}","templated":true}]}}