{"id":6700,"date":"2022-04-13T18:54:11","date_gmt":"2022-04-13T23:54:11","guid":{"rendered":"https:\/\/acuariosupremus.com\/?post_type=product&#038;p=6700"},"modified":"2025-12-20T19:22:01","modified_gmt":"2025-12-21T01:22:01","slug":"bond-250-ml-adhesivo-termoplastico","status":"publish","type":"product","link":"https:\/\/acuariosupremus.com\/?product=bond-250-ml-adhesivo-termoplastico","title":{"rendered":"Bond, 250 ml adhesivo termopl\u00e1stico."},"content":{"rendered":"<p>bond \u2122 es un adhesivo pl\u00e1stico \u00fanico en su categor\u00eda debido a su baja temperatura de fusi\u00f3n. bond \u2122 se puede usar para fijar piezas de coral a las rocas o para unir varias de ellas para obtener cimientos m\u00e1s estables en los acuarios de arrecife. En agua dulce es muy pr\u00e1ctico para unir rocas, ra\u00edces u otros elementos decorativos para formar una decoraci\u00f3n de forma muy c\u00f3moda. bond \u2122 es completamente at\u00f3xico e inerte al agua, as\u00ed que no producir\u00e1 ning\u00fan impacto en la qu\u00edmica de su acuario. bond \u2122 requiere una temperatura de fusi\u00f3n mucho m\u00e1s baja que productos similares, por lo que es mucho m\u00e1s seguro y f\u00e1cil trabajar con \u00e9l. Si es necesario, bond \u2122 puede recalentarse y reutilizarse varias veces hasta lograr el resultado deseado.<\/p>\n<p>capacidad <strong>250 ml.<\/strong><br \/>\nTama\u00f1o mm.<br \/>\n139 x 200 x 40 (l x a x h)<br \/>\nPeso<br \/>\n125 (g.)<\/p>\n","protected":false},"excerpt":{"rendered":"<p>bond\u2122<br \/>\nCompuesto adhesivo pl\u00e1stico de baja temperatura de fusi\u00f3n.<br \/>\nPuede calentarse de nuevo para ser reutilizado varias veces.<br \/>\nEs f\u00e1cil y seguro para trabajos en su acuario.<br \/>\nEs at\u00f3xico e inerte al agua.<\/p>\n","protected":false},"featured_media":6702,"template":"","meta":[],"product_brand":[125],"product_cat":[40,94],"product_tag":[539,178,206],"class_list":{"0":"post-6700","1":"product","2":"type-product","3":"status-publish","4":"has-post-thumbnail","6":"product_brand-aquavitro","7":"product_cat-peces","8":"product_cat-arrecife","9":"product_tag-adhesivo-para-cualquier-decoracion","10":"product_tag-arrecife","11":"product_tag-peces-tropicales","13":"first","14":"instock","15":"sale","16":"shipping-taxable","17":"purchasable","18":"product-type-simple"},"yoast_head":"<!-- This site is optimized with the Yoast SEO plugin v27.5 - https:\/\/yoast.com\/product\/yoast-seo-wordpress\/ -->\n<title>Bond, 250 ml adhesivo termopl\u00e1stico. | Acuario Supremus<\/title>\n<meta name=\"description\" content=\"bond\u2122Compuesto adhesivo pl\u00e1stico de baja temperatura de fusi\u00f3n.Puede calentarse de nuevo para ser reutilizado varias veces.\" \/>\n<meta name=\"robots\" content=\"index, follow, max-snippet:-1, max-image-preview:large, max-video-preview:-1\" \/>\n<link rel=\"canonical\" href=\"https:\/\/acuariosupremus.com\/?product=bond-250-ml-adhesivo-termoplastico\" \/>\n<meta property=\"og:locale\" content=\"es_MX\" \/>\n<meta property=\"og:type\" content=\"article\" \/>\n<meta property=\"og:title\" content=\"Bond, 250 ml adhesivo termopl\u00e1stico. | Acuario Supremus\" \/>\n<meta property=\"og:description\" content=\"bond\u2122Compuesto adhesivo pl\u00e1stico de baja temperatura de fusi\u00f3n.Puede calentarse de nuevo para ser reutilizado varias veces.\" \/>\n<meta property=\"og:url\" content=\"https:\/\/acuariosupremus.com\/?product=bond-250-ml-adhesivo-termoplastico\" \/>\n<meta property=\"og:site_name\" content=\"Acuario Supremus\" \/>\n<meta property=\"article:publisher\" content=\"https:\/\/www.facebook.com\/AcuarioSupremus\" \/>\n<meta property=\"article:modified_time\" content=\"2025-12-21T01:22:01+00:00\" \/>\n<meta property=\"og:image\" content=\"https:\/\/acuariosupremus.com\/wp-content\/uploads\/2022\/04\/aquavitro_bond_01.jpg\" \/>\n\t<meta property=\"og:image:width\" content=\"1250\" \/>\n\t<meta property=\"og:image:height\" content=\"1250\" \/>\n\t<meta property=\"og:image:type\" content=\"image\/jpeg\" \/>\n<meta name=\"twitter:card\" content=\"summary_large_image\" \/>\n<meta name=\"twitter:site\" content=\"@AcuarioSupremus\" \/>\n<meta name=\"twitter:label1\" content=\"Tiempo de lectura\" \/>\n\t<meta name=\"twitter:data1\" content=\"1 minuto\" \/>\n<script type=\"application\/ld+json\" class=\"yoast-schema-graph\">{\"@context\":\"https:\\\/\\\/schema.org\",\"@graph\":[{\"@type\":\"WebPage\",\"@id\":\"https:\\\/\\\/acuariosupremus.com\\\/?product=bond-250-ml-adhesivo-termoplastico\",\"url\":\"https:\\\/\\\/acuariosupremus.com\\\/?product=bond-250-ml-adhesivo-termoplastico\",\"name\":\"Bond, 250 ml adhesivo termopl\u00e1stico. | Acuario Supremus\",\"isPartOf\":{\"@id\":\"https:\\\/\\\/acuariosupremus.com\\\/#website\"},\"primaryImageOfPage\":{\"@id\":\"https:\\\/\\\/acuariosupremus.com\\\/?product=bond-250-ml-adhesivo-termoplastico#primaryimage\"},\"image\":{\"@id\":\"https:\\\/\\\/acuariosupremus.com\\\/?product=bond-250-ml-adhesivo-termoplastico#primaryimage\"},\"thumbnailUrl\":\"https:\\\/\\\/acuariosupremus.com\\\/wp-content\\\/uploads\\\/2022\\\/04\\\/aquavitro_bond_01.jpg\",\"datePublished\":\"2022-04-13T23:54:11+00:00\",\"dateModified\":\"2025-12-21T01:22:01+00:00\",\"description\":\"bond\u2122Compuesto adhesivo pl\u00e1stico de baja temperatura de fusi\u00f3n.Puede calentarse de nuevo para ser reutilizado varias veces.\",\"breadcrumb\":{\"@id\":\"https:\\\/\\\/acuariosupremus.com\\\/?product=bond-250-ml-adhesivo-termoplastico#breadcrumb\"},\"inLanguage\":\"es\",\"potentialAction\":[{\"@type\":\"ReadAction\",\"target\":[\"https:\\\/\\\/acuariosupremus.com\\\/?product=bond-250-ml-adhesivo-termoplastico\"]}]},{\"@type\":\"ImageObject\",\"inLanguage\":\"es\",\"@id\":\"https:\\\/\\\/acuariosupremus.com\\\/?product=bond-250-ml-adhesivo-termoplastico#primaryimage\",\"url\":\"https:\\\/\\\/acuariosupremus.com\\\/wp-content\\\/uploads\\\/2022\\\/04\\\/aquavitro_bond_01.jpg\",\"contentUrl\":\"https:\\\/\\\/acuariosupremus.com\\\/wp-content\\\/uploads\\\/2022\\\/04\\\/aquavitro_bond_01.jpg\",\"width\":1250,\"height\":1250},{\"@type\":\"BreadcrumbList\",\"@id\":\"https:\\\/\\\/acuariosupremus.com\\\/?product=bond-250-ml-adhesivo-termoplastico#breadcrumb\",\"itemListElement\":[{\"@type\":\"ListItem\",\"position\":1,\"name\":\"Portada\",\"item\":\"https:\\\/\\\/acuariosupremus.com\\\/\"},{\"@type\":\"ListItem\",\"position\":2,\"name\":\"Tienda\",\"item\":\"https:\\\/\\\/acuariosupremus.com\\\/tienda\\\/\"},{\"@type\":\"ListItem\",\"position\":3,\"name\":\"Bond, 250 ml adhesivo termopl\u00e1stico.\"}]},{\"@type\":\"WebSite\",\"@id\":\"https:\\\/\\\/acuariosupremus.com\\\/#website\",\"url\":\"https:\\\/\\\/acuariosupremus.com\\\/\",\"name\":\"Acuario Supremus\",\"description\":\"Peces, Peceras y Mascotas.\",\"publisher\":{\"@id\":\"https:\\\/\\\/acuariosupremus.com\\\/#organization\"},\"potentialAction\":[{\"@type\":\"SearchAction\",\"target\":{\"@type\":\"EntryPoint\",\"urlTemplate\":\"https:\\\/\\\/acuariosupremus.com\\\/?s={search_term_string}\"},\"query-input\":{\"@type\":\"PropertyValueSpecification\",\"valueRequired\":true,\"valueName\":\"search_term_string\"}}],\"inLanguage\":\"es\"},{\"@type\":\"Organization\",\"@id\":\"https:\\\/\\\/acuariosupremus.com\\\/#organization\",\"name\":\"Acuario Supremus\",\"url\":\"https:\\\/\\\/acuariosupremus.com\\\/\",\"logo\":{\"@type\":\"ImageObject\",\"inLanguage\":\"es\",\"@id\":\"https:\\\/\\\/acuariosupremus.com\\\/#\\\/schema\\\/logo\\\/image\\\/\",\"url\":\"https:\\\/\\\/acuariosupremus.com\\\/wp-content\\\/uploads\\\/2021\\\/12\\\/cropped-logo_acuario_supremus_fn-2.png\",\"contentUrl\":\"https:\\\/\\\/acuariosupremus.com\\\/wp-content\\\/uploads\\\/2021\\\/12\\\/cropped-logo_acuario_supremus_fn-2.png\",\"width\":1000,\"height\":318,\"caption\":\"Acuario Supremus\"},\"image\":{\"@id\":\"https:\\\/\\\/acuariosupremus.com\\\/#\\\/schema\\\/logo\\\/image\\\/\"},\"sameAs\":[\"https:\\\/\\\/www.facebook.com\\\/AcuarioSupremus\",\"https:\\\/\\\/x.com\\\/AcuarioSupremus\",\"https:\\\/\\\/www.instagram.com\\\/acuariosupremus\\\/?hl=es\"]}]}<\/script>\n<!-- \/ Yoast SEO plugin. -->","yoast_head_json":{"title":"Bond, 250 ml adhesivo termopl\u00e1stico. | Acuario Supremus","description":"bond\u2122Compuesto adhesivo pl\u00e1stico de baja temperatura de fusi\u00f3n.Puede calentarse de nuevo para ser reutilizado varias veces.","robots":{"index":"index","follow":"follow","max-snippet":"max-snippet:-1","max-image-preview":"max-image-preview:large","max-video-preview":"max-video-preview:-1"},"canonical":"https:\/\/acuariosupremus.com\/?product=bond-250-ml-adhesivo-termoplastico","og_locale":"es_MX","og_type":"article","og_title":"Bond, 250 ml adhesivo termopl\u00e1stico. | Acuario Supremus","og_description":"bond\u2122Compuesto adhesivo pl\u00e1stico de baja temperatura de fusi\u00f3n.Puede calentarse de nuevo para ser reutilizado varias veces.","og_url":"https:\/\/acuariosupremus.com\/?product=bond-250-ml-adhesivo-termoplastico","og_site_name":"Acuario Supremus","article_publisher":"https:\/\/www.facebook.com\/AcuarioSupremus","article_modified_time":"2025-12-21T01:22:01+00:00","og_image":[{"width":1250,"height":1250,"url":"https:\/\/acuariosupremus.com\/wp-content\/uploads\/2022\/04\/aquavitro_bond_01.jpg","type":"image\/jpeg"}],"twitter_card":"summary_large_image","twitter_site":"@AcuarioSupremus","twitter_misc":{"Tiempo de lectura":"1 minuto"},"schema":{"@context":"https:\/\/schema.org","@graph":[{"@type":"WebPage","@id":"https:\/\/acuariosupremus.com\/?product=bond-250-ml-adhesivo-termoplastico","url":"https:\/\/acuariosupremus.com\/?product=bond-250-ml-adhesivo-termoplastico","name":"Bond, 250 ml adhesivo termopl\u00e1stico. | Acuario Supremus","isPartOf":{"@id":"https:\/\/acuariosupremus.com\/#website"},"primaryImageOfPage":{"@id":"https:\/\/acuariosupremus.com\/?product=bond-250-ml-adhesivo-termoplastico#primaryimage"},"image":{"@id":"https:\/\/acuariosupremus.com\/?product=bond-250-ml-adhesivo-termoplastico#primaryimage"},"thumbnailUrl":"https:\/\/acuariosupremus.com\/wp-content\/uploads\/2022\/04\/aquavitro_bond_01.jpg","datePublished":"2022-04-13T23:54:11+00:00","dateModified":"2025-12-21T01:22:01+00:00","description":"bond\u2122Compuesto adhesivo pl\u00e1stico de baja temperatura de fusi\u00f3n.Puede calentarse de nuevo para ser reutilizado varias veces.","breadcrumb":{"@id":"https:\/\/acuariosupremus.com\/?product=bond-250-ml-adhesivo-termoplastico#breadcrumb"},"inLanguage":"es","potentialAction":[{"@type":"ReadAction","target":["https:\/\/acuariosupremus.com\/?product=bond-250-ml-adhesivo-termoplastico"]}]},{"@type":"ImageObject","inLanguage":"es","@id":"https:\/\/acuariosupremus.com\/?product=bond-250-ml-adhesivo-termoplastico#primaryimage","url":"https:\/\/acuariosupremus.com\/wp-content\/uploads\/2022\/04\/aquavitro_bond_01.jpg","contentUrl":"https:\/\/acuariosupremus.com\/wp-content\/uploads\/2022\/04\/aquavitro_bond_01.jpg","width":1250,"height":1250},{"@type":"BreadcrumbList","@id":"https:\/\/acuariosupremus.com\/?product=bond-250-ml-adhesivo-termoplastico#breadcrumb","itemListElement":[{"@type":"ListItem","position":1,"name":"Portada","item":"https:\/\/acuariosupremus.com\/"},{"@type":"ListItem","position":2,"name":"Tienda","item":"https:\/\/acuariosupremus.com\/tienda\/"},{"@type":"ListItem","position":3,"name":"Bond, 250 ml adhesivo termopl\u00e1stico."}]},{"@type":"WebSite","@id":"https:\/\/acuariosupremus.com\/#website","url":"https:\/\/acuariosupremus.com\/","name":"Acuario Supremus","description":"Peces, Peceras y Mascotas.","publisher":{"@id":"https:\/\/acuariosupremus.com\/#organization"},"potentialAction":[{"@type":"SearchAction","target":{"@type":"EntryPoint","urlTemplate":"https:\/\/acuariosupremus.com\/?s={search_term_string}"},"query-input":{"@type":"PropertyValueSpecification","valueRequired":true,"valueName":"search_term_string"}}],"inLanguage":"es"},{"@type":"Organization","@id":"https:\/\/acuariosupremus.com\/#organization","name":"Acuario Supremus","url":"https:\/\/acuariosupremus.com\/","logo":{"@type":"ImageObject","inLanguage":"es","@id":"https:\/\/acuariosupremus.com\/#\/schema\/logo\/image\/","url":"https:\/\/acuariosupremus.com\/wp-content\/uploads\/2021\/12\/cropped-logo_acuario_supremus_fn-2.png","contentUrl":"https:\/\/acuariosupremus.com\/wp-content\/uploads\/2021\/12\/cropped-logo_acuario_supremus_fn-2.png","width":1000,"height":318,"caption":"Acuario Supremus"},"image":{"@id":"https:\/\/acuariosupremus.com\/#\/schema\/logo\/image\/"},"sameAs":["https:\/\/www.facebook.com\/AcuarioSupremus","https:\/\/x.com\/AcuarioSupremus","https:\/\/www.instagram.com\/acuariosupremus\/?hl=es"]}]}},"jetpack_sharing_enabled":true,"_links":{"self":[{"href":"https:\/\/acuariosupremus.com\/index.php?rest_route=\/wp\/v2\/product\/6700","targetHints":{"allow":["GET"]}}],"collection":[{"href":"https:\/\/acuariosupremus.com\/index.php?rest_route=\/wp\/v2\/product"}],"about":[{"href":"https:\/\/acuariosupremus.com\/index.php?rest_route=\/wp\/v2\/types\/product"}],"wp:featuredmedia":[{"embeddable":true,"href":"https:\/\/acuariosupremus.com\/index.php?rest_route=\/wp\/v2\/media\/6702"}],"wp:attachment":[{"href":"https:\/\/acuariosupremus.com\/index.php?rest_route=%2Fwp%2Fv2%2Fmedia&parent=6700"}],"wp:term":[{"taxonomy":"product_brand","embeddable":true,"href":"https:\/\/acuariosupremus.com\/index.php?rest_route=%2Fwp%2Fv2%2Fproduct_brand&post=6700"},{"taxonomy":"product_cat","embeddable":true,"href":"https:\/\/acuariosupremus.com\/index.php?rest_route=%2Fwp%2Fv2%2Fproduct_cat&post=6700"},{"taxonomy":"product_tag","embeddable":true,"href":"https:\/\/acuariosupremus.com\/index.php?rest_route=%2Fwp%2Fv2%2Fproduct_tag&post=6700"}],"curies":[{"name":"wp","href":"https:\/\/api.w.org\/{rel}","templated":true}]}}