{"id":6749,"date":"2022-04-14T15:06:56","date_gmt":"2022-04-14T20:06:56","guid":{"rendered":"https:\/\/acuariosupremus.com\/?post_type=product&#038;p=6749"},"modified":"2025-12-20T19:28:33","modified_gmt":"2025-12-21T01:28:33","slug":"aquavitro-pinzas-sembradoras-para-plantas-tapizantes-20-cm","status":"publish","type":"product","link":"https:\/\/acuariosupremus.com\/?product=aquavitro-pinzas-sembradoras-para-plantas-tapizantes-20-cm","title":{"rendered":"AquaVitro Pinzas sembradoras para plantas tapizantes, 20 cm"},"content":{"rendered":"<p>Descripci\u00f3n: Pinzas dise\u00f1adas espec\u00edficamente para plantar o manejar grandes grupos de plantas al tiempo que permite mover la grava para asegurar la ra\u00edz bajo ella antes de sacar la pinza, evitando as\u00ed el riesgo de desplantarla o de plantar los grupos cercanos de plantas. Tambi\u00e9n sirve para permitir un mejor agarre en fragmentos de coral de forma irregular mientras se fijan en la roca con pegamento. Son tambi\u00e9n muy \u00fatiles en el paisajismo acu\u00e1tico general de cualquier acuario. Una herramienta muy pr\u00e1ctica y duradera gracias a su elaboraci\u00f3n con acero Inoxidable.<\/p>\n<p>Tama\u00f1o mm.<br \/>\n210 x 25 x 28 (l x a x h)<br \/>\nMedidas embalaje:<br \/>\n310 x 90 x 20 (l x a x h mm.)<br \/>\nPeso<br \/>\n45 (gramos)<br \/>\nPeso con embalaje:<br \/>\n80 (gramos)<\/p>\n","protected":false},"excerpt":{"rendered":"<p>Pinzas especializadas para sembrar plantas tapizantes. Estas pr\u00e1cticas pinzas de acero Inoxidable agrupan varios tallos y facilitan cubrirlos con sustrato en el momento de plantarlos gracias a su dise\u00f1o especial con forma de horquilla.<\/p>\n<p>&nbsp;<\/p>\n","protected":false},"featured_media":6750,"template":"","meta":[],"product_brand":[125],"product_cat":[40,94],"product_tag":[543],"class_list":{"0":"post-6749","1":"product","2":"type-product","3":"status-publish","4":"has-post-thumbnail","6":"product_brand-aquavitro","7":"product_cat-peces","8":"product_cat-arrecife","9":"product_tag-pinzas-sembradoras-plantas","11":"first","12":"instock","13":"sale","14":"shipping-taxable","15":"purchasable","16":"product-type-simple"},"yoast_head":"<!-- This site is optimized with the Yoast SEO plugin v27.4 - https:\/\/yoast.com\/product\/yoast-seo-wordpress\/ -->\n<title>AquaVitro Pinzas sembradoras para plantas tapizantes, 20 cm | Acuario Supremus<\/title>\n<meta name=\"description\" content=\"Estas pr\u00e1cticas pinzas de acero Inoxidable agrupan varios tallos y facilitan cubrirlos con sustrato en el momento de plantarlos gracias a su dise\u00f1o especial con forma de horquilla.\" \/>\n<meta name=\"robots\" content=\"index, follow, max-snippet:-1, max-image-preview:large, max-video-preview:-1\" \/>\n<link rel=\"canonical\" href=\"https:\/\/acuariosupremus.com\/?product=aquavitro-pinzas-sembradoras-para-plantas-tapizantes-20-cm\" \/>\n<meta property=\"og:locale\" content=\"es_MX\" \/>\n<meta property=\"og:type\" content=\"article\" \/>\n<meta property=\"og:title\" content=\"AquaVitro Pinzas sembradoras para plantas tapizantes, 20 cm | Acuario Supremus\" \/>\n<meta property=\"og:description\" content=\"Estas pr\u00e1cticas pinzas de acero Inoxidable agrupan varios tallos y facilitan cubrirlos con sustrato en el momento de plantarlos gracias a su dise\u00f1o especial con forma de horquilla.\" \/>\n<meta property=\"og:url\" content=\"https:\/\/acuariosupremus.com\/?product=aquavitro-pinzas-sembradoras-para-plantas-tapizantes-20-cm\" \/>\n<meta property=\"og:site_name\" content=\"Acuario Supremus\" \/>\n<meta property=\"article:publisher\" content=\"https:\/\/www.facebook.com\/AcuarioSupremus\" \/>\n<meta property=\"article:modified_time\" content=\"2025-12-21T01:28:33+00:00\" \/>\n<meta property=\"og:image\" content=\"https:\/\/acuariosupremus.com\/wp-content\/uploads\/2022\/04\/wide_grasp_forceps_detalle_01.jpg\" \/>\n\t<meta property=\"og:image:width\" content=\"1250\" \/>\n\t<meta property=\"og:image:height\" content=\"1250\" \/>\n\t<meta property=\"og:image:type\" content=\"image\/jpeg\" \/>\n<meta name=\"twitter:card\" content=\"summary_large_image\" \/>\n<meta name=\"twitter:site\" content=\"@AcuarioSupremus\" \/>\n<meta name=\"twitter:label1\" content=\"Tiempo de lectura\" \/>\n\t<meta name=\"twitter:data1\" content=\"1 minuto\" \/>\n<script type=\"application\/ld+json\" class=\"yoast-schema-graph\">{\"@context\":\"https:\\\/\\\/schema.org\",\"@graph\":[{\"@type\":\"WebPage\",\"@id\":\"https:\\\/\\\/acuariosupremus.com\\\/?product=aquavitro-pinzas-sembradoras-para-plantas-tapizantes-20-cm\",\"url\":\"https:\\\/\\\/acuariosupremus.com\\\/?product=aquavitro-pinzas-sembradoras-para-plantas-tapizantes-20-cm\",\"name\":\"AquaVitro Pinzas sembradoras para plantas tapizantes, 20 cm | Acuario Supremus\",\"isPartOf\":{\"@id\":\"https:\\\/\\\/acuariosupremus.com\\\/#website\"},\"primaryImageOfPage\":{\"@id\":\"https:\\\/\\\/acuariosupremus.com\\\/?product=aquavitro-pinzas-sembradoras-para-plantas-tapizantes-20-cm#primaryimage\"},\"image\":{\"@id\":\"https:\\\/\\\/acuariosupremus.com\\\/?product=aquavitro-pinzas-sembradoras-para-plantas-tapizantes-20-cm#primaryimage\"},\"thumbnailUrl\":\"https:\\\/\\\/acuariosupremus.com\\\/wp-content\\\/uploads\\\/2022\\\/04\\\/wide_grasp_forceps_detalle_01.jpg\",\"datePublished\":\"2022-04-14T20:06:56+00:00\",\"dateModified\":\"2025-12-21T01:28:33+00:00\",\"description\":\"Estas pr\u00e1cticas pinzas de acero Inoxidable agrupan varios tallos y facilitan cubrirlos con sustrato en el momento de plantarlos gracias a su dise\u00f1o especial con forma de horquilla.\",\"breadcrumb\":{\"@id\":\"https:\\\/\\\/acuariosupremus.com\\\/?product=aquavitro-pinzas-sembradoras-para-plantas-tapizantes-20-cm#breadcrumb\"},\"inLanguage\":\"es\",\"potentialAction\":[{\"@type\":\"ReadAction\",\"target\":[\"https:\\\/\\\/acuariosupremus.com\\\/?product=aquavitro-pinzas-sembradoras-para-plantas-tapizantes-20-cm\"]}]},{\"@type\":\"ImageObject\",\"inLanguage\":\"es\",\"@id\":\"https:\\\/\\\/acuariosupremus.com\\\/?product=aquavitro-pinzas-sembradoras-para-plantas-tapizantes-20-cm#primaryimage\",\"url\":\"https:\\\/\\\/acuariosupremus.com\\\/wp-content\\\/uploads\\\/2022\\\/04\\\/wide_grasp_forceps_detalle_01.jpg\",\"contentUrl\":\"https:\\\/\\\/acuariosupremus.com\\\/wp-content\\\/uploads\\\/2022\\\/04\\\/wide_grasp_forceps_detalle_01.jpg\",\"width\":1250,\"height\":1250},{\"@type\":\"BreadcrumbList\",\"@id\":\"https:\\\/\\\/acuariosupremus.com\\\/?product=aquavitro-pinzas-sembradoras-para-plantas-tapizantes-20-cm#breadcrumb\",\"itemListElement\":[{\"@type\":\"ListItem\",\"position\":1,\"name\":\"Portada\",\"item\":\"https:\\\/\\\/acuariosupremus.com\\\/\"},{\"@type\":\"ListItem\",\"position\":2,\"name\":\"Tienda\",\"item\":\"https:\\\/\\\/acuariosupremus.com\\\/tienda\\\/\"},{\"@type\":\"ListItem\",\"position\":3,\"name\":\"AquaVitro Pinzas sembradoras para plantas tapizantes, 20 cm\"}]},{\"@type\":\"WebSite\",\"@id\":\"https:\\\/\\\/acuariosupremus.com\\\/#website\",\"url\":\"https:\\\/\\\/acuariosupremus.com\\\/\",\"name\":\"Acuario Supremus\",\"description\":\"Peces, Peceras y Mascotas.\",\"publisher\":{\"@id\":\"https:\\\/\\\/acuariosupremus.com\\\/#organization\"},\"potentialAction\":[{\"@type\":\"SearchAction\",\"target\":{\"@type\":\"EntryPoint\",\"urlTemplate\":\"https:\\\/\\\/acuariosupremus.com\\\/?s={search_term_string}\"},\"query-input\":{\"@type\":\"PropertyValueSpecification\",\"valueRequired\":true,\"valueName\":\"search_term_string\"}}],\"inLanguage\":\"es\"},{\"@type\":\"Organization\",\"@id\":\"https:\\\/\\\/acuariosupremus.com\\\/#organization\",\"name\":\"Acuario Supremus\",\"url\":\"https:\\\/\\\/acuariosupremus.com\\\/\",\"logo\":{\"@type\":\"ImageObject\",\"inLanguage\":\"es\",\"@id\":\"https:\\\/\\\/acuariosupremus.com\\\/#\\\/schema\\\/logo\\\/image\\\/\",\"url\":\"https:\\\/\\\/acuariosupremus.com\\\/wp-content\\\/uploads\\\/2021\\\/12\\\/cropped-logo_acuario_supremus_fn-2.png\",\"contentUrl\":\"https:\\\/\\\/acuariosupremus.com\\\/wp-content\\\/uploads\\\/2021\\\/12\\\/cropped-logo_acuario_supremus_fn-2.png\",\"width\":1000,\"height\":318,\"caption\":\"Acuario Supremus\"},\"image\":{\"@id\":\"https:\\\/\\\/acuariosupremus.com\\\/#\\\/schema\\\/logo\\\/image\\\/\"},\"sameAs\":[\"https:\\\/\\\/www.facebook.com\\\/AcuarioSupremus\",\"https:\\\/\\\/x.com\\\/AcuarioSupremus\",\"https:\\\/\\\/www.instagram.com\\\/acuariosupremus\\\/?hl=es\"]}]}<\/script>\n<!-- \/ Yoast SEO plugin. -->","yoast_head_json":{"title":"AquaVitro Pinzas sembradoras para plantas tapizantes, 20 cm | Acuario Supremus","description":"Estas pr\u00e1cticas pinzas de acero Inoxidable agrupan varios tallos y facilitan cubrirlos con sustrato en el momento de plantarlos gracias a su dise\u00f1o especial con forma de horquilla.","robots":{"index":"index","follow":"follow","max-snippet":"max-snippet:-1","max-image-preview":"max-image-preview:large","max-video-preview":"max-video-preview:-1"},"canonical":"https:\/\/acuariosupremus.com\/?product=aquavitro-pinzas-sembradoras-para-plantas-tapizantes-20-cm","og_locale":"es_MX","og_type":"article","og_title":"AquaVitro Pinzas sembradoras para plantas tapizantes, 20 cm | Acuario Supremus","og_description":"Estas pr\u00e1cticas pinzas de acero Inoxidable agrupan varios tallos y facilitan cubrirlos con sustrato en el momento de plantarlos gracias a su dise\u00f1o especial con forma de horquilla.","og_url":"https:\/\/acuariosupremus.com\/?product=aquavitro-pinzas-sembradoras-para-plantas-tapizantes-20-cm","og_site_name":"Acuario Supremus","article_publisher":"https:\/\/www.facebook.com\/AcuarioSupremus","article_modified_time":"2025-12-21T01:28:33+00:00","og_image":[{"width":1250,"height":1250,"url":"https:\/\/acuariosupremus.com\/wp-content\/uploads\/2022\/04\/wide_grasp_forceps_detalle_01.jpg","type":"image\/jpeg"}],"twitter_card":"summary_large_image","twitter_site":"@AcuarioSupremus","twitter_misc":{"Tiempo de lectura":"1 minuto"},"schema":{"@context":"https:\/\/schema.org","@graph":[{"@type":"WebPage","@id":"https:\/\/acuariosupremus.com\/?product=aquavitro-pinzas-sembradoras-para-plantas-tapizantes-20-cm","url":"https:\/\/acuariosupremus.com\/?product=aquavitro-pinzas-sembradoras-para-plantas-tapizantes-20-cm","name":"AquaVitro Pinzas sembradoras para plantas tapizantes, 20 cm | Acuario Supremus","isPartOf":{"@id":"https:\/\/acuariosupremus.com\/#website"},"primaryImageOfPage":{"@id":"https:\/\/acuariosupremus.com\/?product=aquavitro-pinzas-sembradoras-para-plantas-tapizantes-20-cm#primaryimage"},"image":{"@id":"https:\/\/acuariosupremus.com\/?product=aquavitro-pinzas-sembradoras-para-plantas-tapizantes-20-cm#primaryimage"},"thumbnailUrl":"https:\/\/acuariosupremus.com\/wp-content\/uploads\/2022\/04\/wide_grasp_forceps_detalle_01.jpg","datePublished":"2022-04-14T20:06:56+00:00","dateModified":"2025-12-21T01:28:33+00:00","description":"Estas pr\u00e1cticas pinzas de acero Inoxidable agrupan varios tallos y facilitan cubrirlos con sustrato en el momento de plantarlos gracias a su dise\u00f1o especial con forma de horquilla.","breadcrumb":{"@id":"https:\/\/acuariosupremus.com\/?product=aquavitro-pinzas-sembradoras-para-plantas-tapizantes-20-cm#breadcrumb"},"inLanguage":"es","potentialAction":[{"@type":"ReadAction","target":["https:\/\/acuariosupremus.com\/?product=aquavitro-pinzas-sembradoras-para-plantas-tapizantes-20-cm"]}]},{"@type":"ImageObject","inLanguage":"es","@id":"https:\/\/acuariosupremus.com\/?product=aquavitro-pinzas-sembradoras-para-plantas-tapizantes-20-cm#primaryimage","url":"https:\/\/acuariosupremus.com\/wp-content\/uploads\/2022\/04\/wide_grasp_forceps_detalle_01.jpg","contentUrl":"https:\/\/acuariosupremus.com\/wp-content\/uploads\/2022\/04\/wide_grasp_forceps_detalle_01.jpg","width":1250,"height":1250},{"@type":"BreadcrumbList","@id":"https:\/\/acuariosupremus.com\/?product=aquavitro-pinzas-sembradoras-para-plantas-tapizantes-20-cm#breadcrumb","itemListElement":[{"@type":"ListItem","position":1,"name":"Portada","item":"https:\/\/acuariosupremus.com\/"},{"@type":"ListItem","position":2,"name":"Tienda","item":"https:\/\/acuariosupremus.com\/tienda\/"},{"@type":"ListItem","position":3,"name":"AquaVitro Pinzas sembradoras para plantas tapizantes, 20 cm"}]},{"@type":"WebSite","@id":"https:\/\/acuariosupremus.com\/#website","url":"https:\/\/acuariosupremus.com\/","name":"Acuario Supremus","description":"Peces, Peceras y Mascotas.","publisher":{"@id":"https:\/\/acuariosupremus.com\/#organization"},"potentialAction":[{"@type":"SearchAction","target":{"@type":"EntryPoint","urlTemplate":"https:\/\/acuariosupremus.com\/?s={search_term_string}"},"query-input":{"@type":"PropertyValueSpecification","valueRequired":true,"valueName":"search_term_string"}}],"inLanguage":"es"},{"@type":"Organization","@id":"https:\/\/acuariosupremus.com\/#organization","name":"Acuario Supremus","url":"https:\/\/acuariosupremus.com\/","logo":{"@type":"ImageObject","inLanguage":"es","@id":"https:\/\/acuariosupremus.com\/#\/schema\/logo\/image\/","url":"https:\/\/acuariosupremus.com\/wp-content\/uploads\/2021\/12\/cropped-logo_acuario_supremus_fn-2.png","contentUrl":"https:\/\/acuariosupremus.com\/wp-content\/uploads\/2021\/12\/cropped-logo_acuario_supremus_fn-2.png","width":1000,"height":318,"caption":"Acuario Supremus"},"image":{"@id":"https:\/\/acuariosupremus.com\/#\/schema\/logo\/image\/"},"sameAs":["https:\/\/www.facebook.com\/AcuarioSupremus","https:\/\/x.com\/AcuarioSupremus","https:\/\/www.instagram.com\/acuariosupremus\/?hl=es"]}]}},"jetpack_sharing_enabled":true,"_links":{"self":[{"href":"https:\/\/acuariosupremus.com\/index.php?rest_route=\/wp\/v2\/product\/6749","targetHints":{"allow":["GET"]}}],"collection":[{"href":"https:\/\/acuariosupremus.com\/index.php?rest_route=\/wp\/v2\/product"}],"about":[{"href":"https:\/\/acuariosupremus.com\/index.php?rest_route=\/wp\/v2\/types\/product"}],"wp:featuredmedia":[{"embeddable":true,"href":"https:\/\/acuariosupremus.com\/index.php?rest_route=\/wp\/v2\/media\/6750"}],"wp:attachment":[{"href":"https:\/\/acuariosupremus.com\/index.php?rest_route=%2Fwp%2Fv2%2Fmedia&parent=6749"}],"wp:term":[{"taxonomy":"product_brand","embeddable":true,"href":"https:\/\/acuariosupremus.com\/index.php?rest_route=%2Fwp%2Fv2%2Fproduct_brand&post=6749"},{"taxonomy":"product_cat","embeddable":true,"href":"https:\/\/acuariosupremus.com\/index.php?rest_route=%2Fwp%2Fv2%2Fproduct_cat&post=6749"},{"taxonomy":"product_tag","embeddable":true,"href":"https:\/\/acuariosupremus.com\/index.php?rest_route=%2Fwp%2Fv2%2Fproduct_tag&post=6749"}],"curies":[{"name":"wp","href":"https:\/\/api.w.org\/{rel}","templated":true}]}}