{"id":6814,"date":"2022-04-14T16:52:39","date_gmt":"2022-04-14T21:52:39","guid":{"rendered":"https:\/\/acuariosupremus.com\/?post_type=product&#038;p=6814"},"modified":"2025-12-20T19:34:20","modified_gmt":"2025-12-21T01:34:20","slug":"biogen-biopelets-grado-premium-4-l","status":"publish","type":"product","link":"https:\/\/acuariosupremus.com\/?product=biogen-biopelets-grado-premium-4-l","title":{"rendered":"Biogen, biop\u00e9lets grado premium, 4 L."},"content":{"rendered":"<p>Biogen \u2122 debe ser usado en un reactor que proporcione un flujo de agua suficiente como para mantener los gr\u00e1nulos en movimiento. El proceso de reducci\u00f3n de fosfato y nitrato comenzar\u00e1 cuando ciertas bacterias colonicen cada gr\u00e1nulo. Normalmente esto ocurre en un periodo de entre 2 a 4 semanas. Para acelerar este proceso, use un suplemento bacteriano como Seachem Stability\u2122 Para comenzar a usar este producto agregue primeramente en el reactor 60ml. de Biogen \u2122 por cada 265 litros (70 galones) de capacidad del acuario cada semana, hasta alcanzar una dosis total de 60 ml. por cada 85 litros (23 galones) de capacidad de su acuario. (para ello, tenga en cuenta previamente la capacidad m\u00e1xima de su reactor). Aumentar lentamente la cantidad de Biogen \u2122 evitar\u00e1 un descenso repentino de fosfato y nitrato, reduciendo adem\u00e1s el riesgo de exceso de proliferaci\u00f3n bacteriana en el reactor. M\u00e9todo simplificado: La dosis correcta equivalente de Biogen \u2122 que debe introducir en el reactor es de 70 ml. Por cada 100 litros. Coloque la tercera parte de esta dosis cada 7 d\u00edas, alcanzando la cantidad correcta en tres semanas. Debido a que las bacterias beneficiosas y la fricci\u00f3n consumir\u00e1n lentamente el medio filtrante en el reactor, deber\u00e1 a\u00f1adir m\u00e1s producto peri\u00f3dicamente para mantener la dosis correcta. No espere hasta que el reactor est\u00e9 vac\u00edo antes de agregar m\u00e1s para no desestabilizar su equilibrio de producci\u00f3n y consumo de Nitrato y fosfato.<\/p>\n<p>Tama\u00f1o mm.<br \/>\n200 x 200 x 185 (l x a x h)<br \/>\nCapacidad<br \/>\n<strong>4<\/strong> (Litros)<br \/>\nPeso<br \/>\n3.130 (Kg)<\/p>\n","protected":false},"excerpt":{"rendered":"<p>biogen\u2122 es un medio filtrante dise\u00f1ado para reactores de lecho fluido que reduce de forma efectiva el nitrato y el fosfato en acuarios de agua salada y arrecife. Este material consiste en unos gr\u00e1nulos de 5 mm de di\u00e1metro compuestos por un bio-pol\u00edmero con base de carbono (PHA) que consumen fosfato y nitrato mediante un proceso metab\u00f3lico bacteriano. Mantener el nitrato y el fosfato bajo control ayuda a incrementar la coloraci\u00f3n en los corales y evita la formaci\u00f3n de molestos recubrimientos en la roca viva.<\/p>\n<p>&nbsp;<\/p>\n","protected":false},"featured_media":6815,"template":"","meta":[],"product_brand":[125],"product_cat":[40,48],"product_tag":[212,547],"class_list":{"0":"post-6814","1":"product","2":"type-product","3":"status-publish","4":"has-post-thumbnail","6":"product_brand-aquavitro","7":"product_cat-peces","8":"product_cat-material-filtrante","9":"product_tag-colonia-bacteriana","10":"product_tag-reductor-nitrato-y-fosfato","12":"first","13":"instock","14":"sale","15":"shipping-taxable","16":"purchasable","17":"product-type-simple"},"yoast_head":"<!-- This site is optimized with the Yoast SEO plugin v27.4 - https:\/\/yoast.com\/product\/yoast-seo-wordpress\/ -->\n<title>Biogen, biop\u00e9lets grado premium, 4 L. | Acuario Supremus<\/title>\n<meta name=\"description\" content=\"biogen\u2122 es un medio filtrante dise\u00f1ado para reactores de lecho fluido que reduce de forma efectiva el nitrato y el fosfato en acuarios de agua salada y arrecife.\" \/>\n<meta name=\"robots\" content=\"index, follow, max-snippet:-1, max-image-preview:large, max-video-preview:-1\" \/>\n<link rel=\"canonical\" href=\"https:\/\/acuariosupremus.com\/?product=biogen-biopelets-grado-premium-4-l\" \/>\n<meta property=\"og:locale\" content=\"es_MX\" \/>\n<meta property=\"og:type\" content=\"article\" \/>\n<meta property=\"og:title\" content=\"Biogen, biop\u00e9lets grado premium, 4 L. | Acuario Supremus\" \/>\n<meta property=\"og:description\" content=\"biogen\u2122 es un medio filtrante dise\u00f1ado para reactores de lecho fluido que reduce de forma efectiva el nitrato y el fosfato en acuarios de agua salada y arrecife.\" \/>\n<meta property=\"og:url\" content=\"https:\/\/acuariosupremus.com\/?product=biogen-biopelets-grado-premium-4-l\" \/>\n<meta property=\"og:site_name\" content=\"Acuario Supremus\" \/>\n<meta property=\"article:publisher\" content=\"https:\/\/www.facebook.com\/AcuarioSupremus\" \/>\n<meta property=\"article:modified_time\" content=\"2025-12-21T01:34:20+00:00\" \/>\n<meta property=\"og:image\" content=\"https:\/\/acuariosupremus.com\/wp-content\/uploads\/2022\/04\/aquavitro_biogen_04.jpg\" \/>\n\t<meta property=\"og:image:width\" content=\"1250\" \/>\n\t<meta property=\"og:image:height\" content=\"1250\" \/>\n\t<meta property=\"og:image:type\" content=\"image\/jpeg\" \/>\n<meta name=\"twitter:card\" content=\"summary_large_image\" \/>\n<meta name=\"twitter:site\" content=\"@AcuarioSupremus\" \/>\n<meta name=\"twitter:label1\" content=\"Tiempo de lectura\" \/>\n\t<meta name=\"twitter:data1\" content=\"2 minutos\" \/>\n<script type=\"application\/ld+json\" class=\"yoast-schema-graph\">{\"@context\":\"https:\\\/\\\/schema.org\",\"@graph\":[{\"@type\":\"WebPage\",\"@id\":\"https:\\\/\\\/acuariosupremus.com\\\/?product=biogen-biopelets-grado-premium-4-l\",\"url\":\"https:\\\/\\\/acuariosupremus.com\\\/?product=biogen-biopelets-grado-premium-4-l\",\"name\":\"Biogen, biop\u00e9lets grado premium, 4 L. | Acuario Supremus\",\"isPartOf\":{\"@id\":\"https:\\\/\\\/acuariosupremus.com\\\/#website\"},\"primaryImageOfPage\":{\"@id\":\"https:\\\/\\\/acuariosupremus.com\\\/?product=biogen-biopelets-grado-premium-4-l#primaryimage\"},\"image\":{\"@id\":\"https:\\\/\\\/acuariosupremus.com\\\/?product=biogen-biopelets-grado-premium-4-l#primaryimage\"},\"thumbnailUrl\":\"https:\\\/\\\/acuariosupremus.com\\\/wp-content\\\/uploads\\\/2022\\\/04\\\/aquavitro_biogen_04.jpg\",\"datePublished\":\"2022-04-14T21:52:39+00:00\",\"dateModified\":\"2025-12-21T01:34:20+00:00\",\"description\":\"biogen\u2122 es un medio filtrante dise\u00f1ado para reactores de lecho fluido que reduce de forma efectiva el nitrato y el fosfato en acuarios de agua salada y arrecife.\",\"breadcrumb\":{\"@id\":\"https:\\\/\\\/acuariosupremus.com\\\/?product=biogen-biopelets-grado-premium-4-l#breadcrumb\"},\"inLanguage\":\"es\",\"potentialAction\":[{\"@type\":\"ReadAction\",\"target\":[\"https:\\\/\\\/acuariosupremus.com\\\/?product=biogen-biopelets-grado-premium-4-l\"]}]},{\"@type\":\"ImageObject\",\"inLanguage\":\"es\",\"@id\":\"https:\\\/\\\/acuariosupremus.com\\\/?product=biogen-biopelets-grado-premium-4-l#primaryimage\",\"url\":\"https:\\\/\\\/acuariosupremus.com\\\/wp-content\\\/uploads\\\/2022\\\/04\\\/aquavitro_biogen_04.jpg\",\"contentUrl\":\"https:\\\/\\\/acuariosupremus.com\\\/wp-content\\\/uploads\\\/2022\\\/04\\\/aquavitro_biogen_04.jpg\",\"width\":1250,\"height\":1250},{\"@type\":\"BreadcrumbList\",\"@id\":\"https:\\\/\\\/acuariosupremus.com\\\/?product=biogen-biopelets-grado-premium-4-l#breadcrumb\",\"itemListElement\":[{\"@type\":\"ListItem\",\"position\":1,\"name\":\"Portada\",\"item\":\"https:\\\/\\\/acuariosupremus.com\\\/\"},{\"@type\":\"ListItem\",\"position\":2,\"name\":\"Tienda\",\"item\":\"https:\\\/\\\/acuariosupremus.com\\\/tienda\\\/\"},{\"@type\":\"ListItem\",\"position\":3,\"name\":\"Biogen, biop\u00e9lets grado premium, 4 L.\"}]},{\"@type\":\"WebSite\",\"@id\":\"https:\\\/\\\/acuariosupremus.com\\\/#website\",\"url\":\"https:\\\/\\\/acuariosupremus.com\\\/\",\"name\":\"Acuario Supremus\",\"description\":\"Peces, Peceras y Mascotas.\",\"publisher\":{\"@id\":\"https:\\\/\\\/acuariosupremus.com\\\/#organization\"},\"potentialAction\":[{\"@type\":\"SearchAction\",\"target\":{\"@type\":\"EntryPoint\",\"urlTemplate\":\"https:\\\/\\\/acuariosupremus.com\\\/?s={search_term_string}\"},\"query-input\":{\"@type\":\"PropertyValueSpecification\",\"valueRequired\":true,\"valueName\":\"search_term_string\"}}],\"inLanguage\":\"es\"},{\"@type\":\"Organization\",\"@id\":\"https:\\\/\\\/acuariosupremus.com\\\/#organization\",\"name\":\"Acuario Supremus\",\"url\":\"https:\\\/\\\/acuariosupremus.com\\\/\",\"logo\":{\"@type\":\"ImageObject\",\"inLanguage\":\"es\",\"@id\":\"https:\\\/\\\/acuariosupremus.com\\\/#\\\/schema\\\/logo\\\/image\\\/\",\"url\":\"https:\\\/\\\/acuariosupremus.com\\\/wp-content\\\/uploads\\\/2021\\\/12\\\/cropped-logo_acuario_supremus_fn-2.png\",\"contentUrl\":\"https:\\\/\\\/acuariosupremus.com\\\/wp-content\\\/uploads\\\/2021\\\/12\\\/cropped-logo_acuario_supremus_fn-2.png\",\"width\":1000,\"height\":318,\"caption\":\"Acuario Supremus\"},\"image\":{\"@id\":\"https:\\\/\\\/acuariosupremus.com\\\/#\\\/schema\\\/logo\\\/image\\\/\"},\"sameAs\":[\"https:\\\/\\\/www.facebook.com\\\/AcuarioSupremus\",\"https:\\\/\\\/x.com\\\/AcuarioSupremus\",\"https:\\\/\\\/www.instagram.com\\\/acuariosupremus\\\/?hl=es\"]}]}<\/script>\n<!-- \/ Yoast SEO plugin. -->","yoast_head_json":{"title":"Biogen, biop\u00e9lets grado premium, 4 L. | Acuario Supremus","description":"biogen\u2122 es un medio filtrante dise\u00f1ado para reactores de lecho fluido que reduce de forma efectiva el nitrato y el fosfato en acuarios de agua salada y arrecife.","robots":{"index":"index","follow":"follow","max-snippet":"max-snippet:-1","max-image-preview":"max-image-preview:large","max-video-preview":"max-video-preview:-1"},"canonical":"https:\/\/acuariosupremus.com\/?product=biogen-biopelets-grado-premium-4-l","og_locale":"es_MX","og_type":"article","og_title":"Biogen, biop\u00e9lets grado premium, 4 L. | Acuario Supremus","og_description":"biogen\u2122 es un medio filtrante dise\u00f1ado para reactores de lecho fluido que reduce de forma efectiva el nitrato y el fosfato en acuarios de agua salada y arrecife.","og_url":"https:\/\/acuariosupremus.com\/?product=biogen-biopelets-grado-premium-4-l","og_site_name":"Acuario Supremus","article_publisher":"https:\/\/www.facebook.com\/AcuarioSupremus","article_modified_time":"2025-12-21T01:34:20+00:00","og_image":[{"width":1250,"height":1250,"url":"https:\/\/acuariosupremus.com\/wp-content\/uploads\/2022\/04\/aquavitro_biogen_04.jpg","type":"image\/jpeg"}],"twitter_card":"summary_large_image","twitter_site":"@AcuarioSupremus","twitter_misc":{"Tiempo de lectura":"2 minutos"},"schema":{"@context":"https:\/\/schema.org","@graph":[{"@type":"WebPage","@id":"https:\/\/acuariosupremus.com\/?product=biogen-biopelets-grado-premium-4-l","url":"https:\/\/acuariosupremus.com\/?product=biogen-biopelets-grado-premium-4-l","name":"Biogen, biop\u00e9lets grado premium, 4 L. | Acuario Supremus","isPartOf":{"@id":"https:\/\/acuariosupremus.com\/#website"},"primaryImageOfPage":{"@id":"https:\/\/acuariosupremus.com\/?product=biogen-biopelets-grado-premium-4-l#primaryimage"},"image":{"@id":"https:\/\/acuariosupremus.com\/?product=biogen-biopelets-grado-premium-4-l#primaryimage"},"thumbnailUrl":"https:\/\/acuariosupremus.com\/wp-content\/uploads\/2022\/04\/aquavitro_biogen_04.jpg","datePublished":"2022-04-14T21:52:39+00:00","dateModified":"2025-12-21T01:34:20+00:00","description":"biogen\u2122 es un medio filtrante dise\u00f1ado para reactores de lecho fluido que reduce de forma efectiva el nitrato y el fosfato en acuarios de agua salada y arrecife.","breadcrumb":{"@id":"https:\/\/acuariosupremus.com\/?product=biogen-biopelets-grado-premium-4-l#breadcrumb"},"inLanguage":"es","potentialAction":[{"@type":"ReadAction","target":["https:\/\/acuariosupremus.com\/?product=biogen-biopelets-grado-premium-4-l"]}]},{"@type":"ImageObject","inLanguage":"es","@id":"https:\/\/acuariosupremus.com\/?product=biogen-biopelets-grado-premium-4-l#primaryimage","url":"https:\/\/acuariosupremus.com\/wp-content\/uploads\/2022\/04\/aquavitro_biogen_04.jpg","contentUrl":"https:\/\/acuariosupremus.com\/wp-content\/uploads\/2022\/04\/aquavitro_biogen_04.jpg","width":1250,"height":1250},{"@type":"BreadcrumbList","@id":"https:\/\/acuariosupremus.com\/?product=biogen-biopelets-grado-premium-4-l#breadcrumb","itemListElement":[{"@type":"ListItem","position":1,"name":"Portada","item":"https:\/\/acuariosupremus.com\/"},{"@type":"ListItem","position":2,"name":"Tienda","item":"https:\/\/acuariosupremus.com\/tienda\/"},{"@type":"ListItem","position":3,"name":"Biogen, biop\u00e9lets grado premium, 4 L."}]},{"@type":"WebSite","@id":"https:\/\/acuariosupremus.com\/#website","url":"https:\/\/acuariosupremus.com\/","name":"Acuario Supremus","description":"Peces, Peceras y Mascotas.","publisher":{"@id":"https:\/\/acuariosupremus.com\/#organization"},"potentialAction":[{"@type":"SearchAction","target":{"@type":"EntryPoint","urlTemplate":"https:\/\/acuariosupremus.com\/?s={search_term_string}"},"query-input":{"@type":"PropertyValueSpecification","valueRequired":true,"valueName":"search_term_string"}}],"inLanguage":"es"},{"@type":"Organization","@id":"https:\/\/acuariosupremus.com\/#organization","name":"Acuario Supremus","url":"https:\/\/acuariosupremus.com\/","logo":{"@type":"ImageObject","inLanguage":"es","@id":"https:\/\/acuariosupremus.com\/#\/schema\/logo\/image\/","url":"https:\/\/acuariosupremus.com\/wp-content\/uploads\/2021\/12\/cropped-logo_acuario_supremus_fn-2.png","contentUrl":"https:\/\/acuariosupremus.com\/wp-content\/uploads\/2021\/12\/cropped-logo_acuario_supremus_fn-2.png","width":1000,"height":318,"caption":"Acuario Supremus"},"image":{"@id":"https:\/\/acuariosupremus.com\/#\/schema\/logo\/image\/"},"sameAs":["https:\/\/www.facebook.com\/AcuarioSupremus","https:\/\/x.com\/AcuarioSupremus","https:\/\/www.instagram.com\/acuariosupremus\/?hl=es"]}]}},"jetpack_sharing_enabled":true,"_links":{"self":[{"href":"https:\/\/acuariosupremus.com\/index.php?rest_route=\/wp\/v2\/product\/6814","targetHints":{"allow":["GET"]}}],"collection":[{"href":"https:\/\/acuariosupremus.com\/index.php?rest_route=\/wp\/v2\/product"}],"about":[{"href":"https:\/\/acuariosupremus.com\/index.php?rest_route=\/wp\/v2\/types\/product"}],"wp:featuredmedia":[{"embeddable":true,"href":"https:\/\/acuariosupremus.com\/index.php?rest_route=\/wp\/v2\/media\/6815"}],"wp:attachment":[{"href":"https:\/\/acuariosupremus.com\/index.php?rest_route=%2Fwp%2Fv2%2Fmedia&parent=6814"}],"wp:term":[{"taxonomy":"product_brand","embeddable":true,"href":"https:\/\/acuariosupremus.com\/index.php?rest_route=%2Fwp%2Fv2%2Fproduct_brand&post=6814"},{"taxonomy":"product_cat","embeddable":true,"href":"https:\/\/acuariosupremus.com\/index.php?rest_route=%2Fwp%2Fv2%2Fproduct_cat&post=6814"},{"taxonomy":"product_tag","embeddable":true,"href":"https:\/\/acuariosupremus.com\/index.php?rest_route=%2Fwp%2Fv2%2Fproduct_tag&post=6814"}],"curies":[{"name":"wp","href":"https:\/\/api.w.org\/{rel}","templated":true}]}}