{"id":6832,"date":"2022-04-14T19:10:53","date_gmt":"2022-04-15T00:10:53","guid":{"rendered":"https:\/\/acuariosupremus.com\/?post_type=product&#038;p=6832"},"modified":"2025-12-20T19:36:30","modified_gmt":"2025-12-21T01:36:30","slug":"aqua-vitro-purfiltrum-450-ml","status":"publish","type":"product","link":"https:\/\/acuariosupremus.com\/?product=aqua-vitro-purfiltrum-450-ml","title":{"rendered":"Aqua Vitro purfiltrum 450 ml"},"content":{"rendered":"<p>purfiltrum \u2122 es un material filtrante qu\u00edmico para acuarios de agua dulce y salada basado en un pol\u00edmero sint\u00e9tico macroporoso \u00fanico. Elimina las impurezas org\u00e1nicas solubles e insolubles del agua entre 5 y 10 veces m\u00e1s r\u00e1pido y con un rango m\u00e1s amplio que todos los dem\u00e1s productos de la competencia. Es la resina de filtraci\u00f3n org\u00e1nica con mayor capacidad y rendimiento del mercado, superando incluso a Seachem Purigen\u00ae, fijando entre un 10 y un 15% m\u00e1s de material org\u00e1nico que este. purfiltrum \u2122 controla el amon\u00edaco, los nitritos y los nitratos al eliminar los desechos org\u00e1nicos nitrogenados que de otro modo se acumular\u00edan o se convertir\u00edan en componentes qu\u00edmicos da\u00f1inos. purfiltrum \u2122 no reduce los niveles de oligoelementos y aumenta significativamente el valor potencial REDOX. Purifica el agua obteniendo una claridad incomparable. purfiltrum \u2122 cambia su color con el paso de los d\u00edas, oscureci\u00e9ndose de forma progresiva a medida que elimina las impurezas. Se renueva f\u00e1cilmente trat\u00e1ndolo con cloro seg\u00fan las instrucciones de regeneraci\u00f3n recomendadas.<\/p>\n<p>capacidad <strong>450 ml.<\/strong><br \/>\nTama\u00f1o mm.<br \/>\n92 x 92 x 97 (l x a x h)<br \/>\nPeso<br \/>\n230 (g.)<\/p>\n","protected":false},"excerpt":{"rendered":"<p>purfiltrum\u2122<br \/>\nmaterial filtrante qu\u00edmico para acuarios de agua dulce y salada basado en un pol\u00edmero sint\u00e9tico macroporoso \u00fanico. Elimina las impurezas org\u00e1nicas solubles e insolubles del agua entre 5 y 10 veces m\u00e1s r\u00e1pido y con un rango m\u00e1s amplio que todos los dem\u00e1s productos de la competencia.<\/p>\n","protected":false},"featured_media":6833,"template":"","meta":[],"product_brand":[125],"product_cat":[40,48],"product_tag":[214,729],"class_list":{"0":"post-6832","1":"product","2":"type-product","3":"status-publish","4":"has-post-thumbnail","6":"product_brand-aquavitro","7":"product_cat-peces","8":"product_cat-material-filtrante","9":"product_tag-antiamoniaco","10":"product_tag-eliminador-de-amoniaco","12":"first","13":"instock","14":"sale","15":"shipping-taxable","16":"purchasable","17":"product-type-simple"},"yoast_head":"<!-- This site is optimized with the Yoast SEO plugin v27.4 - https:\/\/yoast.com\/product\/yoast-seo-wordpress\/ -->\n<title>Aqua Vitro purfiltrum 450 ml | Acuario Supremus<\/title>\n<meta name=\"description\" content=\"purfiltrum\u2122material filtrante qu\u00edmico para acuarios de agua dulce y salada basado en un pol\u00edmero sint\u00e9tico macroporoso \u00fanico.\" \/>\n<meta name=\"robots\" content=\"index, follow, max-snippet:-1, max-image-preview:large, max-video-preview:-1\" \/>\n<link rel=\"canonical\" href=\"https:\/\/acuariosupremus.com\/?product=aqua-vitro-purfiltrum-450-ml\" \/>\n<meta property=\"og:locale\" content=\"es_MX\" \/>\n<meta property=\"og:type\" content=\"article\" \/>\n<meta property=\"og:title\" content=\"Aqua Vitro purfiltrum 450 ml | Acuario Supremus\" \/>\n<meta property=\"og:description\" content=\"purfiltrum\u2122material filtrante qu\u00edmico para acuarios de agua dulce y salada basado en un pol\u00edmero sint\u00e9tico macroporoso \u00fanico.\" \/>\n<meta property=\"og:url\" content=\"https:\/\/acuariosupremus.com\/?product=aqua-vitro-purfiltrum-450-ml\" \/>\n<meta property=\"og:site_name\" content=\"Acuario Supremus\" \/>\n<meta property=\"article:publisher\" content=\"https:\/\/www.facebook.com\/AcuarioSupremus\" \/>\n<meta property=\"article:modified_time\" content=\"2025-12-21T01:36:30+00:00\" \/>\n<meta property=\"og:image\" content=\"https:\/\/acuariosupremus.com\/wp-content\/uploads\/2022\/04\/aquavitro_purfiltrum_03.jpg\" \/>\n\t<meta property=\"og:image:width\" content=\"1250\" \/>\n\t<meta property=\"og:image:height\" content=\"1250\" \/>\n\t<meta property=\"og:image:type\" content=\"image\/jpeg\" \/>\n<meta name=\"twitter:card\" content=\"summary_large_image\" \/>\n<meta name=\"twitter:site\" content=\"@AcuarioSupremus\" \/>\n<meta name=\"twitter:label1\" content=\"Tiempo de lectura\" \/>\n\t<meta name=\"twitter:data1\" content=\"1 minuto\" \/>\n<script type=\"application\/ld+json\" class=\"yoast-schema-graph\">{\"@context\":\"https:\\\/\\\/schema.org\",\"@graph\":[{\"@type\":\"WebPage\",\"@id\":\"https:\\\/\\\/acuariosupremus.com\\\/?product=aqua-vitro-purfiltrum-450-ml\",\"url\":\"https:\\\/\\\/acuariosupremus.com\\\/?product=aqua-vitro-purfiltrum-450-ml\",\"name\":\"Aqua Vitro purfiltrum 450 ml | Acuario Supremus\",\"isPartOf\":{\"@id\":\"https:\\\/\\\/acuariosupremus.com\\\/#website\"},\"primaryImageOfPage\":{\"@id\":\"https:\\\/\\\/acuariosupremus.com\\\/?product=aqua-vitro-purfiltrum-450-ml#primaryimage\"},\"image\":{\"@id\":\"https:\\\/\\\/acuariosupremus.com\\\/?product=aqua-vitro-purfiltrum-450-ml#primaryimage\"},\"thumbnailUrl\":\"https:\\\/\\\/acuariosupremus.com\\\/wp-content\\\/uploads\\\/2022\\\/04\\\/aquavitro_purfiltrum_03.jpg\",\"datePublished\":\"2022-04-15T00:10:53+00:00\",\"dateModified\":\"2025-12-21T01:36:30+00:00\",\"description\":\"purfiltrum\u2122material filtrante qu\u00edmico para acuarios de agua dulce y salada basado en un pol\u00edmero sint\u00e9tico macroporoso \u00fanico.\",\"breadcrumb\":{\"@id\":\"https:\\\/\\\/acuariosupremus.com\\\/?product=aqua-vitro-purfiltrum-450-ml#breadcrumb\"},\"inLanguage\":\"es\",\"potentialAction\":[{\"@type\":\"ReadAction\",\"target\":[\"https:\\\/\\\/acuariosupremus.com\\\/?product=aqua-vitro-purfiltrum-450-ml\"]}]},{\"@type\":\"ImageObject\",\"inLanguage\":\"es\",\"@id\":\"https:\\\/\\\/acuariosupremus.com\\\/?product=aqua-vitro-purfiltrum-450-ml#primaryimage\",\"url\":\"https:\\\/\\\/acuariosupremus.com\\\/wp-content\\\/uploads\\\/2022\\\/04\\\/aquavitro_purfiltrum_03.jpg\",\"contentUrl\":\"https:\\\/\\\/acuariosupremus.com\\\/wp-content\\\/uploads\\\/2022\\\/04\\\/aquavitro_purfiltrum_03.jpg\",\"width\":1250,\"height\":1250},{\"@type\":\"BreadcrumbList\",\"@id\":\"https:\\\/\\\/acuariosupremus.com\\\/?product=aqua-vitro-purfiltrum-450-ml#breadcrumb\",\"itemListElement\":[{\"@type\":\"ListItem\",\"position\":1,\"name\":\"Portada\",\"item\":\"https:\\\/\\\/acuariosupremus.com\\\/\"},{\"@type\":\"ListItem\",\"position\":2,\"name\":\"Tienda\",\"item\":\"https:\\\/\\\/acuariosupremus.com\\\/tienda\\\/\"},{\"@type\":\"ListItem\",\"position\":3,\"name\":\"Aqua Vitro purfiltrum 450 ml\"}]},{\"@type\":\"WebSite\",\"@id\":\"https:\\\/\\\/acuariosupremus.com\\\/#website\",\"url\":\"https:\\\/\\\/acuariosupremus.com\\\/\",\"name\":\"Acuario Supremus\",\"description\":\"Peces, Peceras y Mascotas.\",\"publisher\":{\"@id\":\"https:\\\/\\\/acuariosupremus.com\\\/#organization\"},\"potentialAction\":[{\"@type\":\"SearchAction\",\"target\":{\"@type\":\"EntryPoint\",\"urlTemplate\":\"https:\\\/\\\/acuariosupremus.com\\\/?s={search_term_string}\"},\"query-input\":{\"@type\":\"PropertyValueSpecification\",\"valueRequired\":true,\"valueName\":\"search_term_string\"}}],\"inLanguage\":\"es\"},{\"@type\":\"Organization\",\"@id\":\"https:\\\/\\\/acuariosupremus.com\\\/#organization\",\"name\":\"Acuario Supremus\",\"url\":\"https:\\\/\\\/acuariosupremus.com\\\/\",\"logo\":{\"@type\":\"ImageObject\",\"inLanguage\":\"es\",\"@id\":\"https:\\\/\\\/acuariosupremus.com\\\/#\\\/schema\\\/logo\\\/image\\\/\",\"url\":\"https:\\\/\\\/acuariosupremus.com\\\/wp-content\\\/uploads\\\/2021\\\/12\\\/cropped-logo_acuario_supremus_fn-2.png\",\"contentUrl\":\"https:\\\/\\\/acuariosupremus.com\\\/wp-content\\\/uploads\\\/2021\\\/12\\\/cropped-logo_acuario_supremus_fn-2.png\",\"width\":1000,\"height\":318,\"caption\":\"Acuario Supremus\"},\"image\":{\"@id\":\"https:\\\/\\\/acuariosupremus.com\\\/#\\\/schema\\\/logo\\\/image\\\/\"},\"sameAs\":[\"https:\\\/\\\/www.facebook.com\\\/AcuarioSupremus\",\"https:\\\/\\\/x.com\\\/AcuarioSupremus\",\"https:\\\/\\\/www.instagram.com\\\/acuariosupremus\\\/?hl=es\"]}]}<\/script>\n<!-- \/ Yoast SEO plugin. -->","yoast_head_json":{"title":"Aqua Vitro purfiltrum 450 ml | Acuario Supremus","description":"purfiltrum\u2122material filtrante qu\u00edmico para acuarios de agua dulce y salada basado en un pol\u00edmero sint\u00e9tico macroporoso \u00fanico.","robots":{"index":"index","follow":"follow","max-snippet":"max-snippet:-1","max-image-preview":"max-image-preview:large","max-video-preview":"max-video-preview:-1"},"canonical":"https:\/\/acuariosupremus.com\/?product=aqua-vitro-purfiltrum-450-ml","og_locale":"es_MX","og_type":"article","og_title":"Aqua Vitro purfiltrum 450 ml | Acuario Supremus","og_description":"purfiltrum\u2122material filtrante qu\u00edmico para acuarios de agua dulce y salada basado en un pol\u00edmero sint\u00e9tico macroporoso \u00fanico.","og_url":"https:\/\/acuariosupremus.com\/?product=aqua-vitro-purfiltrum-450-ml","og_site_name":"Acuario Supremus","article_publisher":"https:\/\/www.facebook.com\/AcuarioSupremus","article_modified_time":"2025-12-21T01:36:30+00:00","og_image":[{"width":1250,"height":1250,"url":"https:\/\/acuariosupremus.com\/wp-content\/uploads\/2022\/04\/aquavitro_purfiltrum_03.jpg","type":"image\/jpeg"}],"twitter_card":"summary_large_image","twitter_site":"@AcuarioSupremus","twitter_misc":{"Tiempo de lectura":"1 minuto"},"schema":{"@context":"https:\/\/schema.org","@graph":[{"@type":"WebPage","@id":"https:\/\/acuariosupremus.com\/?product=aqua-vitro-purfiltrum-450-ml","url":"https:\/\/acuariosupremus.com\/?product=aqua-vitro-purfiltrum-450-ml","name":"Aqua Vitro purfiltrum 450 ml | Acuario Supremus","isPartOf":{"@id":"https:\/\/acuariosupremus.com\/#website"},"primaryImageOfPage":{"@id":"https:\/\/acuariosupremus.com\/?product=aqua-vitro-purfiltrum-450-ml#primaryimage"},"image":{"@id":"https:\/\/acuariosupremus.com\/?product=aqua-vitro-purfiltrum-450-ml#primaryimage"},"thumbnailUrl":"https:\/\/acuariosupremus.com\/wp-content\/uploads\/2022\/04\/aquavitro_purfiltrum_03.jpg","datePublished":"2022-04-15T00:10:53+00:00","dateModified":"2025-12-21T01:36:30+00:00","description":"purfiltrum\u2122material filtrante qu\u00edmico para acuarios de agua dulce y salada basado en un pol\u00edmero sint\u00e9tico macroporoso \u00fanico.","breadcrumb":{"@id":"https:\/\/acuariosupremus.com\/?product=aqua-vitro-purfiltrum-450-ml#breadcrumb"},"inLanguage":"es","potentialAction":[{"@type":"ReadAction","target":["https:\/\/acuariosupremus.com\/?product=aqua-vitro-purfiltrum-450-ml"]}]},{"@type":"ImageObject","inLanguage":"es","@id":"https:\/\/acuariosupremus.com\/?product=aqua-vitro-purfiltrum-450-ml#primaryimage","url":"https:\/\/acuariosupremus.com\/wp-content\/uploads\/2022\/04\/aquavitro_purfiltrum_03.jpg","contentUrl":"https:\/\/acuariosupremus.com\/wp-content\/uploads\/2022\/04\/aquavitro_purfiltrum_03.jpg","width":1250,"height":1250},{"@type":"BreadcrumbList","@id":"https:\/\/acuariosupremus.com\/?product=aqua-vitro-purfiltrum-450-ml#breadcrumb","itemListElement":[{"@type":"ListItem","position":1,"name":"Portada","item":"https:\/\/acuariosupremus.com\/"},{"@type":"ListItem","position":2,"name":"Tienda","item":"https:\/\/acuariosupremus.com\/tienda\/"},{"@type":"ListItem","position":3,"name":"Aqua Vitro purfiltrum 450 ml"}]},{"@type":"WebSite","@id":"https:\/\/acuariosupremus.com\/#website","url":"https:\/\/acuariosupremus.com\/","name":"Acuario Supremus","description":"Peces, Peceras y Mascotas.","publisher":{"@id":"https:\/\/acuariosupremus.com\/#organization"},"potentialAction":[{"@type":"SearchAction","target":{"@type":"EntryPoint","urlTemplate":"https:\/\/acuariosupremus.com\/?s={search_term_string}"},"query-input":{"@type":"PropertyValueSpecification","valueRequired":true,"valueName":"search_term_string"}}],"inLanguage":"es"},{"@type":"Organization","@id":"https:\/\/acuariosupremus.com\/#organization","name":"Acuario Supremus","url":"https:\/\/acuariosupremus.com\/","logo":{"@type":"ImageObject","inLanguage":"es","@id":"https:\/\/acuariosupremus.com\/#\/schema\/logo\/image\/","url":"https:\/\/acuariosupremus.com\/wp-content\/uploads\/2021\/12\/cropped-logo_acuario_supremus_fn-2.png","contentUrl":"https:\/\/acuariosupremus.com\/wp-content\/uploads\/2021\/12\/cropped-logo_acuario_supremus_fn-2.png","width":1000,"height":318,"caption":"Acuario Supremus"},"image":{"@id":"https:\/\/acuariosupremus.com\/#\/schema\/logo\/image\/"},"sameAs":["https:\/\/www.facebook.com\/AcuarioSupremus","https:\/\/x.com\/AcuarioSupremus","https:\/\/www.instagram.com\/acuariosupremus\/?hl=es"]}]}},"jetpack_sharing_enabled":true,"_links":{"self":[{"href":"https:\/\/acuariosupremus.com\/index.php?rest_route=\/wp\/v2\/product\/6832","targetHints":{"allow":["GET"]}}],"collection":[{"href":"https:\/\/acuariosupremus.com\/index.php?rest_route=\/wp\/v2\/product"}],"about":[{"href":"https:\/\/acuariosupremus.com\/index.php?rest_route=\/wp\/v2\/types\/product"}],"wp:featuredmedia":[{"embeddable":true,"href":"https:\/\/acuariosupremus.com\/index.php?rest_route=\/wp\/v2\/media\/6833"}],"wp:attachment":[{"href":"https:\/\/acuariosupremus.com\/index.php?rest_route=%2Fwp%2Fv2%2Fmedia&parent=6832"}],"wp:term":[{"taxonomy":"product_brand","embeddable":true,"href":"https:\/\/acuariosupremus.com\/index.php?rest_route=%2Fwp%2Fv2%2Fproduct_brand&post=6832"},{"taxonomy":"product_cat","embeddable":true,"href":"https:\/\/acuariosupremus.com\/index.php?rest_route=%2Fwp%2Fv2%2Fproduct_cat&post=6832"},{"taxonomy":"product_tag","embeddable":true,"href":"https:\/\/acuariosupremus.com\/index.php?rest_route=%2Fwp%2Fv2%2Fproduct_tag&post=6832"}],"curies":[{"name":"wp","href":"https:\/\/api.w.org\/{rel}","templated":true}]}}