{"id":6860,"date":"2022-04-14T20:03:55","date_gmt":"2022-04-15T01:03:55","guid":{"rendered":"https:\/\/acuariosupremus.com\/?post_type=product&#038;p=6860"},"modified":"2025-12-20T19:43:26","modified_gmt":"2025-12-21T01:43:26","slug":"activate-fosforo-350-ml","status":"publish","type":"product","link":"https:\/\/acuariosupremus.com\/?product=activate-fosforo-350-ml","title":{"rendered":"Activate (F\u00f3sforo) 350 ml."},"content":{"rendered":"<p>El f\u00f3sforo activa reacciones qu\u00edmicas vitales dentro de las plantas y est\u00e1 presente en el ATP, NADP, en los \u00e1cidos nucleicos y en los fosfol\u00edpidos de la membrana celular. El f\u00f3sforo es m\u00f3vil en las plantas. Esto quiere decir que pueden desviar estos nutrientes desde las hojas m\u00e1s viejas hacia las hojas m\u00e1s nuevas. Por esto los s\u00edntomas de deficiencia por f\u00f3sforo aparecen primero en las hojas m\u00e1s viejas. Los s\u00edntomas de deficiencia incluyen hojas oscuras, son brillo, o descoloridas. activate\u2122 es una fuente concentrada de f\u00f3sforo (6,000 mg\/l P). Si es usado seg\u00fan las indicaciones, activate\u2122 acelerar\u00e1 el crecimiento de las plantas acu\u00e1ticas sin aumentar el crecimiento de algas. Para obtener un beneficio m\u00e1ximo, comb\u00ednelo con s\u00edntesis\u2122.<br \/>\nactivate\u2122 est\u00e1 formulado con sales de potasio y diversos fosfatos, por consiguiente aporta a las plantas una fuente de potasio. Contiene 8,800 mg\/l de potasio. Use la capacidad del tap\u00f3n interior (7 ml) por cada (950 litros de agua dos veces por semana o la cantidad y frecuencia necesarias para mantener la tasa de fosfatos suficiente. Como referencia, esta dosis incrementa el fosfato en 0.15 mg\/l, y el potasio en 0.06 mg\/l. Cuando es usado en combinaci\u00f3n con el suplemento de nitr\u00f3geno aquavitro\u2122, synthesis\u2122, se aplica la misma dosificaci\u00f3n (7 ml\/250 litros). De este modo, ambos productos proveer\u00e1n nitr\u00f3geno y fosforo en el ratio que las plantas lo requieren para su asimilaci\u00f3n (Proporci\u00f3n 5:1 Nitr\u00f3geno: F\u00f3sforo).<br \/>\nPara aplicar dosis menores, utilice la pipeta incluida dentro del envase. Si se llena hasta la base del bulbo, esta pipeta contiene 1 ml. Nota: Cada hilo del tap\u00f3n interior contiene aproximadamente 2 ml. y un tap\u00f3n lleno contiene 49 ml.<br \/>\n\u00danicamente para uso en acuarios. Mant\u00e9ngase fuera del alcance de los ni\u00f1os.<\/p>\n<p>capacidad <strong>350 ml.<\/strong><br \/>\nTama\u00f1o mm.<br \/>\n53 x 53 x 196 (l x a x h)<br \/>\nPeso<br \/>\n410 (g.)<\/p>\n","protected":false},"excerpt":{"rendered":"<p>activate\u2122 es una fuente concentrada de f\u00f3sforo (6,000 mg\/l P). Si es usado seg\u00fan las indicaciones, activate\u2122 acelerar\u00e1 el crecimiento de las plantas acu\u00e1ticas sin aumentar el crecimiento de algas. Para obtener un beneficio m\u00e1ximo, comb\u00ednelo con s\u00edntesis\u2122.<\/p>\n","protected":false},"featured_media":14622,"template":"","meta":[],"product_brand":[125],"product_cat":[40,56],"product_tag":[696,553],"class_list":{"0":"post-6860","1":"product","2":"type-product","3":"status-publish","4":"has-post-thumbnail","6":"product_brand-aquavitro","7":"product_cat-peces","8":"product_cat-plantas-naturales","9":"product_tag-activate","10":"product_tag-suplemento-fosforo-plantas-acuaticas","12":"first","13":"instock","14":"sale","15":"shipping-taxable","16":"purchasable","17":"product-type-simple"},"yoast_head":"<!-- This site is optimized with the Yoast SEO plugin v27.4 - https:\/\/yoast.com\/product\/yoast-seo-wordpress\/ -->\n<title>Activate (F\u00f3sforo) 350 ml. | Acuario Supremus<\/title>\n<meta name=\"description\" content=\"activate\u2122 es una fuente concentrada de f\u00f3sforo, activate\u2122 acelerar\u00e1 el crecimiento de las plantas acu\u00e1ticas sin aumentar el crecimiento de algas.\" \/>\n<meta name=\"robots\" content=\"index, follow, max-snippet:-1, max-image-preview:large, max-video-preview:-1\" \/>\n<link rel=\"canonical\" href=\"https:\/\/acuariosupremus.com\/?product=activate-fosforo-350-ml\" \/>\n<meta property=\"og:locale\" content=\"es_MX\" \/>\n<meta property=\"og:type\" content=\"article\" \/>\n<meta property=\"og:title\" content=\"Activate (F\u00f3sforo) 350 ml. | Acuario Supremus\" \/>\n<meta property=\"og:description\" content=\"activate\u2122 es una fuente concentrada de f\u00f3sforo, activate\u2122 acelerar\u00e1 el crecimiento de las plantas acu\u00e1ticas sin aumentar el crecimiento de algas.\" \/>\n<meta property=\"og:url\" content=\"https:\/\/acuariosupremus.com\/?product=activate-fosforo-350-ml\" \/>\n<meta property=\"og:site_name\" content=\"Acuario Supremus\" \/>\n<meta property=\"article:publisher\" content=\"https:\/\/www.facebook.com\/AcuarioSupremus\" \/>\n<meta property=\"article:modified_time\" content=\"2025-12-21T01:43:26+00:00\" \/>\n<meta property=\"og:image\" content=\"https:\/\/acuariosupremus.com\/wp-content\/uploads\/2022\/04\/aquavitro-activate_350ml_01.jpg\" \/>\n\t<meta property=\"og:image:width\" content=\"1250\" \/>\n\t<meta property=\"og:image:height\" content=\"1250\" \/>\n\t<meta property=\"og:image:type\" content=\"image\/jpeg\" \/>\n<meta name=\"twitter:card\" content=\"summary_large_image\" \/>\n<meta name=\"twitter:site\" content=\"@AcuarioSupremus\" \/>\n<meta name=\"twitter:label1\" content=\"Tiempo de lectura\" \/>\n\t<meta name=\"twitter:data1\" content=\"2 minutos\" \/>\n<script type=\"application\/ld+json\" class=\"yoast-schema-graph\">{\"@context\":\"https:\\\/\\\/schema.org\",\"@graph\":[{\"@type\":\"WebPage\",\"@id\":\"https:\\\/\\\/acuariosupremus.com\\\/?product=activate-fosforo-350-ml\",\"url\":\"https:\\\/\\\/acuariosupremus.com\\\/?product=activate-fosforo-350-ml\",\"name\":\"Activate (F\u00f3sforo) 350 ml. | Acuario Supremus\",\"isPartOf\":{\"@id\":\"https:\\\/\\\/acuariosupremus.com\\\/#website\"},\"primaryImageOfPage\":{\"@id\":\"https:\\\/\\\/acuariosupremus.com\\\/?product=activate-fosforo-350-ml#primaryimage\"},\"image\":{\"@id\":\"https:\\\/\\\/acuariosupremus.com\\\/?product=activate-fosforo-350-ml#primaryimage\"},\"thumbnailUrl\":\"https:\\\/\\\/acuariosupremus.com\\\/wp-content\\\/uploads\\\/2022\\\/04\\\/aquavitro-activate_350ml_01.jpg\",\"datePublished\":\"2022-04-15T01:03:55+00:00\",\"dateModified\":\"2025-12-21T01:43:26+00:00\",\"description\":\"activate\u2122 es una fuente concentrada de f\u00f3sforo, activate\u2122 acelerar\u00e1 el crecimiento de las plantas acu\u00e1ticas sin aumentar el crecimiento de algas.\",\"breadcrumb\":{\"@id\":\"https:\\\/\\\/acuariosupremus.com\\\/?product=activate-fosforo-350-ml#breadcrumb\"},\"inLanguage\":\"es\",\"potentialAction\":[{\"@type\":\"ReadAction\",\"target\":[\"https:\\\/\\\/acuariosupremus.com\\\/?product=activate-fosforo-350-ml\"]}]},{\"@type\":\"ImageObject\",\"inLanguage\":\"es\",\"@id\":\"https:\\\/\\\/acuariosupremus.com\\\/?product=activate-fosforo-350-ml#primaryimage\",\"url\":\"https:\\\/\\\/acuariosupremus.com\\\/wp-content\\\/uploads\\\/2022\\\/04\\\/aquavitro-activate_350ml_01.jpg\",\"contentUrl\":\"https:\\\/\\\/acuariosupremus.com\\\/wp-content\\\/uploads\\\/2022\\\/04\\\/aquavitro-activate_350ml_01.jpg\",\"width\":1250,\"height\":1250},{\"@type\":\"BreadcrumbList\",\"@id\":\"https:\\\/\\\/acuariosupremus.com\\\/?product=activate-fosforo-350-ml#breadcrumb\",\"itemListElement\":[{\"@type\":\"ListItem\",\"position\":1,\"name\":\"Portada\",\"item\":\"https:\\\/\\\/acuariosupremus.com\\\/\"},{\"@type\":\"ListItem\",\"position\":2,\"name\":\"Tienda\",\"item\":\"https:\\\/\\\/acuariosupremus.com\\\/tienda\\\/\"},{\"@type\":\"ListItem\",\"position\":3,\"name\":\"Activate (F\u00f3sforo) 350 ml.\"}]},{\"@type\":\"WebSite\",\"@id\":\"https:\\\/\\\/acuariosupremus.com\\\/#website\",\"url\":\"https:\\\/\\\/acuariosupremus.com\\\/\",\"name\":\"Acuario Supremus\",\"description\":\"Peces, Peceras y Mascotas.\",\"publisher\":{\"@id\":\"https:\\\/\\\/acuariosupremus.com\\\/#organization\"},\"potentialAction\":[{\"@type\":\"SearchAction\",\"target\":{\"@type\":\"EntryPoint\",\"urlTemplate\":\"https:\\\/\\\/acuariosupremus.com\\\/?s={search_term_string}\"},\"query-input\":{\"@type\":\"PropertyValueSpecification\",\"valueRequired\":true,\"valueName\":\"search_term_string\"}}],\"inLanguage\":\"es\"},{\"@type\":\"Organization\",\"@id\":\"https:\\\/\\\/acuariosupremus.com\\\/#organization\",\"name\":\"Acuario Supremus\",\"url\":\"https:\\\/\\\/acuariosupremus.com\\\/\",\"logo\":{\"@type\":\"ImageObject\",\"inLanguage\":\"es\",\"@id\":\"https:\\\/\\\/acuariosupremus.com\\\/#\\\/schema\\\/logo\\\/image\\\/\",\"url\":\"https:\\\/\\\/acuariosupremus.com\\\/wp-content\\\/uploads\\\/2021\\\/12\\\/cropped-logo_acuario_supremus_fn-2.png\",\"contentUrl\":\"https:\\\/\\\/acuariosupremus.com\\\/wp-content\\\/uploads\\\/2021\\\/12\\\/cropped-logo_acuario_supremus_fn-2.png\",\"width\":1000,\"height\":318,\"caption\":\"Acuario Supremus\"},\"image\":{\"@id\":\"https:\\\/\\\/acuariosupremus.com\\\/#\\\/schema\\\/logo\\\/image\\\/\"},\"sameAs\":[\"https:\\\/\\\/www.facebook.com\\\/AcuarioSupremus\",\"https:\\\/\\\/x.com\\\/AcuarioSupremus\",\"https:\\\/\\\/www.instagram.com\\\/acuariosupremus\\\/?hl=es\"]}]}<\/script>\n<!-- \/ Yoast SEO plugin. -->","yoast_head_json":{"title":"Activate (F\u00f3sforo) 350 ml. | Acuario Supremus","description":"activate\u2122 es una fuente concentrada de f\u00f3sforo, activate\u2122 acelerar\u00e1 el crecimiento de las plantas acu\u00e1ticas sin aumentar el crecimiento de algas.","robots":{"index":"index","follow":"follow","max-snippet":"max-snippet:-1","max-image-preview":"max-image-preview:large","max-video-preview":"max-video-preview:-1"},"canonical":"https:\/\/acuariosupremus.com\/?product=activate-fosforo-350-ml","og_locale":"es_MX","og_type":"article","og_title":"Activate (F\u00f3sforo) 350 ml. | Acuario Supremus","og_description":"activate\u2122 es una fuente concentrada de f\u00f3sforo, activate\u2122 acelerar\u00e1 el crecimiento de las plantas acu\u00e1ticas sin aumentar el crecimiento de algas.","og_url":"https:\/\/acuariosupremus.com\/?product=activate-fosforo-350-ml","og_site_name":"Acuario Supremus","article_publisher":"https:\/\/www.facebook.com\/AcuarioSupremus","article_modified_time":"2025-12-21T01:43:26+00:00","og_image":[{"width":1250,"height":1250,"url":"https:\/\/acuariosupremus.com\/wp-content\/uploads\/2022\/04\/aquavitro-activate_350ml_01.jpg","type":"image\/jpeg"}],"twitter_card":"summary_large_image","twitter_site":"@AcuarioSupremus","twitter_misc":{"Tiempo de lectura":"2 minutos"},"schema":{"@context":"https:\/\/schema.org","@graph":[{"@type":"WebPage","@id":"https:\/\/acuariosupremus.com\/?product=activate-fosforo-350-ml","url":"https:\/\/acuariosupremus.com\/?product=activate-fosforo-350-ml","name":"Activate (F\u00f3sforo) 350 ml. | Acuario Supremus","isPartOf":{"@id":"https:\/\/acuariosupremus.com\/#website"},"primaryImageOfPage":{"@id":"https:\/\/acuariosupremus.com\/?product=activate-fosforo-350-ml#primaryimage"},"image":{"@id":"https:\/\/acuariosupremus.com\/?product=activate-fosforo-350-ml#primaryimage"},"thumbnailUrl":"https:\/\/acuariosupremus.com\/wp-content\/uploads\/2022\/04\/aquavitro-activate_350ml_01.jpg","datePublished":"2022-04-15T01:03:55+00:00","dateModified":"2025-12-21T01:43:26+00:00","description":"activate\u2122 es una fuente concentrada de f\u00f3sforo, activate\u2122 acelerar\u00e1 el crecimiento de las plantas acu\u00e1ticas sin aumentar el crecimiento de algas.","breadcrumb":{"@id":"https:\/\/acuariosupremus.com\/?product=activate-fosforo-350-ml#breadcrumb"},"inLanguage":"es","potentialAction":[{"@type":"ReadAction","target":["https:\/\/acuariosupremus.com\/?product=activate-fosforo-350-ml"]}]},{"@type":"ImageObject","inLanguage":"es","@id":"https:\/\/acuariosupremus.com\/?product=activate-fosforo-350-ml#primaryimage","url":"https:\/\/acuariosupremus.com\/wp-content\/uploads\/2022\/04\/aquavitro-activate_350ml_01.jpg","contentUrl":"https:\/\/acuariosupremus.com\/wp-content\/uploads\/2022\/04\/aquavitro-activate_350ml_01.jpg","width":1250,"height":1250},{"@type":"BreadcrumbList","@id":"https:\/\/acuariosupremus.com\/?product=activate-fosforo-350-ml#breadcrumb","itemListElement":[{"@type":"ListItem","position":1,"name":"Portada","item":"https:\/\/acuariosupremus.com\/"},{"@type":"ListItem","position":2,"name":"Tienda","item":"https:\/\/acuariosupremus.com\/tienda\/"},{"@type":"ListItem","position":3,"name":"Activate (F\u00f3sforo) 350 ml."}]},{"@type":"WebSite","@id":"https:\/\/acuariosupremus.com\/#website","url":"https:\/\/acuariosupremus.com\/","name":"Acuario Supremus","description":"Peces, Peceras y Mascotas.","publisher":{"@id":"https:\/\/acuariosupremus.com\/#organization"},"potentialAction":[{"@type":"SearchAction","target":{"@type":"EntryPoint","urlTemplate":"https:\/\/acuariosupremus.com\/?s={search_term_string}"},"query-input":{"@type":"PropertyValueSpecification","valueRequired":true,"valueName":"search_term_string"}}],"inLanguage":"es"},{"@type":"Organization","@id":"https:\/\/acuariosupremus.com\/#organization","name":"Acuario Supremus","url":"https:\/\/acuariosupremus.com\/","logo":{"@type":"ImageObject","inLanguage":"es","@id":"https:\/\/acuariosupremus.com\/#\/schema\/logo\/image\/","url":"https:\/\/acuariosupremus.com\/wp-content\/uploads\/2021\/12\/cropped-logo_acuario_supremus_fn-2.png","contentUrl":"https:\/\/acuariosupremus.com\/wp-content\/uploads\/2021\/12\/cropped-logo_acuario_supremus_fn-2.png","width":1000,"height":318,"caption":"Acuario Supremus"},"image":{"@id":"https:\/\/acuariosupremus.com\/#\/schema\/logo\/image\/"},"sameAs":["https:\/\/www.facebook.com\/AcuarioSupremus","https:\/\/x.com\/AcuarioSupremus","https:\/\/www.instagram.com\/acuariosupremus\/?hl=es"]}]}},"jetpack_sharing_enabled":true,"_links":{"self":[{"href":"https:\/\/acuariosupremus.com\/index.php?rest_route=\/wp\/v2\/product\/6860","targetHints":{"allow":["GET"]}}],"collection":[{"href":"https:\/\/acuariosupremus.com\/index.php?rest_route=\/wp\/v2\/product"}],"about":[{"href":"https:\/\/acuariosupremus.com\/index.php?rest_route=\/wp\/v2\/types\/product"}],"wp:featuredmedia":[{"embeddable":true,"href":"https:\/\/acuariosupremus.com\/index.php?rest_route=\/wp\/v2\/media\/14622"}],"wp:attachment":[{"href":"https:\/\/acuariosupremus.com\/index.php?rest_route=%2Fwp%2Fv2%2Fmedia&parent=6860"}],"wp:term":[{"taxonomy":"product_brand","embeddable":true,"href":"https:\/\/acuariosupremus.com\/index.php?rest_route=%2Fwp%2Fv2%2Fproduct_brand&post=6860"},{"taxonomy":"product_cat","embeddable":true,"href":"https:\/\/acuariosupremus.com\/index.php?rest_route=%2Fwp%2Fv2%2Fproduct_cat&post=6860"},{"taxonomy":"product_tag","embeddable":true,"href":"https:\/\/acuariosupremus.com\/index.php?rest_route=%2Fwp%2Fv2%2Fproduct_tag&post=6860"}],"curies":[{"name":"wp","href":"https:\/\/api.w.org\/{rel}","templated":true}]}}