{"id":7127,"date":"2022-04-19T20:29:37","date_gmt":"2022-04-20T01:29:37","guid":{"rendered":"https:\/\/acuariosupremus.com\/?post_type=product&#038;p=7127"},"modified":"2025-12-23T16:00:37","modified_gmt":"2025-12-23T22:00:37","slug":"max-shrimp-meal-alimento-crecimoento-de-gambitas-60-ml-10g","status":"publish","type":"product","link":"https:\/\/acuariosupremus.com\/?product=max-shrimp-meal-alimento-crecimoento-de-gambitas-60-ml-10g","title":{"rendered":"Max Shrimp Meal (Alimento crecimiento de gambitas) 60 ml \/ 10g."},"content":{"rendered":"<p>Los camarones del g\u00e9nero Caridina se han hecho muy populares en los acuarios de todo el mundo estos los \u00faltimos a\u00f1os, apareciendo constantemente nuevas especies y variedades. Sin embargo, la mayor\u00eda de ellas no son aptas para principiantes, ya que requieren una calidad del agua muy alta y una alimentaci\u00f3n espec\u00edfica. Son especies relativamente lentas y de comportamiento bent\u00f3nico, con lo cual comen \u00fanicamente alimentos depositados en el fondo o en la superficie de las pantas y decoraci\u00f3n. Por otro lado el diminuto mecanismo triturador de su boca obliga a estas estas especies a permanecer mucho tiempo aliment\u00e1ndose. Todas estas circunstancias hacen necesario el suministro regular de un alimento que cumpla con unos requisitos muy bien definidos: debe hundirse r\u00e1pidamente para que otros peces no lo consuman, debe permitir alimentar a varios ejemplares al mismo tiempo, no debe contaminar el acuario y tiene que permanecer varios minutos en el agua sin desmoronarse. Azoo Max Shrimp Meal adem\u00e1s de cumplir con estos requisitos provee de todos los nutrientes necesarios para un correcto desarrollo y coloraci\u00f3n.<br \/>\nINGREDIENTES SELECCIONADOS:<br \/>\nHarina de pescado, harina de camar\u00f3n, espirulina, lecitina, levadura de cerveza, polvo de cebada, avena en polvo, harina de trigo sarraceno, Col\u00e1geno, enzimas, quitosano, vitaminas y minerales.<\/p>\n<p>P\/V Neto: <strong>60 ml \/ 10 g.<\/strong><br \/>\nTama\u00f1o mm.<br \/>\n60 x 37 x 123 (l x a x h)<br \/>\nPeso total: 35 (g)<\/p>\n","protected":false},"excerpt":{"rendered":"<p>Azoo Max Shrimp Meal es un alimento espec\u00edfico que fomenta un crecimiento saludable en los camarones de agua dulce del g\u00e9nero Caridina, aunque es tambi\u00e9n muy \u00fatil para otras especies de crust\u00e1ceos de acuario. Este alimento balanceado se presenta en un formato de l\u00e1minas alargadas de hundimiento r\u00e1pido que permiten alimentar simult\u00e1neamente a varios espec\u00edmenes con una sola pieza. Esto aumenta las posibilidades de alimentar a todos los ejemplares en menos tiempo y disminuir de este modo la contaminaci\u00f3n del acuario. Adem\u00e1s este alimento no se desmorona con facilidad y no produce enturbiamiento en el agua.<\/p>\n<p>&nbsp;<\/p>\n","protected":false},"featured_media":7129,"template":"","meta":[],"product_brand":[118],"product_cat":[40,43],"product_tag":[576,575],"class_list":{"0":"post-7127","1":"product","2":"type-product","3":"status-publish","4":"has-post-thumbnail","6":"product_brand-azoo","7":"product_cat-peces","8":"product_cat-alimentos","9":"product_tag-alimento-gambas","10":"product_tag-gambas","12":"first","13":"instock","14":"sale","15":"shipping-taxable","16":"purchasable","17":"product-type-simple"},"yoast_head":"<!-- This site is optimized with the Yoast SEO plugin v27.4 - https:\/\/yoast.com\/product\/yoast-seo-wordpress\/ -->\n<title>Max Shrimp Meal (Alimento crecimiento de gambitas) 60 ml \/ 10g. | Acuario Supremus<\/title>\n<meta name=\"description\" content=\"Fomenta un crecimiento saludable en los camarones de agua dulce del g\u00e9nero Caridina, tambi\u00e9n muy \u00fatil para otras especies de crust\u00e1ceos de acuario.\" \/>\n<meta name=\"robots\" content=\"index, follow, max-snippet:-1, max-image-preview:large, max-video-preview:-1\" \/>\n<link rel=\"canonical\" href=\"https:\/\/acuariosupremus.com\/?product=max-shrimp-meal-alimento-crecimoento-de-gambitas-60-ml-10g\" \/>\n<meta property=\"og:locale\" content=\"es_MX\" \/>\n<meta property=\"og:type\" content=\"article\" \/>\n<meta property=\"og:title\" content=\"Max Shrimp Meal (Alimento crecimiento de gambitas) 60 ml \/ 10g. | Acuario Supremus\" \/>\n<meta property=\"og:description\" content=\"Fomenta un crecimiento saludable en los camarones de agua dulce del g\u00e9nero Caridina, tambi\u00e9n muy \u00fatil para otras especies de crust\u00e1ceos de acuario.\" \/>\n<meta property=\"og:url\" content=\"https:\/\/acuariosupremus.com\/?product=max-shrimp-meal-alimento-crecimoento-de-gambitas-60-ml-10g\" \/>\n<meta property=\"og:site_name\" content=\"Acuario Supremus\" \/>\n<meta property=\"article:publisher\" content=\"https:\/\/www.facebook.com\/AcuarioSupremus\" \/>\n<meta property=\"article:modified_time\" content=\"2025-12-23T22:00:37+00:00\" \/>\n<meta property=\"og:image\" content=\"https:\/\/acuariosupremus.com\/wp-content\/uploads\/2022\/04\/azoo_maxi_shrimp_meal_01.jpg\" \/>\n\t<meta property=\"og:image:width\" content=\"1250\" \/>\n\t<meta property=\"og:image:height\" content=\"1250\" \/>\n\t<meta property=\"og:image:type\" content=\"image\/jpeg\" \/>\n<meta name=\"twitter:card\" content=\"summary_large_image\" \/>\n<meta name=\"twitter:site\" content=\"@AcuarioSupremus\" \/>\n<meta name=\"twitter:label1\" content=\"Tiempo de lectura\" \/>\n\t<meta name=\"twitter:data1\" content=\"2 minutos\" \/>\n<script type=\"application\/ld+json\" class=\"yoast-schema-graph\">{\"@context\":\"https:\\\/\\\/schema.org\",\"@graph\":[{\"@type\":\"WebPage\",\"@id\":\"https:\\\/\\\/acuariosupremus.com\\\/?product=max-shrimp-meal-alimento-crecimoento-de-gambitas-60-ml-10g\",\"url\":\"https:\\\/\\\/acuariosupremus.com\\\/?product=max-shrimp-meal-alimento-crecimoento-de-gambitas-60-ml-10g\",\"name\":\"Max Shrimp Meal (Alimento crecimiento de gambitas) 60 ml \\\/ 10g. | Acuario Supremus\",\"isPartOf\":{\"@id\":\"https:\\\/\\\/acuariosupremus.com\\\/#website\"},\"primaryImageOfPage\":{\"@id\":\"https:\\\/\\\/acuariosupremus.com\\\/?product=max-shrimp-meal-alimento-crecimoento-de-gambitas-60-ml-10g#primaryimage\"},\"image\":{\"@id\":\"https:\\\/\\\/acuariosupremus.com\\\/?product=max-shrimp-meal-alimento-crecimoento-de-gambitas-60-ml-10g#primaryimage\"},\"thumbnailUrl\":\"https:\\\/\\\/acuariosupremus.com\\\/wp-content\\\/uploads\\\/2022\\\/04\\\/azoo_maxi_shrimp_meal_01.jpg\",\"datePublished\":\"2022-04-20T01:29:37+00:00\",\"dateModified\":\"2025-12-23T22:00:37+00:00\",\"description\":\"Fomenta un crecimiento saludable en los camarones de agua dulce del g\u00e9nero Caridina, tambi\u00e9n muy \u00fatil para otras especies de crust\u00e1ceos de acuario.\",\"breadcrumb\":{\"@id\":\"https:\\\/\\\/acuariosupremus.com\\\/?product=max-shrimp-meal-alimento-crecimoento-de-gambitas-60-ml-10g#breadcrumb\"},\"inLanguage\":\"es\",\"potentialAction\":[{\"@type\":\"ReadAction\",\"target\":[\"https:\\\/\\\/acuariosupremus.com\\\/?product=max-shrimp-meal-alimento-crecimoento-de-gambitas-60-ml-10g\"]}]},{\"@type\":\"ImageObject\",\"inLanguage\":\"es\",\"@id\":\"https:\\\/\\\/acuariosupremus.com\\\/?product=max-shrimp-meal-alimento-crecimoento-de-gambitas-60-ml-10g#primaryimage\",\"url\":\"https:\\\/\\\/acuariosupremus.com\\\/wp-content\\\/uploads\\\/2022\\\/04\\\/azoo_maxi_shrimp_meal_01.jpg\",\"contentUrl\":\"https:\\\/\\\/acuariosupremus.com\\\/wp-content\\\/uploads\\\/2022\\\/04\\\/azoo_maxi_shrimp_meal_01.jpg\",\"width\":1250,\"height\":1250},{\"@type\":\"BreadcrumbList\",\"@id\":\"https:\\\/\\\/acuariosupremus.com\\\/?product=max-shrimp-meal-alimento-crecimoento-de-gambitas-60-ml-10g#breadcrumb\",\"itemListElement\":[{\"@type\":\"ListItem\",\"position\":1,\"name\":\"Portada\",\"item\":\"https:\\\/\\\/acuariosupremus.com\\\/\"},{\"@type\":\"ListItem\",\"position\":2,\"name\":\"Tienda\",\"item\":\"https:\\\/\\\/acuariosupremus.com\\\/tienda\\\/\"},{\"@type\":\"ListItem\",\"position\":3,\"name\":\"Max Shrimp Meal (Alimento crecimiento de gambitas) 60 ml \\\/ 10g.\"}]},{\"@type\":\"WebSite\",\"@id\":\"https:\\\/\\\/acuariosupremus.com\\\/#website\",\"url\":\"https:\\\/\\\/acuariosupremus.com\\\/\",\"name\":\"Acuario Supremus\",\"description\":\"Peces, Peceras y Mascotas.\",\"publisher\":{\"@id\":\"https:\\\/\\\/acuariosupremus.com\\\/#organization\"},\"potentialAction\":[{\"@type\":\"SearchAction\",\"target\":{\"@type\":\"EntryPoint\",\"urlTemplate\":\"https:\\\/\\\/acuariosupremus.com\\\/?s={search_term_string}\"},\"query-input\":{\"@type\":\"PropertyValueSpecification\",\"valueRequired\":true,\"valueName\":\"search_term_string\"}}],\"inLanguage\":\"es\"},{\"@type\":\"Organization\",\"@id\":\"https:\\\/\\\/acuariosupremus.com\\\/#organization\",\"name\":\"Acuario Supremus\",\"url\":\"https:\\\/\\\/acuariosupremus.com\\\/\",\"logo\":{\"@type\":\"ImageObject\",\"inLanguage\":\"es\",\"@id\":\"https:\\\/\\\/acuariosupremus.com\\\/#\\\/schema\\\/logo\\\/image\\\/\",\"url\":\"https:\\\/\\\/acuariosupremus.com\\\/wp-content\\\/uploads\\\/2021\\\/12\\\/cropped-logo_acuario_supremus_fn-2.png\",\"contentUrl\":\"https:\\\/\\\/acuariosupremus.com\\\/wp-content\\\/uploads\\\/2021\\\/12\\\/cropped-logo_acuario_supremus_fn-2.png\",\"width\":1000,\"height\":318,\"caption\":\"Acuario Supremus\"},\"image\":{\"@id\":\"https:\\\/\\\/acuariosupremus.com\\\/#\\\/schema\\\/logo\\\/image\\\/\"},\"sameAs\":[\"https:\\\/\\\/www.facebook.com\\\/AcuarioSupremus\",\"https:\\\/\\\/x.com\\\/AcuarioSupremus\",\"https:\\\/\\\/www.instagram.com\\\/acuariosupremus\\\/?hl=es\"]}]}<\/script>\n<!-- \/ Yoast SEO plugin. -->","yoast_head_json":{"title":"Max Shrimp Meal (Alimento crecimiento de gambitas) 60 ml \/ 10g. | Acuario Supremus","description":"Fomenta un crecimiento saludable en los camarones de agua dulce del g\u00e9nero Caridina, tambi\u00e9n muy \u00fatil para otras especies de crust\u00e1ceos de acuario.","robots":{"index":"index","follow":"follow","max-snippet":"max-snippet:-1","max-image-preview":"max-image-preview:large","max-video-preview":"max-video-preview:-1"},"canonical":"https:\/\/acuariosupremus.com\/?product=max-shrimp-meal-alimento-crecimoento-de-gambitas-60-ml-10g","og_locale":"es_MX","og_type":"article","og_title":"Max Shrimp Meal (Alimento crecimiento de gambitas) 60 ml \/ 10g. | Acuario Supremus","og_description":"Fomenta un crecimiento saludable en los camarones de agua dulce del g\u00e9nero Caridina, tambi\u00e9n muy \u00fatil para otras especies de crust\u00e1ceos de acuario.","og_url":"https:\/\/acuariosupremus.com\/?product=max-shrimp-meal-alimento-crecimoento-de-gambitas-60-ml-10g","og_site_name":"Acuario Supremus","article_publisher":"https:\/\/www.facebook.com\/AcuarioSupremus","article_modified_time":"2025-12-23T22:00:37+00:00","og_image":[{"width":1250,"height":1250,"url":"https:\/\/acuariosupremus.com\/wp-content\/uploads\/2022\/04\/azoo_maxi_shrimp_meal_01.jpg","type":"image\/jpeg"}],"twitter_card":"summary_large_image","twitter_site":"@AcuarioSupremus","twitter_misc":{"Tiempo de lectura":"2 minutos"},"schema":{"@context":"https:\/\/schema.org","@graph":[{"@type":"WebPage","@id":"https:\/\/acuariosupremus.com\/?product=max-shrimp-meal-alimento-crecimoento-de-gambitas-60-ml-10g","url":"https:\/\/acuariosupremus.com\/?product=max-shrimp-meal-alimento-crecimoento-de-gambitas-60-ml-10g","name":"Max Shrimp Meal (Alimento crecimiento de gambitas) 60 ml \/ 10g. | Acuario Supremus","isPartOf":{"@id":"https:\/\/acuariosupremus.com\/#website"},"primaryImageOfPage":{"@id":"https:\/\/acuariosupremus.com\/?product=max-shrimp-meal-alimento-crecimoento-de-gambitas-60-ml-10g#primaryimage"},"image":{"@id":"https:\/\/acuariosupremus.com\/?product=max-shrimp-meal-alimento-crecimoento-de-gambitas-60-ml-10g#primaryimage"},"thumbnailUrl":"https:\/\/acuariosupremus.com\/wp-content\/uploads\/2022\/04\/azoo_maxi_shrimp_meal_01.jpg","datePublished":"2022-04-20T01:29:37+00:00","dateModified":"2025-12-23T22:00:37+00:00","description":"Fomenta un crecimiento saludable en los camarones de agua dulce del g\u00e9nero Caridina, tambi\u00e9n muy \u00fatil para otras especies de crust\u00e1ceos de acuario.","breadcrumb":{"@id":"https:\/\/acuariosupremus.com\/?product=max-shrimp-meal-alimento-crecimoento-de-gambitas-60-ml-10g#breadcrumb"},"inLanguage":"es","potentialAction":[{"@type":"ReadAction","target":["https:\/\/acuariosupremus.com\/?product=max-shrimp-meal-alimento-crecimoento-de-gambitas-60-ml-10g"]}]},{"@type":"ImageObject","inLanguage":"es","@id":"https:\/\/acuariosupremus.com\/?product=max-shrimp-meal-alimento-crecimoento-de-gambitas-60-ml-10g#primaryimage","url":"https:\/\/acuariosupremus.com\/wp-content\/uploads\/2022\/04\/azoo_maxi_shrimp_meal_01.jpg","contentUrl":"https:\/\/acuariosupremus.com\/wp-content\/uploads\/2022\/04\/azoo_maxi_shrimp_meal_01.jpg","width":1250,"height":1250},{"@type":"BreadcrumbList","@id":"https:\/\/acuariosupremus.com\/?product=max-shrimp-meal-alimento-crecimoento-de-gambitas-60-ml-10g#breadcrumb","itemListElement":[{"@type":"ListItem","position":1,"name":"Portada","item":"https:\/\/acuariosupremus.com\/"},{"@type":"ListItem","position":2,"name":"Tienda","item":"https:\/\/acuariosupremus.com\/tienda\/"},{"@type":"ListItem","position":3,"name":"Max Shrimp Meal (Alimento crecimiento de gambitas) 60 ml \/ 10g."}]},{"@type":"WebSite","@id":"https:\/\/acuariosupremus.com\/#website","url":"https:\/\/acuariosupremus.com\/","name":"Acuario Supremus","description":"Peces, Peceras y Mascotas.","publisher":{"@id":"https:\/\/acuariosupremus.com\/#organization"},"potentialAction":[{"@type":"SearchAction","target":{"@type":"EntryPoint","urlTemplate":"https:\/\/acuariosupremus.com\/?s={search_term_string}"},"query-input":{"@type":"PropertyValueSpecification","valueRequired":true,"valueName":"search_term_string"}}],"inLanguage":"es"},{"@type":"Organization","@id":"https:\/\/acuariosupremus.com\/#organization","name":"Acuario Supremus","url":"https:\/\/acuariosupremus.com\/","logo":{"@type":"ImageObject","inLanguage":"es","@id":"https:\/\/acuariosupremus.com\/#\/schema\/logo\/image\/","url":"https:\/\/acuariosupremus.com\/wp-content\/uploads\/2021\/12\/cropped-logo_acuario_supremus_fn-2.png","contentUrl":"https:\/\/acuariosupremus.com\/wp-content\/uploads\/2021\/12\/cropped-logo_acuario_supremus_fn-2.png","width":1000,"height":318,"caption":"Acuario Supremus"},"image":{"@id":"https:\/\/acuariosupremus.com\/#\/schema\/logo\/image\/"},"sameAs":["https:\/\/www.facebook.com\/AcuarioSupremus","https:\/\/x.com\/AcuarioSupremus","https:\/\/www.instagram.com\/acuariosupremus\/?hl=es"]}]}},"jetpack_sharing_enabled":true,"_links":{"self":[{"href":"https:\/\/acuariosupremus.com\/index.php?rest_route=\/wp\/v2\/product\/7127","targetHints":{"allow":["GET"]}}],"collection":[{"href":"https:\/\/acuariosupremus.com\/index.php?rest_route=\/wp\/v2\/product"}],"about":[{"href":"https:\/\/acuariosupremus.com\/index.php?rest_route=\/wp\/v2\/types\/product"}],"wp:featuredmedia":[{"embeddable":true,"href":"https:\/\/acuariosupremus.com\/index.php?rest_route=\/wp\/v2\/media\/7129"}],"wp:attachment":[{"href":"https:\/\/acuariosupremus.com\/index.php?rest_route=%2Fwp%2Fv2%2Fmedia&parent=7127"}],"wp:term":[{"taxonomy":"product_brand","embeddable":true,"href":"https:\/\/acuariosupremus.com\/index.php?rest_route=%2Fwp%2Fv2%2Fproduct_brand&post=7127"},{"taxonomy":"product_cat","embeddable":true,"href":"https:\/\/acuariosupremus.com\/index.php?rest_route=%2Fwp%2Fv2%2Fproduct_cat&post=7127"},{"taxonomy":"product_tag","embeddable":true,"href":"https:\/\/acuariosupremus.com\/index.php?rest_route=%2Fwp%2Fv2%2Fproduct_tag&post=7127"}],"curies":[{"name":"wp","href":"https:\/\/api.w.org\/{rel}","templated":true}]}}