{"id":7195,"date":"2022-04-20T16:26:46","date_gmt":"2022-04-20T21:26:46","guid":{"rendered":"https:\/\/acuariosupremus.com\/?post_type=product&#038;p=7195"},"modified":"2025-12-23T16:05:16","modified_gmt":"2025-12-23T22:05:16","slug":"betta-habitat-con-separacion-transparente-y-negra-verde","status":"publish","type":"product","link":"https:\/\/acuariosupremus.com\/?product=betta-habitat-con-separacion-transparente-y-negra-verde","title":{"rendered":"Betta habitat (con separaci\u00f3n transparente y negra) Verde."},"content":{"rendered":"<p>\u2022 Extraiga el acuario de su embalaje pl\u00e1stico y enju\u00e1guelo con agua limpia antes de usarlo.<br \/>\n\u2022 Para introducir o sacar los peces, levante la tapa y despu\u00e9s ci\u00e9rrela presionando con cuidado hasta o\u00edr un \u201cclic\u201d. El cierre no es estanco: si vuelca el acuario lleno la tapa podr\u00eda no abriese pero su contenido se derramar\u00e1.<br \/>\n\u2022 Si desea alimentar a los peces, a\u00f1adir agua o aditivos puede abatir la tapa transparente de registro. Para cerrarla presione con cuidado hasta o\u00edr un \u201cclic\u201d.<br \/>\n\u2022 Puede levantar uno o los dos separadores sin extraer a los peces del agua. El separador negro evitar\u00e1 el estr\u00e9s combativo de los machos de peces Betta y otros anab\u00e1ntidos al ver a otro ejemplar de su misma especie, mientras que el transparente permitir\u00e1 el contacto visual provocando el despliegue de sus aletas y agallas si las consecuencias de la pelea. (No exponga demasiados minutos a sus peces bajo esta situaci\u00f3n para evitar un exceso de estr\u00e9s,)<br \/>\n\u2022 Este acuario no est\u00e1 pensado para guardarlo o usarlo a la intemperie, aunque podr\u00e1 aislar peque\u00f1os peces y otras especies en un estanque bajo el agua.<br \/>\n\u2022 Para mantener exitosamente a sus peces Betta recomendamos un cambio de agua regular y el uso de acondicionadores y alimentos espec\u00edficos para tal fin, como AZOO Betta Guard o AZOO Betta Cuisine.<br \/>\nMantenimiento:<br \/>\nPara limpiar este acuario no use productos abrasivos, ya que puede rayarse f\u00e1cilmente y perder sus propiedades \u00f3pticas y de asepsia. Para realizar procedimientos terap\u00e9uticos, puede usar desinfectantes diluidos (aldeh\u00eddos, cloro, etc.) de forma breve para una correcta desinfecci\u00f3n de la superficie.<br \/>\nEvite la exposici\u00f3n directa al sol o a temperaturas extremas. Si va a guardarlo, l\u00edmpielo y s\u00e9quelo con un pa\u00f1o. De no hacerlo as\u00ed podr\u00edan acumularse incrustaciones de sedimentos que ser\u00e1n dif\u00edciles de eliminar sin rayar la superficie del pl\u00e1stico.<\/p>\n<p>P\/V Neto: 2,587 ml \/ 175 g<strong>.<\/strong><br \/>\nTama\u00f1o mm.<br \/>\n180 x 115 x 125 (l x a x h)<br \/>\nPeso total: 175 (g)<\/p>\n","protected":false},"excerpt":{"rendered":"<p>Acuario especialmente dise\u00f1ado para mantener y aislar peces Betta. Est\u00e1 construido en pl\u00e1stico transparente de alta resistencia y calidad, con las esquinas curvas y el frente con forma panor\u00e1mica. Tiene una una pr\u00e1ctica tapa desmontable y abatible, que viene equipada a su vez con otra tapa de registro transparente tambi\u00e9n abatible y desmontable. El dise\u00f1o de las tapas permite adem\u00e1s una f\u00e1cil apertura, mientras que su cierre es muy pr\u00e1ctico y seguro gracias a las pesta\u00f1as de seguridad que incorpora. Contiene dos separadores que pueden ser instalados simult\u00e1neamente: uno transparente y el otro negro. El negro impide que las dos cavidades tengan contacto visual, mientras que el transparente incitar\u00eda el instinto territorial de esta especie. Su dise\u00f1o modular ocupa muy poco espacio y permite apilar varios acuarios de forma muy estable.<\/p>\n<p>&nbsp;<\/p>\n","protected":false},"featured_media":7196,"template":"","meta":[],"product_brand":[118],"product_cat":[40,55],"product_tag":[171,208,172],"class_list":{"0":"post-7195","1":"product","2":"type-product","3":"status-publish","4":"has-post-thumbnail","6":"product_brand-azoo","7":"product_cat-peces","8":"product_cat-betteras","9":"product_tag-betera-doble","10":"product_tag-beteras","11":"product_tag-bettas","13":"first","14":"instock","15":"sale","16":"shipping-taxable","17":"purchasable","18":"product-type-simple"},"yoast_head":"<!-- This site is optimized with the Yoast SEO plugin v27.4 - https:\/\/yoast.com\/product\/yoast-seo-wordpress\/ -->\n<title>Betta habitat (con separaci\u00f3n transparente y negra) Verde. | Acuario Supremus<\/title>\n<meta name=\"description\" content=\"Acuario para mantener y aislar peces Betta, construido en pl\u00e1stico transparente de alta resistencia, con las esquinas curvas y frente con forma panor\u00e1mica.\" \/>\n<meta name=\"robots\" content=\"index, follow, max-snippet:-1, max-image-preview:large, max-video-preview:-1\" \/>\n<link rel=\"canonical\" href=\"https:\/\/acuariosupremus.com\/?product=betta-habitat-con-separacion-transparente-y-negra-verde\" \/>\n<meta property=\"og:locale\" content=\"es_MX\" \/>\n<meta property=\"og:type\" content=\"article\" \/>\n<meta property=\"og:title\" content=\"Betta habitat (con separaci\u00f3n transparente y negra) Verde. | Acuario Supremus\" \/>\n<meta property=\"og:description\" content=\"Acuario para mantener y aislar peces Betta, construido en pl\u00e1stico transparente de alta resistencia, con las esquinas curvas y frente con forma panor\u00e1mica.\" \/>\n<meta property=\"og:url\" content=\"https:\/\/acuariosupremus.com\/?product=betta-habitat-con-separacion-transparente-y-negra-verde\" \/>\n<meta property=\"og:site_name\" content=\"Acuario Supremus\" \/>\n<meta property=\"article:publisher\" content=\"https:\/\/www.facebook.com\/AcuarioSupremus\" \/>\n<meta property=\"article:modified_time\" content=\"2025-12-23T22:05:16+00:00\" \/>\n<meta property=\"og:image\" content=\"https:\/\/acuariosupremus.com\/wp-content\/uploads\/2022\/04\/azoo_betta_habitat_03.jpg\" \/>\n\t<meta property=\"og:image:width\" content=\"1250\" \/>\n\t<meta property=\"og:image:height\" content=\"1250\" \/>\n\t<meta property=\"og:image:type\" content=\"image\/jpeg\" \/>\n<meta name=\"twitter:card\" content=\"summary_large_image\" \/>\n<meta name=\"twitter:site\" content=\"@AcuarioSupremus\" \/>\n<meta name=\"twitter:label1\" content=\"Tiempo de lectura\" \/>\n\t<meta name=\"twitter:data1\" content=\"2 minutos\" \/>\n<script type=\"application\/ld+json\" class=\"yoast-schema-graph\">{\"@context\":\"https:\\\/\\\/schema.org\",\"@graph\":[{\"@type\":\"WebPage\",\"@id\":\"https:\\\/\\\/acuariosupremus.com\\\/?product=betta-habitat-con-separacion-transparente-y-negra-verde\",\"url\":\"https:\\\/\\\/acuariosupremus.com\\\/?product=betta-habitat-con-separacion-transparente-y-negra-verde\",\"name\":\"Betta habitat (con separaci\u00f3n transparente y negra) Verde. | Acuario Supremus\",\"isPartOf\":{\"@id\":\"https:\\\/\\\/acuariosupremus.com\\\/#website\"},\"primaryImageOfPage\":{\"@id\":\"https:\\\/\\\/acuariosupremus.com\\\/?product=betta-habitat-con-separacion-transparente-y-negra-verde#primaryimage\"},\"image\":{\"@id\":\"https:\\\/\\\/acuariosupremus.com\\\/?product=betta-habitat-con-separacion-transparente-y-negra-verde#primaryimage\"},\"thumbnailUrl\":\"https:\\\/\\\/acuariosupremus.com\\\/wp-content\\\/uploads\\\/2022\\\/04\\\/azoo_betta_habitat_03.jpg\",\"datePublished\":\"2022-04-20T21:26:46+00:00\",\"dateModified\":\"2025-12-23T22:05:16+00:00\",\"description\":\"Acuario para mantener y aislar peces Betta, construido en pl\u00e1stico transparente de alta resistencia, con las esquinas curvas y frente con forma panor\u00e1mica.\",\"breadcrumb\":{\"@id\":\"https:\\\/\\\/acuariosupremus.com\\\/?product=betta-habitat-con-separacion-transparente-y-negra-verde#breadcrumb\"},\"inLanguage\":\"es\",\"potentialAction\":[{\"@type\":\"ReadAction\",\"target\":[\"https:\\\/\\\/acuariosupremus.com\\\/?product=betta-habitat-con-separacion-transparente-y-negra-verde\"]}]},{\"@type\":\"ImageObject\",\"inLanguage\":\"es\",\"@id\":\"https:\\\/\\\/acuariosupremus.com\\\/?product=betta-habitat-con-separacion-transparente-y-negra-verde#primaryimage\",\"url\":\"https:\\\/\\\/acuariosupremus.com\\\/wp-content\\\/uploads\\\/2022\\\/04\\\/azoo_betta_habitat_03.jpg\",\"contentUrl\":\"https:\\\/\\\/acuariosupremus.com\\\/wp-content\\\/uploads\\\/2022\\\/04\\\/azoo_betta_habitat_03.jpg\",\"width\":1250,\"height\":1250},{\"@type\":\"BreadcrumbList\",\"@id\":\"https:\\\/\\\/acuariosupremus.com\\\/?product=betta-habitat-con-separacion-transparente-y-negra-verde#breadcrumb\",\"itemListElement\":[{\"@type\":\"ListItem\",\"position\":1,\"name\":\"Portada\",\"item\":\"https:\\\/\\\/acuariosupremus.com\\\/\"},{\"@type\":\"ListItem\",\"position\":2,\"name\":\"Tienda\",\"item\":\"https:\\\/\\\/acuariosupremus.com\\\/tienda\\\/\"},{\"@type\":\"ListItem\",\"position\":3,\"name\":\"Betta habitat (con separaci\u00f3n transparente y negra) Verde.\"}]},{\"@type\":\"WebSite\",\"@id\":\"https:\\\/\\\/acuariosupremus.com\\\/#website\",\"url\":\"https:\\\/\\\/acuariosupremus.com\\\/\",\"name\":\"Acuario Supremus\",\"description\":\"Peces, Peceras y Mascotas.\",\"publisher\":{\"@id\":\"https:\\\/\\\/acuariosupremus.com\\\/#organization\"},\"potentialAction\":[{\"@type\":\"SearchAction\",\"target\":{\"@type\":\"EntryPoint\",\"urlTemplate\":\"https:\\\/\\\/acuariosupremus.com\\\/?s={search_term_string}\"},\"query-input\":{\"@type\":\"PropertyValueSpecification\",\"valueRequired\":true,\"valueName\":\"search_term_string\"}}],\"inLanguage\":\"es\"},{\"@type\":\"Organization\",\"@id\":\"https:\\\/\\\/acuariosupremus.com\\\/#organization\",\"name\":\"Acuario Supremus\",\"url\":\"https:\\\/\\\/acuariosupremus.com\\\/\",\"logo\":{\"@type\":\"ImageObject\",\"inLanguage\":\"es\",\"@id\":\"https:\\\/\\\/acuariosupremus.com\\\/#\\\/schema\\\/logo\\\/image\\\/\",\"url\":\"https:\\\/\\\/acuariosupremus.com\\\/wp-content\\\/uploads\\\/2021\\\/12\\\/cropped-logo_acuario_supremus_fn-2.png\",\"contentUrl\":\"https:\\\/\\\/acuariosupremus.com\\\/wp-content\\\/uploads\\\/2021\\\/12\\\/cropped-logo_acuario_supremus_fn-2.png\",\"width\":1000,\"height\":318,\"caption\":\"Acuario Supremus\"},\"image\":{\"@id\":\"https:\\\/\\\/acuariosupremus.com\\\/#\\\/schema\\\/logo\\\/image\\\/\"},\"sameAs\":[\"https:\\\/\\\/www.facebook.com\\\/AcuarioSupremus\",\"https:\\\/\\\/x.com\\\/AcuarioSupremus\",\"https:\\\/\\\/www.instagram.com\\\/acuariosupremus\\\/?hl=es\"]}]}<\/script>\n<!-- \/ Yoast SEO plugin. -->","yoast_head_json":{"title":"Betta habitat (con separaci\u00f3n transparente y negra) Verde. | Acuario Supremus","description":"Acuario para mantener y aislar peces Betta, construido en pl\u00e1stico transparente de alta resistencia, con las esquinas curvas y frente con forma panor\u00e1mica.","robots":{"index":"index","follow":"follow","max-snippet":"max-snippet:-1","max-image-preview":"max-image-preview:large","max-video-preview":"max-video-preview:-1"},"canonical":"https:\/\/acuariosupremus.com\/?product=betta-habitat-con-separacion-transparente-y-negra-verde","og_locale":"es_MX","og_type":"article","og_title":"Betta habitat (con separaci\u00f3n transparente y negra) Verde. | Acuario Supremus","og_description":"Acuario para mantener y aislar peces Betta, construido en pl\u00e1stico transparente de alta resistencia, con las esquinas curvas y frente con forma panor\u00e1mica.","og_url":"https:\/\/acuariosupremus.com\/?product=betta-habitat-con-separacion-transparente-y-negra-verde","og_site_name":"Acuario Supremus","article_publisher":"https:\/\/www.facebook.com\/AcuarioSupremus","article_modified_time":"2025-12-23T22:05:16+00:00","og_image":[{"width":1250,"height":1250,"url":"https:\/\/acuariosupremus.com\/wp-content\/uploads\/2022\/04\/azoo_betta_habitat_03.jpg","type":"image\/jpeg"}],"twitter_card":"summary_large_image","twitter_site":"@AcuarioSupremus","twitter_misc":{"Tiempo de lectura":"2 minutos"},"schema":{"@context":"https:\/\/schema.org","@graph":[{"@type":"WebPage","@id":"https:\/\/acuariosupremus.com\/?product=betta-habitat-con-separacion-transparente-y-negra-verde","url":"https:\/\/acuariosupremus.com\/?product=betta-habitat-con-separacion-transparente-y-negra-verde","name":"Betta habitat (con separaci\u00f3n transparente y negra) Verde. | Acuario Supremus","isPartOf":{"@id":"https:\/\/acuariosupremus.com\/#website"},"primaryImageOfPage":{"@id":"https:\/\/acuariosupremus.com\/?product=betta-habitat-con-separacion-transparente-y-negra-verde#primaryimage"},"image":{"@id":"https:\/\/acuariosupremus.com\/?product=betta-habitat-con-separacion-transparente-y-negra-verde#primaryimage"},"thumbnailUrl":"https:\/\/acuariosupremus.com\/wp-content\/uploads\/2022\/04\/azoo_betta_habitat_03.jpg","datePublished":"2022-04-20T21:26:46+00:00","dateModified":"2025-12-23T22:05:16+00:00","description":"Acuario para mantener y aislar peces Betta, construido en pl\u00e1stico transparente de alta resistencia, con las esquinas curvas y frente con forma panor\u00e1mica.","breadcrumb":{"@id":"https:\/\/acuariosupremus.com\/?product=betta-habitat-con-separacion-transparente-y-negra-verde#breadcrumb"},"inLanguage":"es","potentialAction":[{"@type":"ReadAction","target":["https:\/\/acuariosupremus.com\/?product=betta-habitat-con-separacion-transparente-y-negra-verde"]}]},{"@type":"ImageObject","inLanguage":"es","@id":"https:\/\/acuariosupremus.com\/?product=betta-habitat-con-separacion-transparente-y-negra-verde#primaryimage","url":"https:\/\/acuariosupremus.com\/wp-content\/uploads\/2022\/04\/azoo_betta_habitat_03.jpg","contentUrl":"https:\/\/acuariosupremus.com\/wp-content\/uploads\/2022\/04\/azoo_betta_habitat_03.jpg","width":1250,"height":1250},{"@type":"BreadcrumbList","@id":"https:\/\/acuariosupremus.com\/?product=betta-habitat-con-separacion-transparente-y-negra-verde#breadcrumb","itemListElement":[{"@type":"ListItem","position":1,"name":"Portada","item":"https:\/\/acuariosupremus.com\/"},{"@type":"ListItem","position":2,"name":"Tienda","item":"https:\/\/acuariosupremus.com\/tienda\/"},{"@type":"ListItem","position":3,"name":"Betta habitat (con separaci\u00f3n transparente y negra) Verde."}]},{"@type":"WebSite","@id":"https:\/\/acuariosupremus.com\/#website","url":"https:\/\/acuariosupremus.com\/","name":"Acuario Supremus","description":"Peces, Peceras y Mascotas.","publisher":{"@id":"https:\/\/acuariosupremus.com\/#organization"},"potentialAction":[{"@type":"SearchAction","target":{"@type":"EntryPoint","urlTemplate":"https:\/\/acuariosupremus.com\/?s={search_term_string}"},"query-input":{"@type":"PropertyValueSpecification","valueRequired":true,"valueName":"search_term_string"}}],"inLanguage":"es"},{"@type":"Organization","@id":"https:\/\/acuariosupremus.com\/#organization","name":"Acuario Supremus","url":"https:\/\/acuariosupremus.com\/","logo":{"@type":"ImageObject","inLanguage":"es","@id":"https:\/\/acuariosupremus.com\/#\/schema\/logo\/image\/","url":"https:\/\/acuariosupremus.com\/wp-content\/uploads\/2021\/12\/cropped-logo_acuario_supremus_fn-2.png","contentUrl":"https:\/\/acuariosupremus.com\/wp-content\/uploads\/2021\/12\/cropped-logo_acuario_supremus_fn-2.png","width":1000,"height":318,"caption":"Acuario Supremus"},"image":{"@id":"https:\/\/acuariosupremus.com\/#\/schema\/logo\/image\/"},"sameAs":["https:\/\/www.facebook.com\/AcuarioSupremus","https:\/\/x.com\/AcuarioSupremus","https:\/\/www.instagram.com\/acuariosupremus\/?hl=es"]}]}},"jetpack_sharing_enabled":true,"_links":{"self":[{"href":"https:\/\/acuariosupremus.com\/index.php?rest_route=\/wp\/v2\/product\/7195","targetHints":{"allow":["GET"]}}],"collection":[{"href":"https:\/\/acuariosupremus.com\/index.php?rest_route=\/wp\/v2\/product"}],"about":[{"href":"https:\/\/acuariosupremus.com\/index.php?rest_route=\/wp\/v2\/types\/product"}],"wp:featuredmedia":[{"embeddable":true,"href":"https:\/\/acuariosupremus.com\/index.php?rest_route=\/wp\/v2\/media\/7196"}],"wp:attachment":[{"href":"https:\/\/acuariosupremus.com\/index.php?rest_route=%2Fwp%2Fv2%2Fmedia&parent=7195"}],"wp:term":[{"taxonomy":"product_brand","embeddable":true,"href":"https:\/\/acuariosupremus.com\/index.php?rest_route=%2Fwp%2Fv2%2Fproduct_brand&post=7195"},{"taxonomy":"product_cat","embeddable":true,"href":"https:\/\/acuariosupremus.com\/index.php?rest_route=%2Fwp%2Fv2%2Fproduct_cat&post=7195"},{"taxonomy":"product_tag","embeddable":true,"href":"https:\/\/acuariosupremus.com\/index.php?rest_route=%2Fwp%2Fv2%2Fproduct_tag&post=7195"}],"curies":[{"name":"wp","href":"https:\/\/api.w.org\/{rel}","templated":true}]}}