{"id":7334,"date":"2022-04-23T15:19:35","date_gmt":"2022-04-23T20:19:35","guid":{"rendered":"https:\/\/acuariosupremus.com\/?post_type=product&#038;p=7334"},"modified":"2025-12-23T17:32:59","modified_gmt":"2025-12-23T23:32:59","slug":"ph-controller-microprocesador-y-controlador-electronico-de-ph","status":"publish","type":"product","link":"https:\/\/acuariosupremus.com\/?product=ph-controller-microprocesador-y-controlador-electronico-de-ph","title":{"rendered":"pH controller (microprocesador y controlador electr\u00f3nico de pH)."},"content":{"rendered":"<p>IMPORTANTE: Este procedimiento es un requisito indispensable para poner en funcionamiento este dispositivo. Una Calibraci\u00f3n correcta del electrodo implica una configuraci\u00f3n combinada de dos puntos (normalmente 4.00 y 7 .00 para agua dulce \u00f3 7.00 y 10.00 para agua salada) Una calibraci\u00f3n en un \u00fanico punto es insuficiente para obtener lecturas fiables.<br \/>\n1. Conecte el dispositivo en una toma de corriente. (Verifique que el voltaje sea el correcto) 2. Conecte el electrodo en la conexi\u00f3n BNC (n\u00ba7) situada en la parte inferior del dispositivo. 3. Sit\u00fae el selector de modo PH\/SET (n\u00ba3) en modo de medici\u00f3n (PH) 4. Si est\u00e1 colocada, retire la tapa de protecci\u00f3n en la punta del electrodo. Enjuague cuidadosamente la punta con agua limpia. Vierta aproximadamente 5 ml de l\u00edquido de calibraci\u00f3n standard 7.00 en un tubo de ensayo y sumerja el electrodo unos 2-3 cm. (la c\u00e1psula de cuarzo de la punta deber\u00e1 quedar sumergida en la soluci\u00f3n). Espere unos segundos hasta que la lectura en el display se estabilice. 5. Tome un destornillador y gire cuidadosamente la ranura de calibraci\u00f3n pH7 (n\u00ba5) hasta obtener un valor 7.00 en el display. Enjuague de nuevo la punta del electrodo con agua limpia. Deseche el l\u00edquido de calibraci\u00f3n pH 7.00 y enjuague el tubo de ensayo. Vierta ahora 5 ml de l\u00edquido de calibraci\u00f3n standard 4.00 e introduzca de nuevo la punta del electrodo. (recuerde que la c\u00e1psula de cuarzo deber\u00e1 quedar sumergida en la soluci\u00f3n). Espere unos minutos hasta que la lectura en el display se estabilice. 6. Recuerde que el selector de modo PH\/SET (n\u00ba3) deber\u00e1 permanecer en modo de medici\u00f3n (PH). Tome el destornillador y gire cuidadosamente la ranura de calibraci\u00f3n pH4 (n\u00ba4) hasta obtener un valor 4.00 en el display. 7. \u00a1Enhorabuena! Su electrodo ya est\u00e1 calibrado. Enjuague la sonda y col\u00f3quela en el agua que desee medir el valor pH. (Selector de modo PH\/SET siempre en posici\u00f3n PH) Deber\u00e1 repetir este procedimiento de forma peri\u00f3dica para mantener la precisi\u00f3n de sus mediciones. La duraci\u00f3n entre los periodos de calibraci\u00f3n depender\u00e1 de las condiciones de uso en acuario. Por lo general se recomienda calibrar el electrodo cada 2-4 semanas. La vida \u00fatil de un electrodo es de 6-12 meses. Normalmente este controlador es usado para controlar la dosificaci\u00f3n de gas CO2 en el acuario. 8. NUNCA sumerja el electrodo directamente en el envase de calibraci\u00f3n. De este modo evitar\u00e1 contaminar la muestra. Deseche SIEMPPRE el l\u00edquido empleado para calibrar. Ya est\u00e1 contaminado y no sirve para otra calibraci\u00f3n.<\/p>\n<p>P\/V Neto: 640 grs.<br \/>\nPeso total:<br \/>\n960 (Kg.) con embalaje.<br \/>\nTama\u00f1o mm<br \/>\n248 x 67 x 204 (l x a x h) con embalaje.<\/p>\n","protected":false},"excerpt":{"rendered":"<p>Dispositivo electr\u00f3nico para medici\u00f3n y control del valor pH mediante micro-procesador. Obtenga el valor pH de su acuario de forma continua con una alta precisi\u00f3n, permiti\u00e9ndole al mismo tiempo controlar este valor de forma autom\u00e1tica. Es especialmente \u00fatil para automatizar la dosificaci\u00f3n de CO2 en acuarios plantados mediante el control de una electro-v\u00e1lvula. Construido con componentes de gran calidad ofrece una gran precisi\u00f3n y fiabilidad, y puede usarse en agua salada para medici\u00f3n continua o para controlar procesos en reactores. Incluye m\u00f3dulo de control, electrodo, l\u00edquidos de calibraci\u00f3n y sistema de sujeci\u00f3n multi-uso.<\/p>\n","protected":false},"featured_media":7335,"template":"","meta":[],"product_brand":[118],"product_cat":[40,52],"product_tag":[590],"class_list":{"0":"post-7334","1":"product","2":"type-product","3":"status-publish","4":"has-post-thumbnail","6":"product_brand-azoo","7":"product_cat-peces","8":"product_cat-medidores","9":"product_tag-controlador-electronico-ph","11":"first","12":"instock","13":"sale","14":"shipping-taxable","15":"purchasable","16":"product-type-simple"},"yoast_head":"<!-- This site is optimized with the Yoast SEO plugin v27.4 - https:\/\/yoast.com\/product\/yoast-seo-wordpress\/ -->\n<title>pH controller (microprocesador y controlador electr\u00f3nico de pH). | Acuario Supremus<\/title>\n<meta name=\"description\" content=\"AZOO pH controller, Dispositivo electr\u00f3nico para medici\u00f3n y control del valor pH mediante micro-procesador.\" \/>\n<meta name=\"robots\" content=\"index, follow, max-snippet:-1, max-image-preview:large, max-video-preview:-1\" \/>\n<link rel=\"canonical\" href=\"https:\/\/acuariosupremus.com\/?product=ph-controller-microprocesador-y-controlador-electronico-de-ph\" \/>\n<meta property=\"og:locale\" content=\"es_MX\" \/>\n<meta property=\"og:type\" content=\"article\" \/>\n<meta property=\"og:title\" content=\"pH controller (microprocesador y controlador electr\u00f3nico de pH). | Acuario Supremus\" \/>\n<meta property=\"og:description\" content=\"AZOO pH controller, Dispositivo electr\u00f3nico para medici\u00f3n y control del valor pH mediante micro-procesador.\" \/>\n<meta property=\"og:url\" content=\"https:\/\/acuariosupremus.com\/?product=ph-controller-microprocesador-y-controlador-electronico-de-ph\" \/>\n<meta property=\"og:site_name\" content=\"Acuario Supremus\" \/>\n<meta property=\"article:publisher\" content=\"https:\/\/www.facebook.com\/AcuarioSupremus\" \/>\n<meta property=\"article:modified_time\" content=\"2025-12-23T23:32:59+00:00\" \/>\n<meta property=\"og:image\" content=\"https:\/\/acuariosupremus.com\/wp-content\/uploads\/2022\/04\/azoo_ph_controller_01.jpg\" \/>\n\t<meta property=\"og:image:width\" content=\"1250\" \/>\n\t<meta property=\"og:image:height\" content=\"1250\" \/>\n\t<meta property=\"og:image:type\" content=\"image\/jpeg\" \/>\n<meta name=\"twitter:card\" content=\"summary_large_image\" \/>\n<meta name=\"twitter:site\" content=\"@AcuarioSupremus\" \/>\n<meta name=\"twitter:label1\" content=\"Tiempo de lectura\" \/>\n\t<meta name=\"twitter:data1\" content=\"3 minutos\" \/>\n<script type=\"application\/ld+json\" class=\"yoast-schema-graph\">{\"@context\":\"https:\\\/\\\/schema.org\",\"@graph\":[{\"@type\":\"WebPage\",\"@id\":\"https:\\\/\\\/acuariosupremus.com\\\/?product=ph-controller-microprocesador-y-controlador-electronico-de-ph\",\"url\":\"https:\\\/\\\/acuariosupremus.com\\\/?product=ph-controller-microprocesador-y-controlador-electronico-de-ph\",\"name\":\"pH controller (microprocesador y controlador electr\u00f3nico de pH). | Acuario Supremus\",\"isPartOf\":{\"@id\":\"https:\\\/\\\/acuariosupremus.com\\\/#website\"},\"primaryImageOfPage\":{\"@id\":\"https:\\\/\\\/acuariosupremus.com\\\/?product=ph-controller-microprocesador-y-controlador-electronico-de-ph#primaryimage\"},\"image\":{\"@id\":\"https:\\\/\\\/acuariosupremus.com\\\/?product=ph-controller-microprocesador-y-controlador-electronico-de-ph#primaryimage\"},\"thumbnailUrl\":\"https:\\\/\\\/acuariosupremus.com\\\/wp-content\\\/uploads\\\/2022\\\/04\\\/azoo_ph_controller_01.jpg\",\"datePublished\":\"2022-04-23T20:19:35+00:00\",\"dateModified\":\"2025-12-23T23:32:59+00:00\",\"description\":\"AZOO pH controller, Dispositivo electr\u00f3nico para medici\u00f3n y control del valor pH mediante micro-procesador.\",\"breadcrumb\":{\"@id\":\"https:\\\/\\\/acuariosupremus.com\\\/?product=ph-controller-microprocesador-y-controlador-electronico-de-ph#breadcrumb\"},\"inLanguage\":\"es\",\"potentialAction\":[{\"@type\":\"ReadAction\",\"target\":[\"https:\\\/\\\/acuariosupremus.com\\\/?product=ph-controller-microprocesador-y-controlador-electronico-de-ph\"]}]},{\"@type\":\"ImageObject\",\"inLanguage\":\"es\",\"@id\":\"https:\\\/\\\/acuariosupremus.com\\\/?product=ph-controller-microprocesador-y-controlador-electronico-de-ph#primaryimage\",\"url\":\"https:\\\/\\\/acuariosupremus.com\\\/wp-content\\\/uploads\\\/2022\\\/04\\\/azoo_ph_controller_01.jpg\",\"contentUrl\":\"https:\\\/\\\/acuariosupremus.com\\\/wp-content\\\/uploads\\\/2022\\\/04\\\/azoo_ph_controller_01.jpg\",\"width\":1250,\"height\":1250},{\"@type\":\"BreadcrumbList\",\"@id\":\"https:\\\/\\\/acuariosupremus.com\\\/?product=ph-controller-microprocesador-y-controlador-electronico-de-ph#breadcrumb\",\"itemListElement\":[{\"@type\":\"ListItem\",\"position\":1,\"name\":\"Portada\",\"item\":\"https:\\\/\\\/acuariosupremus.com\\\/\"},{\"@type\":\"ListItem\",\"position\":2,\"name\":\"Tienda\",\"item\":\"https:\\\/\\\/acuariosupremus.com\\\/tienda\\\/\"},{\"@type\":\"ListItem\",\"position\":3,\"name\":\"pH controller (microprocesador y controlador electr\u00f3nico de pH).\"}]},{\"@type\":\"WebSite\",\"@id\":\"https:\\\/\\\/acuariosupremus.com\\\/#website\",\"url\":\"https:\\\/\\\/acuariosupremus.com\\\/\",\"name\":\"Acuario Supremus\",\"description\":\"Peces, Peceras y Mascotas.\",\"publisher\":{\"@id\":\"https:\\\/\\\/acuariosupremus.com\\\/#organization\"},\"potentialAction\":[{\"@type\":\"SearchAction\",\"target\":{\"@type\":\"EntryPoint\",\"urlTemplate\":\"https:\\\/\\\/acuariosupremus.com\\\/?s={search_term_string}\"},\"query-input\":{\"@type\":\"PropertyValueSpecification\",\"valueRequired\":true,\"valueName\":\"search_term_string\"}}],\"inLanguage\":\"es\"},{\"@type\":\"Organization\",\"@id\":\"https:\\\/\\\/acuariosupremus.com\\\/#organization\",\"name\":\"Acuario Supremus\",\"url\":\"https:\\\/\\\/acuariosupremus.com\\\/\",\"logo\":{\"@type\":\"ImageObject\",\"inLanguage\":\"es\",\"@id\":\"https:\\\/\\\/acuariosupremus.com\\\/#\\\/schema\\\/logo\\\/image\\\/\",\"url\":\"https:\\\/\\\/acuariosupremus.com\\\/wp-content\\\/uploads\\\/2021\\\/12\\\/cropped-logo_acuario_supremus_fn-2.png\",\"contentUrl\":\"https:\\\/\\\/acuariosupremus.com\\\/wp-content\\\/uploads\\\/2021\\\/12\\\/cropped-logo_acuario_supremus_fn-2.png\",\"width\":1000,\"height\":318,\"caption\":\"Acuario Supremus\"},\"image\":{\"@id\":\"https:\\\/\\\/acuariosupremus.com\\\/#\\\/schema\\\/logo\\\/image\\\/\"},\"sameAs\":[\"https:\\\/\\\/www.facebook.com\\\/AcuarioSupremus\",\"https:\\\/\\\/x.com\\\/AcuarioSupremus\",\"https:\\\/\\\/www.instagram.com\\\/acuariosupremus\\\/?hl=es\"]}]}<\/script>\n<!-- \/ Yoast SEO plugin. -->","yoast_head_json":{"title":"pH controller (microprocesador y controlador electr\u00f3nico de pH). | Acuario Supremus","description":"AZOO pH controller, Dispositivo electr\u00f3nico para medici\u00f3n y control del valor pH mediante micro-procesador.","robots":{"index":"index","follow":"follow","max-snippet":"max-snippet:-1","max-image-preview":"max-image-preview:large","max-video-preview":"max-video-preview:-1"},"canonical":"https:\/\/acuariosupremus.com\/?product=ph-controller-microprocesador-y-controlador-electronico-de-ph","og_locale":"es_MX","og_type":"article","og_title":"pH controller (microprocesador y controlador electr\u00f3nico de pH). | Acuario Supremus","og_description":"AZOO pH controller, Dispositivo electr\u00f3nico para medici\u00f3n y control del valor pH mediante micro-procesador.","og_url":"https:\/\/acuariosupremus.com\/?product=ph-controller-microprocesador-y-controlador-electronico-de-ph","og_site_name":"Acuario Supremus","article_publisher":"https:\/\/www.facebook.com\/AcuarioSupremus","article_modified_time":"2025-12-23T23:32:59+00:00","og_image":[{"width":1250,"height":1250,"url":"https:\/\/acuariosupremus.com\/wp-content\/uploads\/2022\/04\/azoo_ph_controller_01.jpg","type":"image\/jpeg"}],"twitter_card":"summary_large_image","twitter_site":"@AcuarioSupremus","twitter_misc":{"Tiempo de lectura":"3 minutos"},"schema":{"@context":"https:\/\/schema.org","@graph":[{"@type":"WebPage","@id":"https:\/\/acuariosupremus.com\/?product=ph-controller-microprocesador-y-controlador-electronico-de-ph","url":"https:\/\/acuariosupremus.com\/?product=ph-controller-microprocesador-y-controlador-electronico-de-ph","name":"pH controller (microprocesador y controlador electr\u00f3nico de pH). | Acuario Supremus","isPartOf":{"@id":"https:\/\/acuariosupremus.com\/#website"},"primaryImageOfPage":{"@id":"https:\/\/acuariosupremus.com\/?product=ph-controller-microprocesador-y-controlador-electronico-de-ph#primaryimage"},"image":{"@id":"https:\/\/acuariosupremus.com\/?product=ph-controller-microprocesador-y-controlador-electronico-de-ph#primaryimage"},"thumbnailUrl":"https:\/\/acuariosupremus.com\/wp-content\/uploads\/2022\/04\/azoo_ph_controller_01.jpg","datePublished":"2022-04-23T20:19:35+00:00","dateModified":"2025-12-23T23:32:59+00:00","description":"AZOO pH controller, Dispositivo electr\u00f3nico para medici\u00f3n y control del valor pH mediante micro-procesador.","breadcrumb":{"@id":"https:\/\/acuariosupremus.com\/?product=ph-controller-microprocesador-y-controlador-electronico-de-ph#breadcrumb"},"inLanguage":"es","potentialAction":[{"@type":"ReadAction","target":["https:\/\/acuariosupremus.com\/?product=ph-controller-microprocesador-y-controlador-electronico-de-ph"]}]},{"@type":"ImageObject","inLanguage":"es","@id":"https:\/\/acuariosupremus.com\/?product=ph-controller-microprocesador-y-controlador-electronico-de-ph#primaryimage","url":"https:\/\/acuariosupremus.com\/wp-content\/uploads\/2022\/04\/azoo_ph_controller_01.jpg","contentUrl":"https:\/\/acuariosupremus.com\/wp-content\/uploads\/2022\/04\/azoo_ph_controller_01.jpg","width":1250,"height":1250},{"@type":"BreadcrumbList","@id":"https:\/\/acuariosupremus.com\/?product=ph-controller-microprocesador-y-controlador-electronico-de-ph#breadcrumb","itemListElement":[{"@type":"ListItem","position":1,"name":"Portada","item":"https:\/\/acuariosupremus.com\/"},{"@type":"ListItem","position":2,"name":"Tienda","item":"https:\/\/acuariosupremus.com\/tienda\/"},{"@type":"ListItem","position":3,"name":"pH controller (microprocesador y controlador electr\u00f3nico de pH)."}]},{"@type":"WebSite","@id":"https:\/\/acuariosupremus.com\/#website","url":"https:\/\/acuariosupremus.com\/","name":"Acuario Supremus","description":"Peces, Peceras y Mascotas.","publisher":{"@id":"https:\/\/acuariosupremus.com\/#organization"},"potentialAction":[{"@type":"SearchAction","target":{"@type":"EntryPoint","urlTemplate":"https:\/\/acuariosupremus.com\/?s={search_term_string}"},"query-input":{"@type":"PropertyValueSpecification","valueRequired":true,"valueName":"search_term_string"}}],"inLanguage":"es"},{"@type":"Organization","@id":"https:\/\/acuariosupremus.com\/#organization","name":"Acuario Supremus","url":"https:\/\/acuariosupremus.com\/","logo":{"@type":"ImageObject","inLanguage":"es","@id":"https:\/\/acuariosupremus.com\/#\/schema\/logo\/image\/","url":"https:\/\/acuariosupremus.com\/wp-content\/uploads\/2021\/12\/cropped-logo_acuario_supremus_fn-2.png","contentUrl":"https:\/\/acuariosupremus.com\/wp-content\/uploads\/2021\/12\/cropped-logo_acuario_supremus_fn-2.png","width":1000,"height":318,"caption":"Acuario Supremus"},"image":{"@id":"https:\/\/acuariosupremus.com\/#\/schema\/logo\/image\/"},"sameAs":["https:\/\/www.facebook.com\/AcuarioSupremus","https:\/\/x.com\/AcuarioSupremus","https:\/\/www.instagram.com\/acuariosupremus\/?hl=es"]}]}},"jetpack_sharing_enabled":true,"_links":{"self":[{"href":"https:\/\/acuariosupremus.com\/index.php?rest_route=\/wp\/v2\/product\/7334","targetHints":{"allow":["GET"]}}],"collection":[{"href":"https:\/\/acuariosupremus.com\/index.php?rest_route=\/wp\/v2\/product"}],"about":[{"href":"https:\/\/acuariosupremus.com\/index.php?rest_route=\/wp\/v2\/types\/product"}],"wp:featuredmedia":[{"embeddable":true,"href":"https:\/\/acuariosupremus.com\/index.php?rest_route=\/wp\/v2\/media\/7335"}],"wp:attachment":[{"href":"https:\/\/acuariosupremus.com\/index.php?rest_route=%2Fwp%2Fv2%2Fmedia&parent=7334"}],"wp:term":[{"taxonomy":"product_brand","embeddable":true,"href":"https:\/\/acuariosupremus.com\/index.php?rest_route=%2Fwp%2Fv2%2Fproduct_brand&post=7334"},{"taxonomy":"product_cat","embeddable":true,"href":"https:\/\/acuariosupremus.com\/index.php?rest_route=%2Fwp%2Fv2%2Fproduct_cat&post=7334"},{"taxonomy":"product_tag","embeddable":true,"href":"https:\/\/acuariosupremus.com\/index.php?rest_route=%2Fwp%2Fv2%2Fproduct_tag&post=7334"}],"curies":[{"name":"wp","href":"https:\/\/api.w.org\/{rel}","templated":true}]}}