{"id":7451,"date":"2022-04-24T14:00:10","date_gmt":"2022-04-24T19:00:10","guid":{"rendered":"https:\/\/acuariosupremus.com\/?post_type=product&#038;p=7451"},"modified":"2025-12-23T17:38:38","modified_gmt":"2025-12-23T23:38:38","slug":"azoo-super-siphon-sifon-con-manguera-mediano","status":"publish","type":"product","link":"https:\/\/acuariosupremus.com\/?product=azoo-super-siphon-sifon-con-manguera-mediano","title":{"rendered":"AZOO Super Siphon, sif\u00f3n con manguera, mediano."},"content":{"rendered":"<p>1. Conecte el extremo de la bomba manual que no tiene la llave de regulaci\u00f3n con la manguera flexible.<br \/>\n2. En el otro extremo de la manguera una el tubo r\u00edgido. A continuaci\u00f3n, En el otro extremo del tubo r\u00edgido conecte la campana de sifonado.<br \/>\n3. Prepare un recipiente vac\u00edo de al menos 10 litros. Antes de comenzar, cerci\u00f3rese de disponer de movilidad suficiente para desplazarse por el \u00e1rea que desea limpiar, retirando los obst\u00e1culos que puedan presentarse tanto dentro como fuera del acuario. Elija un lugar para comenzar el sifonado y sumerja all\u00ed la campana hasta el fondo de la grava.<br \/>\n4. Con una mano sujete la campana, mientras que con la otra puede accionar bomba manual presionando repetidas veces hasta cebar la campana, el tubo y la manguera.<br \/>\n5. Observar\u00e1 como el acuario comenzar\u00e1 a vaciarse por la ley de los \u201cvasos comunicantes\u201d, y la grava se elevar\u00e1 por la campana sin llegar a la parte superior, mientras que comenzar\u00e1 a salir agua sucia de entre los granos de grava por la campana hasta el recipiente de 10 litros que prepar\u00f3 previamente. Si el agua sale muy deprisa para su gusto, puede ajustarlo cerrando ligeramente la llave.<br \/>\n6. Pasados unos segundos observar\u00e1 que el agua sale limpia de la campana. Es momento de cambiar de ubicaci\u00f3n para continuar con la limpieza de la grava. Para ello, cierre la llave de regulaci\u00f3n u obstruya el extremo de la manguera con el dedo pulgar. El flujo de agua se detiene y la grava se asentar\u00e1. Vuelva a insertar la campana en otra ubicaci\u00f3n contigua y repita el proceso. Limpie las \u00e1reas en orden con el fin no olvidar lugares sin limpiar, y vigile su recipiente de 10 litros, ya que puede desbordarse en poco tiempo.<br \/>\nPRECAUCIONES:<br \/>\nFRECUENCIA: La operaci\u00f3n de sifonado es una labor rutinaria que por lo general se realiza en los acuarios mensualmente, coincidiendo con los cambios peri\u00f3dicos de agua. Sin embargo, esta frecuencia puede variar en funci\u00f3n a las condiciones y peculiaridades de cada acuario. Tenga en cuenta estos factores y revise con regularidad su calidad de agua usando la l\u00ednea de test de medici\u00f3n de AZOO. De este modo podr\u00e1 planificar el mantenimiento que m\u00e1s se adec\u00fae de su acuario.<br \/>\nDERRAMES DE AGUA: Es probable que las primeras veces que use el sifonador derrame agua accidentalmente. Tome las precauciones necesarias para que no salpique objetos o superficies que puedan resultar da\u00f1ados. No se preocupe, con el uso su destreza aumentar\u00e1 r\u00e1pidamente y esta labor se tornar\u00e1 r\u00e1pida sencilla y muy efectiva.<\/p>\n<p>P\/V Neto:\u00a0 \u00a0 \u00a0 \u00a0 \u00a0 \u00a0 \u00a0 \u00a0 \u00a0 \u00a0 \u00a0 \u00a0 \u00a0 \u00a0 \u00a0 \u00a0 \u00a0 \u00a0 \u00a0 \u00a0 \u00a0 \u00a0 Campana med. (l x \u00f8) mm 210 x 50<br \/>\n230 (grs.)<br \/>\nPeso total:\u00a0 \u00a0 \u00a0 \u00a0 \u00a0 \u00a0 \u00a0 \u00a0 \u00a0 \u00a0 \u00a0 \u00a0 \u00a0 \u00a0 \u00a0 \u00a0 \u00a0 \u00a0 \u00a0 \u00a0 \u00a0 \u00d8 Manguuera mod. Mediano 12\/16<br \/>\n0.265 (Kg.) con embalaje<br \/>\nTama\u00f1o mm\u00a0 \u00a0 \u00a0 \u00a0 \u00a0 \u00a0 \u00a0 \u00a0 \u00a0 \u00a0 \u00a0 \u00a0 \u00a0 \u00a0 \u00a0 \u00a0 \u00a0 \u00a0 Longitud mod. Med.: (cm) 188<br \/>\n300 x 450 x 600 (l x a x h) con embalaje<\/p>\n","protected":false},"excerpt":{"rendered":"<p>Pr\u00e1ctico Sifonador de grava para todo tipo de acuarios. Permite limpiar los deshechos inorg\u00e1nicos que se acumulan irremediablemente en la grava del acuario aprovechando los cambios peri\u00f3dicos de agua. La operaci\u00f3n de sifonado es una labor rutinaria que por lo general se realiza en los acuarios mensualmente. Sin embargo, es frecuente ente ver aficionados frustrados al intentar realizar estas labores por carecer de las herramientas adecuadas. Con sus dos tama\u00f1os disponibles, AZOO Super Siphon le ayudar\u00e1 a realizar este trabajo en casi cualquier acuario, de forma impecable r\u00e1pida y sin esfuerzos, evitando esos frecuentes derrames de agua accidentales.<\/p>\n","protected":false},"featured_media":7453,"template":"","meta":[],"product_brand":[118],"product_cat":[40,62],"product_tag":[240,597],"class_list":{"0":"post-7451","1":"product","2":"type-product","3":"status-publish","4":"has-post-thumbnail","6":"product_brand-azoo","7":"product_cat-peces","8":"product_cat-sifon-rasquetas-mantenimiento","9":"product_tag-sifon-para-pecera","10":"product_tag-super-sifon","12":"first","13":"instock","14":"sale","15":"shipping-taxable","16":"purchasable","17":"product-type-simple"},"yoast_head":"<!-- This site is optimized with the Yoast SEO plugin v27.4 - https:\/\/yoast.com\/product\/yoast-seo-wordpress\/ -->\n<title>AZOO Super Siphon, sif\u00f3n con manguera, mediano. | Acuario Supremus<\/title>\n<meta name=\"description\" content=\"Pr\u00e1ctico Sifonador de grava para todo tipo de acuarios. Permite limpiar los deshechos inorg\u00e1nicos que se acumulan irremediablemente en la grava del acuario.\" \/>\n<meta name=\"robots\" content=\"index, follow, max-snippet:-1, max-image-preview:large, max-video-preview:-1\" \/>\n<link rel=\"canonical\" href=\"https:\/\/acuariosupremus.com\/?product=azoo-super-siphon-sifon-con-manguera-mediano\" \/>\n<meta property=\"og:locale\" content=\"es_MX\" \/>\n<meta property=\"og:type\" content=\"article\" \/>\n<meta property=\"og:title\" content=\"AZOO Super Siphon, sif\u00f3n con manguera, mediano. | Acuario Supremus\" \/>\n<meta property=\"og:description\" content=\"Pr\u00e1ctico Sifonador de grava para todo tipo de acuarios. Permite limpiar los deshechos inorg\u00e1nicos que se acumulan irremediablemente en la grava del acuario.\" \/>\n<meta property=\"og:url\" content=\"https:\/\/acuariosupremus.com\/?product=azoo-super-siphon-sifon-con-manguera-mediano\" \/>\n<meta property=\"og:site_name\" content=\"Acuario Supremus\" \/>\n<meta property=\"article:publisher\" content=\"https:\/\/www.facebook.com\/AcuarioSupremus\" \/>\n<meta property=\"article:modified_time\" content=\"2025-12-23T23:38:38+00:00\" \/>\n<meta property=\"og:image\" content=\"https:\/\/acuariosupremus.com\/wp-content\/uploads\/2022\/04\/azoo_super_siphon_02.jpg\" \/>\n\t<meta property=\"og:image:width\" content=\"1250\" \/>\n\t<meta property=\"og:image:height\" content=\"1250\" \/>\n\t<meta property=\"og:image:type\" content=\"image\/jpeg\" \/>\n<meta name=\"twitter:card\" content=\"summary_large_image\" \/>\n<meta name=\"twitter:site\" content=\"@AcuarioSupremus\" \/>\n<meta name=\"twitter:label1\" content=\"Tiempo de lectura\" \/>\n\t<meta name=\"twitter:data1\" content=\"3 minutos\" \/>\n<script type=\"application\/ld+json\" class=\"yoast-schema-graph\">{\"@context\":\"https:\\\/\\\/schema.org\",\"@graph\":[{\"@type\":\"WebPage\",\"@id\":\"https:\\\/\\\/acuariosupremus.com\\\/?product=azoo-super-siphon-sifon-con-manguera-mediano\",\"url\":\"https:\\\/\\\/acuariosupremus.com\\\/?product=azoo-super-siphon-sifon-con-manguera-mediano\",\"name\":\"AZOO Super Siphon, sif\u00f3n con manguera, mediano. | Acuario Supremus\",\"isPartOf\":{\"@id\":\"https:\\\/\\\/acuariosupremus.com\\\/#website\"},\"primaryImageOfPage\":{\"@id\":\"https:\\\/\\\/acuariosupremus.com\\\/?product=azoo-super-siphon-sifon-con-manguera-mediano#primaryimage\"},\"image\":{\"@id\":\"https:\\\/\\\/acuariosupremus.com\\\/?product=azoo-super-siphon-sifon-con-manguera-mediano#primaryimage\"},\"thumbnailUrl\":\"https:\\\/\\\/acuariosupremus.com\\\/wp-content\\\/uploads\\\/2022\\\/04\\\/azoo_super_siphon_02.jpg\",\"datePublished\":\"2022-04-24T19:00:10+00:00\",\"dateModified\":\"2025-12-23T23:38:38+00:00\",\"description\":\"Pr\u00e1ctico Sifonador de grava para todo tipo de acuarios. Permite limpiar los deshechos inorg\u00e1nicos que se acumulan irremediablemente en la grava del acuario.\",\"breadcrumb\":{\"@id\":\"https:\\\/\\\/acuariosupremus.com\\\/?product=azoo-super-siphon-sifon-con-manguera-mediano#breadcrumb\"},\"inLanguage\":\"es\",\"potentialAction\":[{\"@type\":\"ReadAction\",\"target\":[\"https:\\\/\\\/acuariosupremus.com\\\/?product=azoo-super-siphon-sifon-con-manguera-mediano\"]}]},{\"@type\":\"ImageObject\",\"inLanguage\":\"es\",\"@id\":\"https:\\\/\\\/acuariosupremus.com\\\/?product=azoo-super-siphon-sifon-con-manguera-mediano#primaryimage\",\"url\":\"https:\\\/\\\/acuariosupremus.com\\\/wp-content\\\/uploads\\\/2022\\\/04\\\/azoo_super_siphon_02.jpg\",\"contentUrl\":\"https:\\\/\\\/acuariosupremus.com\\\/wp-content\\\/uploads\\\/2022\\\/04\\\/azoo_super_siphon_02.jpg\",\"width\":1250,\"height\":1250},{\"@type\":\"BreadcrumbList\",\"@id\":\"https:\\\/\\\/acuariosupremus.com\\\/?product=azoo-super-siphon-sifon-con-manguera-mediano#breadcrumb\",\"itemListElement\":[{\"@type\":\"ListItem\",\"position\":1,\"name\":\"Portada\",\"item\":\"https:\\\/\\\/acuariosupremus.com\\\/\"},{\"@type\":\"ListItem\",\"position\":2,\"name\":\"Tienda\",\"item\":\"https:\\\/\\\/acuariosupremus.com\\\/tienda\\\/\"},{\"@type\":\"ListItem\",\"position\":3,\"name\":\"AZOO Super Siphon, sif\u00f3n con manguera, mediano.\"}]},{\"@type\":\"WebSite\",\"@id\":\"https:\\\/\\\/acuariosupremus.com\\\/#website\",\"url\":\"https:\\\/\\\/acuariosupremus.com\\\/\",\"name\":\"Acuario Supremus\",\"description\":\"Peces, Peceras y Mascotas.\",\"publisher\":{\"@id\":\"https:\\\/\\\/acuariosupremus.com\\\/#organization\"},\"potentialAction\":[{\"@type\":\"SearchAction\",\"target\":{\"@type\":\"EntryPoint\",\"urlTemplate\":\"https:\\\/\\\/acuariosupremus.com\\\/?s={search_term_string}\"},\"query-input\":{\"@type\":\"PropertyValueSpecification\",\"valueRequired\":true,\"valueName\":\"search_term_string\"}}],\"inLanguage\":\"es\"},{\"@type\":\"Organization\",\"@id\":\"https:\\\/\\\/acuariosupremus.com\\\/#organization\",\"name\":\"Acuario Supremus\",\"url\":\"https:\\\/\\\/acuariosupremus.com\\\/\",\"logo\":{\"@type\":\"ImageObject\",\"inLanguage\":\"es\",\"@id\":\"https:\\\/\\\/acuariosupremus.com\\\/#\\\/schema\\\/logo\\\/image\\\/\",\"url\":\"https:\\\/\\\/acuariosupremus.com\\\/wp-content\\\/uploads\\\/2021\\\/12\\\/cropped-logo_acuario_supremus_fn-2.png\",\"contentUrl\":\"https:\\\/\\\/acuariosupremus.com\\\/wp-content\\\/uploads\\\/2021\\\/12\\\/cropped-logo_acuario_supremus_fn-2.png\",\"width\":1000,\"height\":318,\"caption\":\"Acuario Supremus\"},\"image\":{\"@id\":\"https:\\\/\\\/acuariosupremus.com\\\/#\\\/schema\\\/logo\\\/image\\\/\"},\"sameAs\":[\"https:\\\/\\\/www.facebook.com\\\/AcuarioSupremus\",\"https:\\\/\\\/x.com\\\/AcuarioSupremus\",\"https:\\\/\\\/www.instagram.com\\\/acuariosupremus\\\/?hl=es\"]}]}<\/script>\n<!-- \/ Yoast SEO plugin. -->","yoast_head_json":{"title":"AZOO Super Siphon, sif\u00f3n con manguera, mediano. | Acuario Supremus","description":"Pr\u00e1ctico Sifonador de grava para todo tipo de acuarios. Permite limpiar los deshechos inorg\u00e1nicos que se acumulan irremediablemente en la grava del acuario.","robots":{"index":"index","follow":"follow","max-snippet":"max-snippet:-1","max-image-preview":"max-image-preview:large","max-video-preview":"max-video-preview:-1"},"canonical":"https:\/\/acuariosupremus.com\/?product=azoo-super-siphon-sifon-con-manguera-mediano","og_locale":"es_MX","og_type":"article","og_title":"AZOO Super Siphon, sif\u00f3n con manguera, mediano. | Acuario Supremus","og_description":"Pr\u00e1ctico Sifonador de grava para todo tipo de acuarios. Permite limpiar los deshechos inorg\u00e1nicos que se acumulan irremediablemente en la grava del acuario.","og_url":"https:\/\/acuariosupremus.com\/?product=azoo-super-siphon-sifon-con-manguera-mediano","og_site_name":"Acuario Supremus","article_publisher":"https:\/\/www.facebook.com\/AcuarioSupremus","article_modified_time":"2025-12-23T23:38:38+00:00","og_image":[{"width":1250,"height":1250,"url":"https:\/\/acuariosupremus.com\/wp-content\/uploads\/2022\/04\/azoo_super_siphon_02.jpg","type":"image\/jpeg"}],"twitter_card":"summary_large_image","twitter_site":"@AcuarioSupremus","twitter_misc":{"Tiempo de lectura":"3 minutos"},"schema":{"@context":"https:\/\/schema.org","@graph":[{"@type":"WebPage","@id":"https:\/\/acuariosupremus.com\/?product=azoo-super-siphon-sifon-con-manguera-mediano","url":"https:\/\/acuariosupremus.com\/?product=azoo-super-siphon-sifon-con-manguera-mediano","name":"AZOO Super Siphon, sif\u00f3n con manguera, mediano. | Acuario Supremus","isPartOf":{"@id":"https:\/\/acuariosupremus.com\/#website"},"primaryImageOfPage":{"@id":"https:\/\/acuariosupremus.com\/?product=azoo-super-siphon-sifon-con-manguera-mediano#primaryimage"},"image":{"@id":"https:\/\/acuariosupremus.com\/?product=azoo-super-siphon-sifon-con-manguera-mediano#primaryimage"},"thumbnailUrl":"https:\/\/acuariosupremus.com\/wp-content\/uploads\/2022\/04\/azoo_super_siphon_02.jpg","datePublished":"2022-04-24T19:00:10+00:00","dateModified":"2025-12-23T23:38:38+00:00","description":"Pr\u00e1ctico Sifonador de grava para todo tipo de acuarios. Permite limpiar los deshechos inorg\u00e1nicos que se acumulan irremediablemente en la grava del acuario.","breadcrumb":{"@id":"https:\/\/acuariosupremus.com\/?product=azoo-super-siphon-sifon-con-manguera-mediano#breadcrumb"},"inLanguage":"es","potentialAction":[{"@type":"ReadAction","target":["https:\/\/acuariosupremus.com\/?product=azoo-super-siphon-sifon-con-manguera-mediano"]}]},{"@type":"ImageObject","inLanguage":"es","@id":"https:\/\/acuariosupremus.com\/?product=azoo-super-siphon-sifon-con-manguera-mediano#primaryimage","url":"https:\/\/acuariosupremus.com\/wp-content\/uploads\/2022\/04\/azoo_super_siphon_02.jpg","contentUrl":"https:\/\/acuariosupremus.com\/wp-content\/uploads\/2022\/04\/azoo_super_siphon_02.jpg","width":1250,"height":1250},{"@type":"BreadcrumbList","@id":"https:\/\/acuariosupremus.com\/?product=azoo-super-siphon-sifon-con-manguera-mediano#breadcrumb","itemListElement":[{"@type":"ListItem","position":1,"name":"Portada","item":"https:\/\/acuariosupremus.com\/"},{"@type":"ListItem","position":2,"name":"Tienda","item":"https:\/\/acuariosupremus.com\/tienda\/"},{"@type":"ListItem","position":3,"name":"AZOO Super Siphon, sif\u00f3n con manguera, mediano."}]},{"@type":"WebSite","@id":"https:\/\/acuariosupremus.com\/#website","url":"https:\/\/acuariosupremus.com\/","name":"Acuario Supremus","description":"Peces, Peceras y Mascotas.","publisher":{"@id":"https:\/\/acuariosupremus.com\/#organization"},"potentialAction":[{"@type":"SearchAction","target":{"@type":"EntryPoint","urlTemplate":"https:\/\/acuariosupremus.com\/?s={search_term_string}"},"query-input":{"@type":"PropertyValueSpecification","valueRequired":true,"valueName":"search_term_string"}}],"inLanguage":"es"},{"@type":"Organization","@id":"https:\/\/acuariosupremus.com\/#organization","name":"Acuario Supremus","url":"https:\/\/acuariosupremus.com\/","logo":{"@type":"ImageObject","inLanguage":"es","@id":"https:\/\/acuariosupremus.com\/#\/schema\/logo\/image\/","url":"https:\/\/acuariosupremus.com\/wp-content\/uploads\/2021\/12\/cropped-logo_acuario_supremus_fn-2.png","contentUrl":"https:\/\/acuariosupremus.com\/wp-content\/uploads\/2021\/12\/cropped-logo_acuario_supremus_fn-2.png","width":1000,"height":318,"caption":"Acuario Supremus"},"image":{"@id":"https:\/\/acuariosupremus.com\/#\/schema\/logo\/image\/"},"sameAs":["https:\/\/www.facebook.com\/AcuarioSupremus","https:\/\/x.com\/AcuarioSupremus","https:\/\/www.instagram.com\/acuariosupremus\/?hl=es"]}]}},"jetpack_sharing_enabled":true,"_links":{"self":[{"href":"https:\/\/acuariosupremus.com\/index.php?rest_route=\/wp\/v2\/product\/7451","targetHints":{"allow":["GET"]}}],"collection":[{"href":"https:\/\/acuariosupremus.com\/index.php?rest_route=\/wp\/v2\/product"}],"about":[{"href":"https:\/\/acuariosupremus.com\/index.php?rest_route=\/wp\/v2\/types\/product"}],"wp:featuredmedia":[{"embeddable":true,"href":"https:\/\/acuariosupremus.com\/index.php?rest_route=\/wp\/v2\/media\/7453"}],"wp:attachment":[{"href":"https:\/\/acuariosupremus.com\/index.php?rest_route=%2Fwp%2Fv2%2Fmedia&parent=7451"}],"wp:term":[{"taxonomy":"product_brand","embeddable":true,"href":"https:\/\/acuariosupremus.com\/index.php?rest_route=%2Fwp%2Fv2%2Fproduct_brand&post=7451"},{"taxonomy":"product_cat","embeddable":true,"href":"https:\/\/acuariosupremus.com\/index.php?rest_route=%2Fwp%2Fv2%2Fproduct_cat&post=7451"},{"taxonomy":"product_tag","embeddable":true,"href":"https:\/\/acuariosupremus.com\/index.php?rest_route=%2Fwp%2Fv2%2Fproduct_tag&post=7451"}],"curies":[{"name":"wp","href":"https:\/\/api.w.org\/{rel}","templated":true}]}}