{"id":7465,"date":"2022-04-24T14:23:59","date_gmt":"2022-04-24T19:23:59","guid":{"rendered":"https:\/\/acuariosupremus.com\/?post_type=product&#038;p=7465"},"modified":"2025-12-23T17:40:29","modified_gmt":"2025-12-23T23:40:29","slug":"azoo-palm-thermometer-mini-termometro","status":"publish","type":"product","link":"https:\/\/acuariosupremus.com\/?product=azoo-palm-thermometer-mini-termometro","title":{"rendered":"AZOO Palm Thermometer (Mini-Term\u00f3metro)."},"content":{"rendered":"<p>1. Saque el term\u00f3metro de su blister y enju\u00e1guelo brevemente con agua limpia.<br \/>\n2. Seleccione un \u00e1rea dentro del acuario y bajo el agua, con suficiente circulaci\u00f3n y lo m\u00e1s lejos posible del calentador o enfriador si los hubiera. Son preferibles las \u00e1reas de mayor acceso y f\u00e1cil observaci\u00f3n, como el cristal delantero del acuario o del sumidero. Una vez elegido el lugar, limpie la superficie donde se va a ubicar la ventosa y presi\u00f3nela con cuidado para asegurar su fijaci\u00f3n.<br \/>\n3. La ventosa est\u00e1 posicionada por defecto para colocar el term\u00f3metro en un vidrio posterior. Para colocar el term\u00f3metro en el vidrio delantero simplemente gire la ventosa 180 grados.<br \/>\n4. Espere al menos 30 minutos para obtener una lectura fiable de la temperatura de agua. Especialmente tras introducir el term\u00f3metro en el acuario tras un cambio de agua.<br \/>\n5. Para limpiarlo puede desmontarlo y frotarlo con un pa\u00f1o no abrasivo. Para eliminar incrustaciones calc\u00e1reas o de algas, puede sumergirlo en cloro diluido en agua al 50% y despu\u00e9s enjuagarlo a conciencia para eliminar los restos de cloro.<br \/>\nPRECAUCIONES:<br \/>\n\u2022 Tenga en cuenta que para una obtener mejor transferencia t\u00e9rmica la c\u00e1psula capilar del term\u00f3metro est\u00e1 hecha de vidrio. Manip\u00falelo con cuidado y mant\u00e9ngalo lejos de ni\u00f1os y mascotas. En caso de ingesti\u00f3n acuda al m\u00e9dico o al veterinario seg\u00fan corresponda. Puede romperse si es golpeado o se cae al suelo.<br \/>\n\u2022 El contenido l\u00edquido del term\u00f3metro es una soluci\u00f3n de colorante rojo en un aldeh\u00eddo. Este fluido es t\u00f3xico. En caso de ingesti\u00f3n acuda al m\u00e9dico o al veterinario seg\u00fan corresponda.<\/p>\n<p>P\/V Neto:<br \/>\n5 (grs.)<br \/>\nPeso total:<br \/>\n0.005 (Kg.) con embalaje<br \/>\nTama\u00f1o mm<br \/>\n60 x 17 x 130 (l x a x h) con embalaje<\/p>\n","protected":false},"excerpt":{"rendered":"<p>Term\u00f3metro para todo tipo de acuarios muy preciso y de peque\u00f1as dimensiones. A pesar de sus seis cent\u00edmetros de longitud ofrece al aficionado una lectura clara y precisa, aportando al tiempo un dise\u00f1o compacto, elegante y discreto. Estas cualidades resultan ideales para cubrir las necesidades tanto de los acuarios de peque\u00f1o tama\u00f1o como de los populares nano-acuarios. Ofrece un rango de medici\u00f3n de 20 a 25 grados cent\u00edgrados (\u00b0C), cubriendo las necesidades generales de temperatura para la mayor\u00eda de especies que mantenemos. Est\u00e1 fabricado con componentes y procesos industriales de alta calidad, que garantizan una alta fiabilidad y precisi\u00f3n en la lectura, as\u00ed como una larga vida \u00fatil de la ventosa de silicona.<\/p>\n","protected":false},"featured_media":7466,"template":"","meta":[],"product_brand":[118],"product_cat":[40,64],"product_tag":[243],"class_list":{"0":"post-7465","1":"product","2":"type-product","3":"status-publish","4":"has-post-thumbnail","6":"product_brand-azoo","7":"product_cat-peces","8":"product_cat-termometros-y-densimetros","9":"product_tag-termometro","11":"first","12":"instock","13":"sale","14":"shipping-taxable","15":"purchasable","16":"product-type-simple"},"yoast_head":"<!-- This site is optimized with the Yoast SEO plugin v27.4 - https:\/\/yoast.com\/product\/yoast-seo-wordpress\/ -->\n<title>AZOO Palm Thermometer (Mini-Term\u00f3metro). | Acuario Supremus<\/title>\n<meta name=\"description\" content=\"Term\u00f3metro para todo tipo de acuarios muy preciso y de peque\u00f1as dimensiones, util en acuarios de peque\u00f1o tama\u00f1o como de los populares nano-acuarios.\" \/>\n<meta name=\"robots\" content=\"index, follow, max-snippet:-1, max-image-preview:large, max-video-preview:-1\" \/>\n<link rel=\"canonical\" href=\"https:\/\/acuariosupremus.com\/?product=azoo-palm-thermometer-mini-termometro\" \/>\n<meta property=\"og:locale\" content=\"es_MX\" \/>\n<meta property=\"og:type\" content=\"article\" \/>\n<meta property=\"og:title\" content=\"AZOO Palm Thermometer (Mini-Term\u00f3metro). | Acuario Supremus\" \/>\n<meta property=\"og:description\" content=\"Term\u00f3metro para todo tipo de acuarios muy preciso y de peque\u00f1as dimensiones, util en acuarios de peque\u00f1o tama\u00f1o como de los populares nano-acuarios.\" \/>\n<meta property=\"og:url\" content=\"https:\/\/acuariosupremus.com\/?product=azoo-palm-thermometer-mini-termometro\" \/>\n<meta property=\"og:site_name\" content=\"Acuario Supremus\" \/>\n<meta property=\"article:publisher\" content=\"https:\/\/www.facebook.com\/AcuarioSupremus\" \/>\n<meta property=\"article:modified_time\" content=\"2025-12-23T23:40:29+00:00\" \/>\n<meta property=\"og:image\" content=\"https:\/\/acuariosupremus.com\/wp-content\/uploads\/2022\/04\/azoo_palm_thermomenter_01.jpg\" \/>\n\t<meta property=\"og:image:width\" content=\"1250\" \/>\n\t<meta property=\"og:image:height\" content=\"1250\" \/>\n\t<meta property=\"og:image:type\" content=\"image\/jpeg\" \/>\n<meta name=\"twitter:card\" content=\"summary_large_image\" \/>\n<meta name=\"twitter:site\" content=\"@AcuarioSupremus\" \/>\n<meta name=\"twitter:label1\" content=\"Tiempo de lectura\" \/>\n\t<meta name=\"twitter:data1\" content=\"2 minutos\" \/>\n<script type=\"application\/ld+json\" class=\"yoast-schema-graph\">{\"@context\":\"https:\\\/\\\/schema.org\",\"@graph\":[{\"@type\":\"WebPage\",\"@id\":\"https:\\\/\\\/acuariosupremus.com\\\/?product=azoo-palm-thermometer-mini-termometro\",\"url\":\"https:\\\/\\\/acuariosupremus.com\\\/?product=azoo-palm-thermometer-mini-termometro\",\"name\":\"AZOO Palm Thermometer (Mini-Term\u00f3metro). | Acuario Supremus\",\"isPartOf\":{\"@id\":\"https:\\\/\\\/acuariosupremus.com\\\/#website\"},\"primaryImageOfPage\":{\"@id\":\"https:\\\/\\\/acuariosupremus.com\\\/?product=azoo-palm-thermometer-mini-termometro#primaryimage\"},\"image\":{\"@id\":\"https:\\\/\\\/acuariosupremus.com\\\/?product=azoo-palm-thermometer-mini-termometro#primaryimage\"},\"thumbnailUrl\":\"https:\\\/\\\/acuariosupremus.com\\\/wp-content\\\/uploads\\\/2022\\\/04\\\/azoo_palm_thermomenter_01.jpg\",\"datePublished\":\"2022-04-24T19:23:59+00:00\",\"dateModified\":\"2025-12-23T23:40:29+00:00\",\"description\":\"Term\u00f3metro para todo tipo de acuarios muy preciso y de peque\u00f1as dimensiones, util en acuarios de peque\u00f1o tama\u00f1o como de los populares nano-acuarios.\",\"breadcrumb\":{\"@id\":\"https:\\\/\\\/acuariosupremus.com\\\/?product=azoo-palm-thermometer-mini-termometro#breadcrumb\"},\"inLanguage\":\"es\",\"potentialAction\":[{\"@type\":\"ReadAction\",\"target\":[\"https:\\\/\\\/acuariosupremus.com\\\/?product=azoo-palm-thermometer-mini-termometro\"]}]},{\"@type\":\"ImageObject\",\"inLanguage\":\"es\",\"@id\":\"https:\\\/\\\/acuariosupremus.com\\\/?product=azoo-palm-thermometer-mini-termometro#primaryimage\",\"url\":\"https:\\\/\\\/acuariosupremus.com\\\/wp-content\\\/uploads\\\/2022\\\/04\\\/azoo_palm_thermomenter_01.jpg\",\"contentUrl\":\"https:\\\/\\\/acuariosupremus.com\\\/wp-content\\\/uploads\\\/2022\\\/04\\\/azoo_palm_thermomenter_01.jpg\",\"width\":1250,\"height\":1250},{\"@type\":\"BreadcrumbList\",\"@id\":\"https:\\\/\\\/acuariosupremus.com\\\/?product=azoo-palm-thermometer-mini-termometro#breadcrumb\",\"itemListElement\":[{\"@type\":\"ListItem\",\"position\":1,\"name\":\"Portada\",\"item\":\"https:\\\/\\\/acuariosupremus.com\\\/\"},{\"@type\":\"ListItem\",\"position\":2,\"name\":\"Tienda\",\"item\":\"https:\\\/\\\/acuariosupremus.com\\\/tienda\\\/\"},{\"@type\":\"ListItem\",\"position\":3,\"name\":\"AZOO Palm Thermometer (Mini-Term\u00f3metro).\"}]},{\"@type\":\"WebSite\",\"@id\":\"https:\\\/\\\/acuariosupremus.com\\\/#website\",\"url\":\"https:\\\/\\\/acuariosupremus.com\\\/\",\"name\":\"Acuario Supremus\",\"description\":\"Peces, Peceras y Mascotas.\",\"publisher\":{\"@id\":\"https:\\\/\\\/acuariosupremus.com\\\/#organization\"},\"potentialAction\":[{\"@type\":\"SearchAction\",\"target\":{\"@type\":\"EntryPoint\",\"urlTemplate\":\"https:\\\/\\\/acuariosupremus.com\\\/?s={search_term_string}\"},\"query-input\":{\"@type\":\"PropertyValueSpecification\",\"valueRequired\":true,\"valueName\":\"search_term_string\"}}],\"inLanguage\":\"es\"},{\"@type\":\"Organization\",\"@id\":\"https:\\\/\\\/acuariosupremus.com\\\/#organization\",\"name\":\"Acuario Supremus\",\"url\":\"https:\\\/\\\/acuariosupremus.com\\\/\",\"logo\":{\"@type\":\"ImageObject\",\"inLanguage\":\"es\",\"@id\":\"https:\\\/\\\/acuariosupremus.com\\\/#\\\/schema\\\/logo\\\/image\\\/\",\"url\":\"https:\\\/\\\/acuariosupremus.com\\\/wp-content\\\/uploads\\\/2021\\\/12\\\/cropped-logo_acuario_supremus_fn-2.png\",\"contentUrl\":\"https:\\\/\\\/acuariosupremus.com\\\/wp-content\\\/uploads\\\/2021\\\/12\\\/cropped-logo_acuario_supremus_fn-2.png\",\"width\":1000,\"height\":318,\"caption\":\"Acuario Supremus\"},\"image\":{\"@id\":\"https:\\\/\\\/acuariosupremus.com\\\/#\\\/schema\\\/logo\\\/image\\\/\"},\"sameAs\":[\"https:\\\/\\\/www.facebook.com\\\/AcuarioSupremus\",\"https:\\\/\\\/x.com\\\/AcuarioSupremus\",\"https:\\\/\\\/www.instagram.com\\\/acuariosupremus\\\/?hl=es\"]}]}<\/script>\n<!-- \/ Yoast SEO plugin. -->","yoast_head_json":{"title":"AZOO Palm Thermometer (Mini-Term\u00f3metro). | Acuario Supremus","description":"Term\u00f3metro para todo tipo de acuarios muy preciso y de peque\u00f1as dimensiones, util en acuarios de peque\u00f1o tama\u00f1o como de los populares nano-acuarios.","robots":{"index":"index","follow":"follow","max-snippet":"max-snippet:-1","max-image-preview":"max-image-preview:large","max-video-preview":"max-video-preview:-1"},"canonical":"https:\/\/acuariosupremus.com\/?product=azoo-palm-thermometer-mini-termometro","og_locale":"es_MX","og_type":"article","og_title":"AZOO Palm Thermometer (Mini-Term\u00f3metro). | Acuario Supremus","og_description":"Term\u00f3metro para todo tipo de acuarios muy preciso y de peque\u00f1as dimensiones, util en acuarios de peque\u00f1o tama\u00f1o como de los populares nano-acuarios.","og_url":"https:\/\/acuariosupremus.com\/?product=azoo-palm-thermometer-mini-termometro","og_site_name":"Acuario Supremus","article_publisher":"https:\/\/www.facebook.com\/AcuarioSupremus","article_modified_time":"2025-12-23T23:40:29+00:00","og_image":[{"width":1250,"height":1250,"url":"https:\/\/acuariosupremus.com\/wp-content\/uploads\/2022\/04\/azoo_palm_thermomenter_01.jpg","type":"image\/jpeg"}],"twitter_card":"summary_large_image","twitter_site":"@AcuarioSupremus","twitter_misc":{"Tiempo de lectura":"2 minutos"},"schema":{"@context":"https:\/\/schema.org","@graph":[{"@type":"WebPage","@id":"https:\/\/acuariosupremus.com\/?product=azoo-palm-thermometer-mini-termometro","url":"https:\/\/acuariosupremus.com\/?product=azoo-palm-thermometer-mini-termometro","name":"AZOO Palm Thermometer (Mini-Term\u00f3metro). | Acuario Supremus","isPartOf":{"@id":"https:\/\/acuariosupremus.com\/#website"},"primaryImageOfPage":{"@id":"https:\/\/acuariosupremus.com\/?product=azoo-palm-thermometer-mini-termometro#primaryimage"},"image":{"@id":"https:\/\/acuariosupremus.com\/?product=azoo-palm-thermometer-mini-termometro#primaryimage"},"thumbnailUrl":"https:\/\/acuariosupremus.com\/wp-content\/uploads\/2022\/04\/azoo_palm_thermomenter_01.jpg","datePublished":"2022-04-24T19:23:59+00:00","dateModified":"2025-12-23T23:40:29+00:00","description":"Term\u00f3metro para todo tipo de acuarios muy preciso y de peque\u00f1as dimensiones, util en acuarios de peque\u00f1o tama\u00f1o como de los populares nano-acuarios.","breadcrumb":{"@id":"https:\/\/acuariosupremus.com\/?product=azoo-palm-thermometer-mini-termometro#breadcrumb"},"inLanguage":"es","potentialAction":[{"@type":"ReadAction","target":["https:\/\/acuariosupremus.com\/?product=azoo-palm-thermometer-mini-termometro"]}]},{"@type":"ImageObject","inLanguage":"es","@id":"https:\/\/acuariosupremus.com\/?product=azoo-palm-thermometer-mini-termometro#primaryimage","url":"https:\/\/acuariosupremus.com\/wp-content\/uploads\/2022\/04\/azoo_palm_thermomenter_01.jpg","contentUrl":"https:\/\/acuariosupremus.com\/wp-content\/uploads\/2022\/04\/azoo_palm_thermomenter_01.jpg","width":1250,"height":1250},{"@type":"BreadcrumbList","@id":"https:\/\/acuariosupremus.com\/?product=azoo-palm-thermometer-mini-termometro#breadcrumb","itemListElement":[{"@type":"ListItem","position":1,"name":"Portada","item":"https:\/\/acuariosupremus.com\/"},{"@type":"ListItem","position":2,"name":"Tienda","item":"https:\/\/acuariosupremus.com\/tienda\/"},{"@type":"ListItem","position":3,"name":"AZOO Palm Thermometer (Mini-Term\u00f3metro)."}]},{"@type":"WebSite","@id":"https:\/\/acuariosupremus.com\/#website","url":"https:\/\/acuariosupremus.com\/","name":"Acuario Supremus","description":"Peces, Peceras y Mascotas.","publisher":{"@id":"https:\/\/acuariosupremus.com\/#organization"},"potentialAction":[{"@type":"SearchAction","target":{"@type":"EntryPoint","urlTemplate":"https:\/\/acuariosupremus.com\/?s={search_term_string}"},"query-input":{"@type":"PropertyValueSpecification","valueRequired":true,"valueName":"search_term_string"}}],"inLanguage":"es"},{"@type":"Organization","@id":"https:\/\/acuariosupremus.com\/#organization","name":"Acuario Supremus","url":"https:\/\/acuariosupremus.com\/","logo":{"@type":"ImageObject","inLanguage":"es","@id":"https:\/\/acuariosupremus.com\/#\/schema\/logo\/image\/","url":"https:\/\/acuariosupremus.com\/wp-content\/uploads\/2021\/12\/cropped-logo_acuario_supremus_fn-2.png","contentUrl":"https:\/\/acuariosupremus.com\/wp-content\/uploads\/2021\/12\/cropped-logo_acuario_supremus_fn-2.png","width":1000,"height":318,"caption":"Acuario Supremus"},"image":{"@id":"https:\/\/acuariosupremus.com\/#\/schema\/logo\/image\/"},"sameAs":["https:\/\/www.facebook.com\/AcuarioSupremus","https:\/\/x.com\/AcuarioSupremus","https:\/\/www.instagram.com\/acuariosupremus\/?hl=es"]}]}},"jetpack_sharing_enabled":true,"_links":{"self":[{"href":"https:\/\/acuariosupremus.com\/index.php?rest_route=\/wp\/v2\/product\/7465","targetHints":{"allow":["GET"]}}],"collection":[{"href":"https:\/\/acuariosupremus.com\/index.php?rest_route=\/wp\/v2\/product"}],"about":[{"href":"https:\/\/acuariosupremus.com\/index.php?rest_route=\/wp\/v2\/types\/product"}],"wp:featuredmedia":[{"embeddable":true,"href":"https:\/\/acuariosupremus.com\/index.php?rest_route=\/wp\/v2\/media\/7466"}],"wp:attachment":[{"href":"https:\/\/acuariosupremus.com\/index.php?rest_route=%2Fwp%2Fv2%2Fmedia&parent=7465"}],"wp:term":[{"taxonomy":"product_brand","embeddable":true,"href":"https:\/\/acuariosupremus.com\/index.php?rest_route=%2Fwp%2Fv2%2Fproduct_brand&post=7465"},{"taxonomy":"product_cat","embeddable":true,"href":"https:\/\/acuariosupremus.com\/index.php?rest_route=%2Fwp%2Fv2%2Fproduct_cat&post=7465"},{"taxonomy":"product_tag","embeddable":true,"href":"https:\/\/acuariosupremus.com\/index.php?rest_route=%2Fwp%2Fv2%2Fproduct_tag&post=7465"}],"curies":[{"name":"wp","href":"https:\/\/api.w.org\/{rel}","templated":true}]}}