{"id":7631,"date":"2022-04-25T17:27:05","date_gmt":"2022-04-25T22:27:05","guid":{"rendered":"https:\/\/acuariosupremus.com\/?post_type=product&#038;p=7631"},"modified":"2025-12-24T16:44:27","modified_gmt":"2025-12-24T22:44:27","slug":"delicias-de-camaron-para-peces-ornamentales-60-ml-20-g","status":"publish","type":"product","link":"https:\/\/acuariosupremus.com\/?product=delicias-de-camaron-para-peces-ornamentales-60-ml-20-g","title":{"rendered":"Delicias de camar\u00f3n para peces ornamentales 60 ml\/ 20 g."},"content":{"rendered":"<p>Prote\u00ednas 100% naturales procedentes de carne fresca, vegetales y algas marinas. 41% de Camarones espada silvestres y calamar fresco. 10% de espirulina natural y algas marinas. 0% de aditivos, colorantes artificiales o<br \/>\nsubproductos.<br \/>\nCARACTER\u00cdSTICAS:<br \/>\n100% nutrici\u00f3n natural y formulado para una palatabilidad superior Formulado con alto contenido de camarones espada silvestres (hasta 33%), calamar fresco, espirulina natural, ajo fresco reci\u00e9n cosechado, adem\u00e1s de<br \/>\nuna mezcla de ingredientes naturales cuidadosamente seleccionados. Esta f\u00f3rmula proporciona una gran palatabilidad y un gran valor nutritivo para todo tipo de peces ornamentales peque\u00f1os. Una ingesta r\u00e1pida<br \/>\nmantiene el agua limpia Elaborado con 10 horas de cocci\u00f3n a baja temperatura y enriquecido con probi\u00f3ticos intestinales, esta formulaci\u00f3n conserva los sabores naturales y los altos valores nutrimentales de sus<br \/>\ningredientes frescos. Ha sido dise\u00f1ado para que se ablande r\u00e1pidamente una vez en contacto con el agua, pero que no se desintegren, evitando as\u00ed la turbidez en el agua. Un ingesta f\u00e1cil por parte del pez ayuda con la<br \/>\ndigesti\u00f3n y completa absorci\u00f3n de los nutrimentos, reduciendo la excreci\u00f3n de desechos. Coloraci\u00f3n natural (10% espirulina australiana+ alga noruega) Formulaci\u00f3n patentada con espirulina australiana, algas marinas<br \/>\nnaturales y camar\u00f3n espada fresco de calidad Premium, mejora la coloraci\u00f3n natural de los peces, present\u00e1ndolos con sus colores m\u00e1s naturales y vivos, no con tonos moteados. Polisac\u00e1ridos de Ganoderma, ajo y<br \/>\nadicionado con vitaminas del grupo B para fortalecer su sistema inmune. F\u00f3rmula de Calidad Premium para un refuerzo inmunol\u00f3gico: rico en nutrientes valiosos como polisac\u00e1ridos de Ganoderma, ajo, espirulina<br \/>\naustraliana, vitamina A, D3, C, E, B1, B2, B6 y B12), \u03b2\u2010caroteno, minerales naturales y oligoelementos para fortalecer el sistema inmunol\u00f3gico de sus peces, estabilizar su metabolismo, aumentar la energ\u00eda y reducir el<br \/>\nriesgo del desarrollo de enfermedades.<\/p>\n<p>P\/V Neto:<br \/>\n(ml. \/grs.) 60 ml\/ 20 g.<br \/>\nTama\u00f1o mm.<br \/>\n40 x 40 x 71 (l x a x h)<br \/>\nPeso total: 35 (g)<\/p>\n","protected":false},"excerpt":{"rendered":"<p>Alimento ideal para todo tipo de peces ornamentales peque\u00f1os. Su f\u00f3rmula contiene una proporci\u00f3n entre carne<br \/>\ny otros vegetales de 7 a 3, ideal para la mayor\u00eda de peces viv\u00edparos y otras especies de peces tropicales peque\u00f1os.<\/p>\n<p>&nbsp;<\/p>\n","protected":false},"featured_media":7632,"template":"","meta":[],"product_brand":[121],"product_cat":[40,43],"product_tag":[148,150,574],"class_list":{"0":"post-7631","1":"product","2":"type-product","3":"status-publish","4":"has-post-thumbnail","6":"product_brand-ultrafresh","7":"product_cat-peces","8":"product_cat-alimentos","9":"product_tag-alimento-peces-tropicales","10":"product_tag-alimento-premium","11":"product_tag-microfloating-pellet","13":"first","14":"instock","15":"sale","16":"shipping-taxable","17":"purchasable","18":"product-type-simple"},"yoast_head":"<!-- This site is optimized with the Yoast SEO plugin v27.4 - https:\/\/yoast.com\/product\/yoast-seo-wordpress\/ -->\n<title>Delicias de camar\u00f3n para peces ornamentales 60 ml\/ 20 g. | Acuario Supremus<\/title>\n<meta name=\"description\" content=\"Contiene una proporci\u00f3n entre carne y otros vegetales de 7 a 3, ideal para la mayor\u00eda de peces viv\u00edparos y otras especies de peces tropicales peque\u00f1os.\" \/>\n<meta name=\"robots\" content=\"index, follow, max-snippet:-1, max-image-preview:large, max-video-preview:-1\" \/>\n<link rel=\"canonical\" href=\"https:\/\/acuariosupremus.com\/?product=delicias-de-camaron-para-peces-ornamentales-60-ml-20-g\" \/>\n<meta property=\"og:locale\" content=\"es_MX\" \/>\n<meta property=\"og:type\" content=\"article\" \/>\n<meta property=\"og:title\" content=\"Delicias de camar\u00f3n para peces ornamentales 60 ml\/ 20 g. | Acuario Supremus\" \/>\n<meta property=\"og:description\" content=\"Contiene una proporci\u00f3n entre carne y otros vegetales de 7 a 3, ideal para la mayor\u00eda de peces viv\u00edparos y otras especies de peces tropicales peque\u00f1os.\" \/>\n<meta property=\"og:url\" content=\"https:\/\/acuariosupremus.com\/?product=delicias-de-camaron-para-peces-ornamentales-60-ml-20-g\" \/>\n<meta property=\"og:site_name\" content=\"Acuario Supremus\" \/>\n<meta property=\"article:publisher\" content=\"https:\/\/www.facebook.com\/AcuarioSupremus\" \/>\n<meta property=\"article:modified_time\" content=\"2025-12-24T22:44:27+00:00\" \/>\n<meta property=\"og:image\" content=\"https:\/\/acuariosupremus.com\/wp-content\/uploads\/2022\/04\/ultra_fresh_delicias_de_camaron_peces_ornementales_01.jpg\" \/>\n\t<meta property=\"og:image:width\" content=\"1250\" \/>\n\t<meta property=\"og:image:height\" content=\"1250\" \/>\n\t<meta property=\"og:image:type\" content=\"image\/jpeg\" \/>\n<meta name=\"twitter:card\" content=\"summary_large_image\" \/>\n<meta name=\"twitter:site\" content=\"@AcuarioSupremus\" \/>\n<meta name=\"twitter:label1\" content=\"Tiempo de lectura\" \/>\n\t<meta name=\"twitter:data1\" content=\"2 minutos\" \/>\n<script type=\"application\/ld+json\" class=\"yoast-schema-graph\">{\"@context\":\"https:\\\/\\\/schema.org\",\"@graph\":[{\"@type\":\"WebPage\",\"@id\":\"https:\\\/\\\/acuariosupremus.com\\\/?product=delicias-de-camaron-para-peces-ornamentales-60-ml-20-g\",\"url\":\"https:\\\/\\\/acuariosupremus.com\\\/?product=delicias-de-camaron-para-peces-ornamentales-60-ml-20-g\",\"name\":\"Delicias de camar\u00f3n para peces ornamentales 60 ml\\\/ 20 g. | Acuario Supremus\",\"isPartOf\":{\"@id\":\"https:\\\/\\\/acuariosupremus.com\\\/#website\"},\"primaryImageOfPage\":{\"@id\":\"https:\\\/\\\/acuariosupremus.com\\\/?product=delicias-de-camaron-para-peces-ornamentales-60-ml-20-g#primaryimage\"},\"image\":{\"@id\":\"https:\\\/\\\/acuariosupremus.com\\\/?product=delicias-de-camaron-para-peces-ornamentales-60-ml-20-g#primaryimage\"},\"thumbnailUrl\":\"https:\\\/\\\/acuariosupremus.com\\\/wp-content\\\/uploads\\\/2022\\\/04\\\/ultra_fresh_delicias_de_camaron_peces_ornementales_01.jpg\",\"datePublished\":\"2022-04-25T22:27:05+00:00\",\"dateModified\":\"2025-12-24T22:44:27+00:00\",\"description\":\"Contiene una proporci\u00f3n entre carne y otros vegetales de 7 a 3, ideal para la mayor\u00eda de peces viv\u00edparos y otras especies de peces tropicales peque\u00f1os.\",\"breadcrumb\":{\"@id\":\"https:\\\/\\\/acuariosupremus.com\\\/?product=delicias-de-camaron-para-peces-ornamentales-60-ml-20-g#breadcrumb\"},\"inLanguage\":\"es\",\"potentialAction\":[{\"@type\":\"ReadAction\",\"target\":[\"https:\\\/\\\/acuariosupremus.com\\\/?product=delicias-de-camaron-para-peces-ornamentales-60-ml-20-g\"]}]},{\"@type\":\"ImageObject\",\"inLanguage\":\"es\",\"@id\":\"https:\\\/\\\/acuariosupremus.com\\\/?product=delicias-de-camaron-para-peces-ornamentales-60-ml-20-g#primaryimage\",\"url\":\"https:\\\/\\\/acuariosupremus.com\\\/wp-content\\\/uploads\\\/2022\\\/04\\\/ultra_fresh_delicias_de_camaron_peces_ornementales_01.jpg\",\"contentUrl\":\"https:\\\/\\\/acuariosupremus.com\\\/wp-content\\\/uploads\\\/2022\\\/04\\\/ultra_fresh_delicias_de_camaron_peces_ornementales_01.jpg\",\"width\":1250,\"height\":1250},{\"@type\":\"BreadcrumbList\",\"@id\":\"https:\\\/\\\/acuariosupremus.com\\\/?product=delicias-de-camaron-para-peces-ornamentales-60-ml-20-g#breadcrumb\",\"itemListElement\":[{\"@type\":\"ListItem\",\"position\":1,\"name\":\"Portada\",\"item\":\"https:\\\/\\\/acuariosupremus.com\\\/\"},{\"@type\":\"ListItem\",\"position\":2,\"name\":\"Tienda\",\"item\":\"https:\\\/\\\/acuariosupremus.com\\\/tienda\\\/\"},{\"@type\":\"ListItem\",\"position\":3,\"name\":\"Delicias de camar\u00f3n para peces ornamentales 60 ml\\\/ 20 g.\"}]},{\"@type\":\"WebSite\",\"@id\":\"https:\\\/\\\/acuariosupremus.com\\\/#website\",\"url\":\"https:\\\/\\\/acuariosupremus.com\\\/\",\"name\":\"Acuario Supremus\",\"description\":\"Peces, Peceras y Mascotas.\",\"publisher\":{\"@id\":\"https:\\\/\\\/acuariosupremus.com\\\/#organization\"},\"potentialAction\":[{\"@type\":\"SearchAction\",\"target\":{\"@type\":\"EntryPoint\",\"urlTemplate\":\"https:\\\/\\\/acuariosupremus.com\\\/?s={search_term_string}\"},\"query-input\":{\"@type\":\"PropertyValueSpecification\",\"valueRequired\":true,\"valueName\":\"search_term_string\"}}],\"inLanguage\":\"es\"},{\"@type\":\"Organization\",\"@id\":\"https:\\\/\\\/acuariosupremus.com\\\/#organization\",\"name\":\"Acuario Supremus\",\"url\":\"https:\\\/\\\/acuariosupremus.com\\\/\",\"logo\":{\"@type\":\"ImageObject\",\"inLanguage\":\"es\",\"@id\":\"https:\\\/\\\/acuariosupremus.com\\\/#\\\/schema\\\/logo\\\/image\\\/\",\"url\":\"https:\\\/\\\/acuariosupremus.com\\\/wp-content\\\/uploads\\\/2021\\\/12\\\/cropped-logo_acuario_supremus_fn-2.png\",\"contentUrl\":\"https:\\\/\\\/acuariosupremus.com\\\/wp-content\\\/uploads\\\/2021\\\/12\\\/cropped-logo_acuario_supremus_fn-2.png\",\"width\":1000,\"height\":318,\"caption\":\"Acuario Supremus\"},\"image\":{\"@id\":\"https:\\\/\\\/acuariosupremus.com\\\/#\\\/schema\\\/logo\\\/image\\\/\"},\"sameAs\":[\"https:\\\/\\\/www.facebook.com\\\/AcuarioSupremus\",\"https:\\\/\\\/x.com\\\/AcuarioSupremus\",\"https:\\\/\\\/www.instagram.com\\\/acuariosupremus\\\/?hl=es\"]}]}<\/script>\n<!-- \/ Yoast SEO plugin. -->","yoast_head_json":{"title":"Delicias de camar\u00f3n para peces ornamentales 60 ml\/ 20 g. | Acuario Supremus","description":"Contiene una proporci\u00f3n entre carne y otros vegetales de 7 a 3, ideal para la mayor\u00eda de peces viv\u00edparos y otras especies de peces tropicales peque\u00f1os.","robots":{"index":"index","follow":"follow","max-snippet":"max-snippet:-1","max-image-preview":"max-image-preview:large","max-video-preview":"max-video-preview:-1"},"canonical":"https:\/\/acuariosupremus.com\/?product=delicias-de-camaron-para-peces-ornamentales-60-ml-20-g","og_locale":"es_MX","og_type":"article","og_title":"Delicias de camar\u00f3n para peces ornamentales 60 ml\/ 20 g. | Acuario Supremus","og_description":"Contiene una proporci\u00f3n entre carne y otros vegetales de 7 a 3, ideal para la mayor\u00eda de peces viv\u00edparos y otras especies de peces tropicales peque\u00f1os.","og_url":"https:\/\/acuariosupremus.com\/?product=delicias-de-camaron-para-peces-ornamentales-60-ml-20-g","og_site_name":"Acuario Supremus","article_publisher":"https:\/\/www.facebook.com\/AcuarioSupremus","article_modified_time":"2025-12-24T22:44:27+00:00","og_image":[{"width":1250,"height":1250,"url":"https:\/\/acuariosupremus.com\/wp-content\/uploads\/2022\/04\/ultra_fresh_delicias_de_camaron_peces_ornementales_01.jpg","type":"image\/jpeg"}],"twitter_card":"summary_large_image","twitter_site":"@AcuarioSupremus","twitter_misc":{"Tiempo de lectura":"2 minutos"},"schema":{"@context":"https:\/\/schema.org","@graph":[{"@type":"WebPage","@id":"https:\/\/acuariosupremus.com\/?product=delicias-de-camaron-para-peces-ornamentales-60-ml-20-g","url":"https:\/\/acuariosupremus.com\/?product=delicias-de-camaron-para-peces-ornamentales-60-ml-20-g","name":"Delicias de camar\u00f3n para peces ornamentales 60 ml\/ 20 g. | Acuario Supremus","isPartOf":{"@id":"https:\/\/acuariosupremus.com\/#website"},"primaryImageOfPage":{"@id":"https:\/\/acuariosupremus.com\/?product=delicias-de-camaron-para-peces-ornamentales-60-ml-20-g#primaryimage"},"image":{"@id":"https:\/\/acuariosupremus.com\/?product=delicias-de-camaron-para-peces-ornamentales-60-ml-20-g#primaryimage"},"thumbnailUrl":"https:\/\/acuariosupremus.com\/wp-content\/uploads\/2022\/04\/ultra_fresh_delicias_de_camaron_peces_ornementales_01.jpg","datePublished":"2022-04-25T22:27:05+00:00","dateModified":"2025-12-24T22:44:27+00:00","description":"Contiene una proporci\u00f3n entre carne y otros vegetales de 7 a 3, ideal para la mayor\u00eda de peces viv\u00edparos y otras especies de peces tropicales peque\u00f1os.","breadcrumb":{"@id":"https:\/\/acuariosupremus.com\/?product=delicias-de-camaron-para-peces-ornamentales-60-ml-20-g#breadcrumb"},"inLanguage":"es","potentialAction":[{"@type":"ReadAction","target":["https:\/\/acuariosupremus.com\/?product=delicias-de-camaron-para-peces-ornamentales-60-ml-20-g"]}]},{"@type":"ImageObject","inLanguage":"es","@id":"https:\/\/acuariosupremus.com\/?product=delicias-de-camaron-para-peces-ornamentales-60-ml-20-g#primaryimage","url":"https:\/\/acuariosupremus.com\/wp-content\/uploads\/2022\/04\/ultra_fresh_delicias_de_camaron_peces_ornementales_01.jpg","contentUrl":"https:\/\/acuariosupremus.com\/wp-content\/uploads\/2022\/04\/ultra_fresh_delicias_de_camaron_peces_ornementales_01.jpg","width":1250,"height":1250},{"@type":"BreadcrumbList","@id":"https:\/\/acuariosupremus.com\/?product=delicias-de-camaron-para-peces-ornamentales-60-ml-20-g#breadcrumb","itemListElement":[{"@type":"ListItem","position":1,"name":"Portada","item":"https:\/\/acuariosupremus.com\/"},{"@type":"ListItem","position":2,"name":"Tienda","item":"https:\/\/acuariosupremus.com\/tienda\/"},{"@type":"ListItem","position":3,"name":"Delicias de camar\u00f3n para peces ornamentales 60 ml\/ 20 g."}]},{"@type":"WebSite","@id":"https:\/\/acuariosupremus.com\/#website","url":"https:\/\/acuariosupremus.com\/","name":"Acuario Supremus","description":"Peces, Peceras y Mascotas.","publisher":{"@id":"https:\/\/acuariosupremus.com\/#organization"},"potentialAction":[{"@type":"SearchAction","target":{"@type":"EntryPoint","urlTemplate":"https:\/\/acuariosupremus.com\/?s={search_term_string}"},"query-input":{"@type":"PropertyValueSpecification","valueRequired":true,"valueName":"search_term_string"}}],"inLanguage":"es"},{"@type":"Organization","@id":"https:\/\/acuariosupremus.com\/#organization","name":"Acuario Supremus","url":"https:\/\/acuariosupremus.com\/","logo":{"@type":"ImageObject","inLanguage":"es","@id":"https:\/\/acuariosupremus.com\/#\/schema\/logo\/image\/","url":"https:\/\/acuariosupremus.com\/wp-content\/uploads\/2021\/12\/cropped-logo_acuario_supremus_fn-2.png","contentUrl":"https:\/\/acuariosupremus.com\/wp-content\/uploads\/2021\/12\/cropped-logo_acuario_supremus_fn-2.png","width":1000,"height":318,"caption":"Acuario Supremus"},"image":{"@id":"https:\/\/acuariosupremus.com\/#\/schema\/logo\/image\/"},"sameAs":["https:\/\/www.facebook.com\/AcuarioSupremus","https:\/\/x.com\/AcuarioSupremus","https:\/\/www.instagram.com\/acuariosupremus\/?hl=es"]}]}},"jetpack_sharing_enabled":true,"_links":{"self":[{"href":"https:\/\/acuariosupremus.com\/index.php?rest_route=\/wp\/v2\/product\/7631","targetHints":{"allow":["GET"]}}],"collection":[{"href":"https:\/\/acuariosupremus.com\/index.php?rest_route=\/wp\/v2\/product"}],"about":[{"href":"https:\/\/acuariosupremus.com\/index.php?rest_route=\/wp\/v2\/types\/product"}],"wp:featuredmedia":[{"embeddable":true,"href":"https:\/\/acuariosupremus.com\/index.php?rest_route=\/wp\/v2\/media\/7632"}],"wp:attachment":[{"href":"https:\/\/acuariosupremus.com\/index.php?rest_route=%2Fwp%2Fv2%2Fmedia&parent=7631"}],"wp:term":[{"taxonomy":"product_brand","embeddable":true,"href":"https:\/\/acuariosupremus.com\/index.php?rest_route=%2Fwp%2Fv2%2Fproduct_brand&post=7631"},{"taxonomy":"product_cat","embeddable":true,"href":"https:\/\/acuariosupremus.com\/index.php?rest_route=%2Fwp%2Fv2%2Fproduct_cat&post=7631"},{"taxonomy":"product_tag","embeddable":true,"href":"https:\/\/acuariosupremus.com\/index.php?rest_route=%2Fwp%2Fv2%2Fproduct_tag&post=7631"}],"curies":[{"name":"wp","href":"https:\/\/api.w.org\/{rel}","templated":true}]}}