{"id":7874,"date":"2022-04-28T16:04:29","date_gmt":"2022-04-28T21:04:29","guid":{"rendered":"https:\/\/acuariosupremus.com\/?post_type=product&#038;p=7874"},"modified":"2025-05-07T19:40:51","modified_gmt":"2025-05-08T01:40:51","slug":"bomba-sumergible-150-lph-boyu-sp-500","status":"publish","type":"product","link":"https:\/\/acuariosupremus.com\/?product=bomba-sumergible-150-lph-boyu-sp-500","title":{"rendered":"Bomba sumergible 150 lph BOYU SP-500"},"content":{"rendered":"<p>Tambi\u00e9n pueden ser ubicadas discretamente en la superficie del acuario para generar aireaci\u00f3n, contando adem\u00e1s los modelos SP-601 y SP-602 con un sistema Venturi f\u00e1cilmente intercambiable. Sus peque\u00f1as dimensiones no le impiden rendir hasta 340 litros por hora con unas bajas emisiones de ruido y vibraci\u00f3n, pudiendo suministrar suficiente flujo y aireaci\u00f3n incluso en acuarios que superan los 100 litros de capacidad. Est\u00e1n construidas con pl\u00e1stico ABS de gran calidad que aporta una gran robustez a la estructura, y su fuerte rotor con eje de acero inoxidable asegura una larga vida de uso con un bajo mantenimiento.<\/p>\n<p>Corriente: 127V\/60Hz (V\/HZ) Consumo 6 (W\/h) Protecci\u00f3n al agua: IPX68 Long. Cable\u00a0 144 (cm) Tipo de enchufe: \u201cA\u201d 2 pines Peso: 150 (grs.) Dimensiones: 50 x 43 x 46 (l x a x h, mm) Peso c. embalaje: 185 (grs.) Dim. embalaje: 125 x 75 x 70 (l x a x h, mm).<\/p>\n<p>Sistemas entre: 20 &#8211; 50 (L) Caudal aprox: 150 (l\/h)\u00a0 Cap. elevaci\u00f3n: 60 (cent\u00edmetros) Temp. Min\/ M\u00e1x: 5-40 (\u00b0C).<\/p>\n","protected":false},"excerpt":{"rendered":"<p>Peque\u00f1as pero potentes.<br \/>\nBombas de agua compactas BOYU SP para acuarios peque\u00f1os y medianos. Est\u00e1n dise\u00f1adas para generar circulaci\u00f3n y aireaci\u00f3n adem\u00e1s de accionar los filtros m\u00e1s comunes en acuarios de este tama\u00f1o. Gracias a sus reducidas dimensiones, estas bombas son especialmente apreciadas por su gran eficacia y adaptabilidad al ser instaladas en pr\u00e1cticamente cualquier filtro interior tipo \u201ccaja\u201d.<\/p>\n","protected":false},"featured_media":7875,"template":"","meta":[],"product_brand":[122],"product_cat":[40,93],"product_tag":[624,626,173],"class_list":{"0":"post-7874","1":"product","2":"type-product","3":"status-publish","4":"has-post-thumbnail","6":"product_brand-boyu","7":"product_cat-peces","8":"product_cat-bombas-fuente-y-estanque","9":"product_tag-bomba-boyu","10":"product_tag-bomba-boyu-sp","11":"product_tag-fuente","13":"first","14":"instock","15":"sale","16":"shipping-taxable","17":"purchasable","18":"product-type-simple"},"yoast_head":"<!-- This site is optimized with the Yoast SEO plugin v27.4 - https:\/\/yoast.com\/product\/yoast-seo-wordpress\/ -->\n<title>Bomba sumergible 150 lph BOYU SP-500 | Acuario Supremus<\/title>\n<meta name=\"description\" content=\"Peque\u00f1as pero potentes.Bombas de agua compactas BOYU SP para acuarios peque\u00f1os y medianos.\" \/>\n<meta name=\"robots\" content=\"index, follow, max-snippet:-1, max-image-preview:large, max-video-preview:-1\" \/>\n<link rel=\"canonical\" href=\"https:\/\/acuariosupremus.com\/?product=bomba-sumergible-150-lph-boyu-sp-500\" \/>\n<meta property=\"og:locale\" content=\"es_MX\" \/>\n<meta property=\"og:type\" content=\"article\" \/>\n<meta property=\"og:title\" content=\"Bomba sumergible 150 lph BOYU SP-500 | Acuario Supremus\" \/>\n<meta property=\"og:description\" content=\"Peque\u00f1as pero potentes.Bombas de agua compactas BOYU SP para acuarios peque\u00f1os y medianos.\" \/>\n<meta property=\"og:url\" content=\"https:\/\/acuariosupremus.com\/?product=bomba-sumergible-150-lph-boyu-sp-500\" \/>\n<meta property=\"og:site_name\" content=\"Acuario Supremus\" \/>\n<meta property=\"article:publisher\" content=\"https:\/\/www.facebook.com\/AcuarioSupremus\" \/>\n<meta property=\"article:modified_time\" content=\"2025-05-08T01:40:51+00:00\" \/>\n<meta property=\"og:image\" content=\"https:\/\/acuariosupremus.com\/wp-content\/uploads\/2022\/04\/bomba_compacta__sp_500_01.jpg\" \/>\n\t<meta property=\"og:image:width\" content=\"1250\" \/>\n\t<meta property=\"og:image:height\" content=\"1250\" \/>\n\t<meta property=\"og:image:type\" content=\"image\/jpeg\" \/>\n<meta name=\"twitter:card\" content=\"summary_large_image\" \/>\n<meta name=\"twitter:site\" content=\"@AcuarioSupremus\" \/>\n<meta name=\"twitter:label1\" content=\"Tiempo de lectura\" \/>\n\t<meta name=\"twitter:data1\" content=\"1 minuto\" \/>\n<script type=\"application\/ld+json\" class=\"yoast-schema-graph\">{\"@context\":\"https:\\\/\\\/schema.org\",\"@graph\":[{\"@type\":\"WebPage\",\"@id\":\"https:\\\/\\\/acuariosupremus.com\\\/?product=bomba-sumergible-150-lph-boyu-sp-500\",\"url\":\"https:\\\/\\\/acuariosupremus.com\\\/?product=bomba-sumergible-150-lph-boyu-sp-500\",\"name\":\"Bomba sumergible 150 lph BOYU SP-500 | Acuario Supremus\",\"isPartOf\":{\"@id\":\"https:\\\/\\\/acuariosupremus.com\\\/#website\"},\"primaryImageOfPage\":{\"@id\":\"https:\\\/\\\/acuariosupremus.com\\\/?product=bomba-sumergible-150-lph-boyu-sp-500#primaryimage\"},\"image\":{\"@id\":\"https:\\\/\\\/acuariosupremus.com\\\/?product=bomba-sumergible-150-lph-boyu-sp-500#primaryimage\"},\"thumbnailUrl\":\"https:\\\/\\\/acuariosupremus.com\\\/wp-content\\\/uploads\\\/2022\\\/04\\\/bomba_compacta__sp_500_01.jpg\",\"datePublished\":\"2022-04-28T21:04:29+00:00\",\"dateModified\":\"2025-05-08T01:40:51+00:00\",\"description\":\"Peque\u00f1as pero potentes.Bombas de agua compactas BOYU SP para acuarios peque\u00f1os y medianos.\",\"breadcrumb\":{\"@id\":\"https:\\\/\\\/acuariosupremus.com\\\/?product=bomba-sumergible-150-lph-boyu-sp-500#breadcrumb\"},\"inLanguage\":\"es\",\"potentialAction\":[{\"@type\":\"ReadAction\",\"target\":[\"https:\\\/\\\/acuariosupremus.com\\\/?product=bomba-sumergible-150-lph-boyu-sp-500\"]}]},{\"@type\":\"ImageObject\",\"inLanguage\":\"es\",\"@id\":\"https:\\\/\\\/acuariosupremus.com\\\/?product=bomba-sumergible-150-lph-boyu-sp-500#primaryimage\",\"url\":\"https:\\\/\\\/acuariosupremus.com\\\/wp-content\\\/uploads\\\/2022\\\/04\\\/bomba_compacta__sp_500_01.jpg\",\"contentUrl\":\"https:\\\/\\\/acuariosupremus.com\\\/wp-content\\\/uploads\\\/2022\\\/04\\\/bomba_compacta__sp_500_01.jpg\",\"width\":1250,\"height\":1250},{\"@type\":\"BreadcrumbList\",\"@id\":\"https:\\\/\\\/acuariosupremus.com\\\/?product=bomba-sumergible-150-lph-boyu-sp-500#breadcrumb\",\"itemListElement\":[{\"@type\":\"ListItem\",\"position\":1,\"name\":\"Portada\",\"item\":\"https:\\\/\\\/acuariosupremus.com\\\/\"},{\"@type\":\"ListItem\",\"position\":2,\"name\":\"Tienda\",\"item\":\"https:\\\/\\\/acuariosupremus.com\\\/tienda\\\/\"},{\"@type\":\"ListItem\",\"position\":3,\"name\":\"Bomba sumergible 150 lph BOYU SP-500\"}]},{\"@type\":\"WebSite\",\"@id\":\"https:\\\/\\\/acuariosupremus.com\\\/#website\",\"url\":\"https:\\\/\\\/acuariosupremus.com\\\/\",\"name\":\"Acuario Supremus\",\"description\":\"Peces, Peceras y Mascotas.\",\"publisher\":{\"@id\":\"https:\\\/\\\/acuariosupremus.com\\\/#organization\"},\"potentialAction\":[{\"@type\":\"SearchAction\",\"target\":{\"@type\":\"EntryPoint\",\"urlTemplate\":\"https:\\\/\\\/acuariosupremus.com\\\/?s={search_term_string}\"},\"query-input\":{\"@type\":\"PropertyValueSpecification\",\"valueRequired\":true,\"valueName\":\"search_term_string\"}}],\"inLanguage\":\"es\"},{\"@type\":\"Organization\",\"@id\":\"https:\\\/\\\/acuariosupremus.com\\\/#organization\",\"name\":\"Acuario Supremus\",\"url\":\"https:\\\/\\\/acuariosupremus.com\\\/\",\"logo\":{\"@type\":\"ImageObject\",\"inLanguage\":\"es\",\"@id\":\"https:\\\/\\\/acuariosupremus.com\\\/#\\\/schema\\\/logo\\\/image\\\/\",\"url\":\"https:\\\/\\\/acuariosupremus.com\\\/wp-content\\\/uploads\\\/2021\\\/12\\\/cropped-logo_acuario_supremus_fn-2.png\",\"contentUrl\":\"https:\\\/\\\/acuariosupremus.com\\\/wp-content\\\/uploads\\\/2021\\\/12\\\/cropped-logo_acuario_supremus_fn-2.png\",\"width\":1000,\"height\":318,\"caption\":\"Acuario Supremus\"},\"image\":{\"@id\":\"https:\\\/\\\/acuariosupremus.com\\\/#\\\/schema\\\/logo\\\/image\\\/\"},\"sameAs\":[\"https:\\\/\\\/www.facebook.com\\\/AcuarioSupremus\",\"https:\\\/\\\/x.com\\\/AcuarioSupremus\",\"https:\\\/\\\/www.instagram.com\\\/acuariosupremus\\\/?hl=es\"]}]}<\/script>\n<!-- \/ Yoast SEO plugin. -->","yoast_head_json":{"title":"Bomba sumergible 150 lph BOYU SP-500 | Acuario Supremus","description":"Peque\u00f1as pero potentes.Bombas de agua compactas BOYU SP para acuarios peque\u00f1os y medianos.","robots":{"index":"index","follow":"follow","max-snippet":"max-snippet:-1","max-image-preview":"max-image-preview:large","max-video-preview":"max-video-preview:-1"},"canonical":"https:\/\/acuariosupremus.com\/?product=bomba-sumergible-150-lph-boyu-sp-500","og_locale":"es_MX","og_type":"article","og_title":"Bomba sumergible 150 lph BOYU SP-500 | Acuario Supremus","og_description":"Peque\u00f1as pero potentes.Bombas de agua compactas BOYU SP para acuarios peque\u00f1os y medianos.","og_url":"https:\/\/acuariosupremus.com\/?product=bomba-sumergible-150-lph-boyu-sp-500","og_site_name":"Acuario Supremus","article_publisher":"https:\/\/www.facebook.com\/AcuarioSupremus","article_modified_time":"2025-05-08T01:40:51+00:00","og_image":[{"width":1250,"height":1250,"url":"https:\/\/acuariosupremus.com\/wp-content\/uploads\/2022\/04\/bomba_compacta__sp_500_01.jpg","type":"image\/jpeg"}],"twitter_card":"summary_large_image","twitter_site":"@AcuarioSupremus","twitter_misc":{"Tiempo de lectura":"1 minuto"},"schema":{"@context":"https:\/\/schema.org","@graph":[{"@type":"WebPage","@id":"https:\/\/acuariosupremus.com\/?product=bomba-sumergible-150-lph-boyu-sp-500","url":"https:\/\/acuariosupremus.com\/?product=bomba-sumergible-150-lph-boyu-sp-500","name":"Bomba sumergible 150 lph BOYU SP-500 | Acuario Supremus","isPartOf":{"@id":"https:\/\/acuariosupremus.com\/#website"},"primaryImageOfPage":{"@id":"https:\/\/acuariosupremus.com\/?product=bomba-sumergible-150-lph-boyu-sp-500#primaryimage"},"image":{"@id":"https:\/\/acuariosupremus.com\/?product=bomba-sumergible-150-lph-boyu-sp-500#primaryimage"},"thumbnailUrl":"https:\/\/acuariosupremus.com\/wp-content\/uploads\/2022\/04\/bomba_compacta__sp_500_01.jpg","datePublished":"2022-04-28T21:04:29+00:00","dateModified":"2025-05-08T01:40:51+00:00","description":"Peque\u00f1as pero potentes.Bombas de agua compactas BOYU SP para acuarios peque\u00f1os y medianos.","breadcrumb":{"@id":"https:\/\/acuariosupremus.com\/?product=bomba-sumergible-150-lph-boyu-sp-500#breadcrumb"},"inLanguage":"es","potentialAction":[{"@type":"ReadAction","target":["https:\/\/acuariosupremus.com\/?product=bomba-sumergible-150-lph-boyu-sp-500"]}]},{"@type":"ImageObject","inLanguage":"es","@id":"https:\/\/acuariosupremus.com\/?product=bomba-sumergible-150-lph-boyu-sp-500#primaryimage","url":"https:\/\/acuariosupremus.com\/wp-content\/uploads\/2022\/04\/bomba_compacta__sp_500_01.jpg","contentUrl":"https:\/\/acuariosupremus.com\/wp-content\/uploads\/2022\/04\/bomba_compacta__sp_500_01.jpg","width":1250,"height":1250},{"@type":"BreadcrumbList","@id":"https:\/\/acuariosupremus.com\/?product=bomba-sumergible-150-lph-boyu-sp-500#breadcrumb","itemListElement":[{"@type":"ListItem","position":1,"name":"Portada","item":"https:\/\/acuariosupremus.com\/"},{"@type":"ListItem","position":2,"name":"Tienda","item":"https:\/\/acuariosupremus.com\/tienda\/"},{"@type":"ListItem","position":3,"name":"Bomba sumergible 150 lph BOYU SP-500"}]},{"@type":"WebSite","@id":"https:\/\/acuariosupremus.com\/#website","url":"https:\/\/acuariosupremus.com\/","name":"Acuario Supremus","description":"Peces, Peceras y Mascotas.","publisher":{"@id":"https:\/\/acuariosupremus.com\/#organization"},"potentialAction":[{"@type":"SearchAction","target":{"@type":"EntryPoint","urlTemplate":"https:\/\/acuariosupremus.com\/?s={search_term_string}"},"query-input":{"@type":"PropertyValueSpecification","valueRequired":true,"valueName":"search_term_string"}}],"inLanguage":"es"},{"@type":"Organization","@id":"https:\/\/acuariosupremus.com\/#organization","name":"Acuario Supremus","url":"https:\/\/acuariosupremus.com\/","logo":{"@type":"ImageObject","inLanguage":"es","@id":"https:\/\/acuariosupremus.com\/#\/schema\/logo\/image\/","url":"https:\/\/acuariosupremus.com\/wp-content\/uploads\/2021\/12\/cropped-logo_acuario_supremus_fn-2.png","contentUrl":"https:\/\/acuariosupremus.com\/wp-content\/uploads\/2021\/12\/cropped-logo_acuario_supremus_fn-2.png","width":1000,"height":318,"caption":"Acuario Supremus"},"image":{"@id":"https:\/\/acuariosupremus.com\/#\/schema\/logo\/image\/"},"sameAs":["https:\/\/www.facebook.com\/AcuarioSupremus","https:\/\/x.com\/AcuarioSupremus","https:\/\/www.instagram.com\/acuariosupremus\/?hl=es"]}]}},"jetpack_sharing_enabled":true,"_links":{"self":[{"href":"https:\/\/acuariosupremus.com\/index.php?rest_route=\/wp\/v2\/product\/7874","targetHints":{"allow":["GET"]}}],"collection":[{"href":"https:\/\/acuariosupremus.com\/index.php?rest_route=\/wp\/v2\/product"}],"about":[{"href":"https:\/\/acuariosupremus.com\/index.php?rest_route=\/wp\/v2\/types\/product"}],"wp:featuredmedia":[{"embeddable":true,"href":"https:\/\/acuariosupremus.com\/index.php?rest_route=\/wp\/v2\/media\/7875"}],"wp:attachment":[{"href":"https:\/\/acuariosupremus.com\/index.php?rest_route=%2Fwp%2Fv2%2Fmedia&parent=7874"}],"wp:term":[{"taxonomy":"product_brand","embeddable":true,"href":"https:\/\/acuariosupremus.com\/index.php?rest_route=%2Fwp%2Fv2%2Fproduct_brand&post=7874"},{"taxonomy":"product_cat","embeddable":true,"href":"https:\/\/acuariosupremus.com\/index.php?rest_route=%2Fwp%2Fv2%2Fproduct_cat&post=7874"},{"taxonomy":"product_tag","embeddable":true,"href":"https:\/\/acuariosupremus.com\/index.php?rest_route=%2Fwp%2Fv2%2Fproduct_tag&post=7874"}],"curies":[{"name":"wp","href":"https:\/\/api.w.org\/{rel}","templated":true}]}}