{"id":8086,"date":"2022-04-30T14:10:17","date_gmt":"2022-04-30T19:10:17","guid":{"rendered":"https:\/\/acuariosupremus.com\/?post_type=product&#038;p=8086"},"modified":"2026-01-14T15:31:23","modified_gmt":"2026-01-14T21:31:23","slug":"espumador-alto-desempeno-boyu-db-200-desmontable-1000-1200-litros","status":"publish","type":"product","link":"https:\/\/acuariosupremus.com\/?product=espumador-alto-desempeno-boyu-db-200-desmontable-1000-1200-litros","title":{"rendered":"Espumador alto desempe\u00f1o BOYU DB-200 desmontable, 1000-1200 litros."},"content":{"rendered":"<p>Cuenta con una bomba dotada con tecnolog\u00eda ECO y equipada con un rotor de pines para fraccionar las burbujas hasta di\u00e1metros muy peque\u00f1os. Esta bomba est\u00e1 situada en la base del reactor en el interior del espumador. Esta ubicaci\u00f3n favorece un dise\u00f1o ultra-compacto y totalmente desmontable sin la necesidad de usar herramientas, que permite colocar estos espumadores casi en cualquier lugar. El dise\u00f1o de c\u00e1maras conc\u00e9ntricas de su reactor genera un \u00f3ptimo balance entre caudal y presi\u00f3n del fluido, al tiempo que maximiza el contacto de las micro-burbujas con el agua. El sistema de alimentaci\u00f3n de aire es regulable y cuenta con un silenciador formado por una c\u00e1mara de pre-filtraci\u00f3n. Este sistema consta de un Venturi situado previamente a la bomba de agua para producir una alta densidad de burbujas. El flujo de agua es regulable electr\u00f3nicamente mediante una consola digital en los modelo DB-200, entrando y saliendo por debajo de las c\u00e1maras de reacci\u00f3n para optimizar el espacio y reducir la emisi\u00f3n al agua de micro-burbujas.<\/p>\n<p>Corriente: AC 127v\/60Hz (V\/HZ) Consumo 35(W\/h)\u00a0 Long. Cable 120+147+170 (cm) Tipo de enchufe: \u201cA\u201d 2 pines Protecci\u00f3n El\u00e9ctrica: IPX68\u00a0\u00a0 Peso: 3,785(grs.) Dimensiones: 276 x 236 x 551 (l x a x h, mm)\u00a0 Dim. embalaje: 280 x 275 x 640 (l x a x h, mm) Peso con embalaje: 4,980(Grs)\u00a0 Agua salada: 600\u00a0 (L) Caudal aprox: 1200 (l\/h) Bomba de Frecuencia Variable ECO:<strong>SI<\/strong><\/p>\n","protected":false},"excerpt":{"rendered":"<p>Alta Tecnolog\u00eda y rendimiento.<br \/>\nLa l\u00ednea de espumadores Premium de la serie DB es la es la m\u00e1s avanzada e innovadora de la marca BOYU. Estos espumadores est\u00e1n dise\u00f1ados para funcionar en una urna bajo el acuario (tipo \u201csump\u201d) y tienen un dise\u00f1o ultra-compacto y desmontable, que combina un flujo ascendente\/descendente de burbujas a trav\u00e9s de dos c\u00e1maras conc\u00e9ntricas y separadas por una l\u00e1mina de dispersi\u00f3n.<\/p>\n","protected":false},"featured_media":8080,"template":"","meta":[],"product_brand":[122],"product_cat":[40,49],"product_tag":[178,636,635,634,185,176],"class_list":{"0":"post-8086","1":"product","2":"type-product","3":"status-publish","4":"has-post-thumbnail","6":"product_brand-boyu","7":"product_cat-peces","8":"product_cat-espumadores-y-desnatadores","9":"product_tag-arrecife","10":"product_tag-espumador","11":"product_tag-espumador-boyu-db","12":"product_tag-espumador-desmontable","13":"product_tag-peces-marinos","14":"product_tag-skimmer","16":"first","17":"instock","18":"sale","19":"shipping-taxable","20":"purchasable","21":"product-type-simple"},"yoast_head":"<!-- This site is optimized with the Yoast SEO plugin v27.4 - https:\/\/yoast.com\/product\/yoast-seo-wordpress\/ -->\n<title>Espumador alto desempe\u00f1o BOYU DB-200 desmontable, 1000-1200 litros. | Acuario Supremus<\/title>\n<meta name=\"description\" content=\"Alta Tecnolog\u00eda y rendimiento.La l\u00ednea de espumadores Premium de la serie DB es la es la m\u00e1s avanzada e innovadora de la marca BOYU.\" \/>\n<meta name=\"robots\" content=\"index, follow, max-snippet:-1, max-image-preview:large, max-video-preview:-1\" \/>\n<link rel=\"canonical\" href=\"https:\/\/acuariosupremus.com\/?product=espumador-alto-desempeno-boyu-db-200-desmontable-1000-1200-litros\" \/>\n<meta property=\"og:locale\" content=\"es_MX\" \/>\n<meta property=\"og:type\" content=\"article\" \/>\n<meta property=\"og:title\" content=\"Espumador alto desempe\u00f1o BOYU DB-200 desmontable, 1000-1200 litros. | Acuario Supremus\" \/>\n<meta property=\"og:description\" content=\"Alta Tecnolog\u00eda y rendimiento.La l\u00ednea de espumadores Premium de la serie DB es la es la m\u00e1s avanzada e innovadora de la marca BOYU.\" \/>\n<meta property=\"og:url\" content=\"https:\/\/acuariosupremus.com\/?product=espumador-alto-desempeno-boyu-db-200-desmontable-1000-1200-litros\" \/>\n<meta property=\"og:site_name\" content=\"Acuario Supremus\" \/>\n<meta property=\"article:publisher\" content=\"https:\/\/www.facebook.com\/AcuarioSupremus\" \/>\n<meta property=\"article:modified_time\" content=\"2026-01-14T21:31:23+00:00\" \/>\n<meta property=\"og:image\" content=\"https:\/\/acuariosupremus.com\/wp-content\/uploads\/2022\/04\/espumadores_de_proteinas_db_01.jpg\" \/>\n\t<meta property=\"og:image:width\" content=\"1250\" \/>\n\t<meta property=\"og:image:height\" content=\"1250\" \/>\n\t<meta property=\"og:image:type\" content=\"image\/jpeg\" \/>\n<meta name=\"twitter:card\" content=\"summary_large_image\" \/>\n<meta name=\"twitter:site\" content=\"@AcuarioSupremus\" \/>\n<meta name=\"twitter:label1\" content=\"Tiempo de lectura\" \/>\n\t<meta name=\"twitter:data1\" content=\"2 minutos\" \/>\n<script type=\"application\/ld+json\" class=\"yoast-schema-graph\">{\"@context\":\"https:\\\/\\\/schema.org\",\"@graph\":[{\"@type\":\"WebPage\",\"@id\":\"https:\\\/\\\/acuariosupremus.com\\\/?product=espumador-alto-desempeno-boyu-db-200-desmontable-1000-1200-litros\",\"url\":\"https:\\\/\\\/acuariosupremus.com\\\/?product=espumador-alto-desempeno-boyu-db-200-desmontable-1000-1200-litros\",\"name\":\"Espumador alto desempe\u00f1o BOYU DB-200 desmontable, 1000-1200 litros. | Acuario Supremus\",\"isPartOf\":{\"@id\":\"https:\\\/\\\/acuariosupremus.com\\\/#website\"},\"primaryImageOfPage\":{\"@id\":\"https:\\\/\\\/acuariosupremus.com\\\/?product=espumador-alto-desempeno-boyu-db-200-desmontable-1000-1200-litros#primaryimage\"},\"image\":{\"@id\":\"https:\\\/\\\/acuariosupremus.com\\\/?product=espumador-alto-desempeno-boyu-db-200-desmontable-1000-1200-litros#primaryimage\"},\"thumbnailUrl\":\"https:\\\/\\\/acuariosupremus.com\\\/wp-content\\\/uploads\\\/2022\\\/04\\\/espumadores_de_proteinas_db_01.jpg\",\"datePublished\":\"2022-04-30T19:10:17+00:00\",\"dateModified\":\"2026-01-14T21:31:23+00:00\",\"description\":\"Alta Tecnolog\u00eda y rendimiento.La l\u00ednea de espumadores Premium de la serie DB es la es la m\u00e1s avanzada e innovadora de la marca BOYU.\",\"breadcrumb\":{\"@id\":\"https:\\\/\\\/acuariosupremus.com\\\/?product=espumador-alto-desempeno-boyu-db-200-desmontable-1000-1200-litros#breadcrumb\"},\"inLanguage\":\"es\",\"potentialAction\":[{\"@type\":\"ReadAction\",\"target\":[\"https:\\\/\\\/acuariosupremus.com\\\/?product=espumador-alto-desempeno-boyu-db-200-desmontable-1000-1200-litros\"]}]},{\"@type\":\"ImageObject\",\"inLanguage\":\"es\",\"@id\":\"https:\\\/\\\/acuariosupremus.com\\\/?product=espumador-alto-desempeno-boyu-db-200-desmontable-1000-1200-litros#primaryimage\",\"url\":\"https:\\\/\\\/acuariosupremus.com\\\/wp-content\\\/uploads\\\/2022\\\/04\\\/espumadores_de_proteinas_db_01.jpg\",\"contentUrl\":\"https:\\\/\\\/acuariosupremus.com\\\/wp-content\\\/uploads\\\/2022\\\/04\\\/espumadores_de_proteinas_db_01.jpg\",\"width\":1250,\"height\":1250},{\"@type\":\"BreadcrumbList\",\"@id\":\"https:\\\/\\\/acuariosupremus.com\\\/?product=espumador-alto-desempeno-boyu-db-200-desmontable-1000-1200-litros#breadcrumb\",\"itemListElement\":[{\"@type\":\"ListItem\",\"position\":1,\"name\":\"Portada\",\"item\":\"https:\\\/\\\/acuariosupremus.com\\\/\"},{\"@type\":\"ListItem\",\"position\":2,\"name\":\"Tienda\",\"item\":\"https:\\\/\\\/acuariosupremus.com\\\/tienda\\\/\"},{\"@type\":\"ListItem\",\"position\":3,\"name\":\"Espumador alto desempe\u00f1o BOYU DB-200 desmontable, 1000-1200 litros.\"}]},{\"@type\":\"WebSite\",\"@id\":\"https:\\\/\\\/acuariosupremus.com\\\/#website\",\"url\":\"https:\\\/\\\/acuariosupremus.com\\\/\",\"name\":\"Acuario Supremus\",\"description\":\"Peces, Peceras y Mascotas.\",\"publisher\":{\"@id\":\"https:\\\/\\\/acuariosupremus.com\\\/#organization\"},\"potentialAction\":[{\"@type\":\"SearchAction\",\"target\":{\"@type\":\"EntryPoint\",\"urlTemplate\":\"https:\\\/\\\/acuariosupremus.com\\\/?s={search_term_string}\"},\"query-input\":{\"@type\":\"PropertyValueSpecification\",\"valueRequired\":true,\"valueName\":\"search_term_string\"}}],\"inLanguage\":\"es\"},{\"@type\":\"Organization\",\"@id\":\"https:\\\/\\\/acuariosupremus.com\\\/#organization\",\"name\":\"Acuario Supremus\",\"url\":\"https:\\\/\\\/acuariosupremus.com\\\/\",\"logo\":{\"@type\":\"ImageObject\",\"inLanguage\":\"es\",\"@id\":\"https:\\\/\\\/acuariosupremus.com\\\/#\\\/schema\\\/logo\\\/image\\\/\",\"url\":\"https:\\\/\\\/acuariosupremus.com\\\/wp-content\\\/uploads\\\/2021\\\/12\\\/cropped-logo_acuario_supremus_fn-2.png\",\"contentUrl\":\"https:\\\/\\\/acuariosupremus.com\\\/wp-content\\\/uploads\\\/2021\\\/12\\\/cropped-logo_acuario_supremus_fn-2.png\",\"width\":1000,\"height\":318,\"caption\":\"Acuario Supremus\"},\"image\":{\"@id\":\"https:\\\/\\\/acuariosupremus.com\\\/#\\\/schema\\\/logo\\\/image\\\/\"},\"sameAs\":[\"https:\\\/\\\/www.facebook.com\\\/AcuarioSupremus\",\"https:\\\/\\\/x.com\\\/AcuarioSupremus\",\"https:\\\/\\\/www.instagram.com\\\/acuariosupremus\\\/?hl=es\"]}]}<\/script>\n<!-- \/ Yoast SEO plugin. -->","yoast_head_json":{"title":"Espumador alto desempe\u00f1o BOYU DB-200 desmontable, 1000-1200 litros. | Acuario Supremus","description":"Alta Tecnolog\u00eda y rendimiento.La l\u00ednea de espumadores Premium de la serie DB es la es la m\u00e1s avanzada e innovadora de la marca BOYU.","robots":{"index":"index","follow":"follow","max-snippet":"max-snippet:-1","max-image-preview":"max-image-preview:large","max-video-preview":"max-video-preview:-1"},"canonical":"https:\/\/acuariosupremus.com\/?product=espumador-alto-desempeno-boyu-db-200-desmontable-1000-1200-litros","og_locale":"es_MX","og_type":"article","og_title":"Espumador alto desempe\u00f1o BOYU DB-200 desmontable, 1000-1200 litros. | Acuario Supremus","og_description":"Alta Tecnolog\u00eda y rendimiento.La l\u00ednea de espumadores Premium de la serie DB es la es la m\u00e1s avanzada e innovadora de la marca BOYU.","og_url":"https:\/\/acuariosupremus.com\/?product=espumador-alto-desempeno-boyu-db-200-desmontable-1000-1200-litros","og_site_name":"Acuario Supremus","article_publisher":"https:\/\/www.facebook.com\/AcuarioSupremus","article_modified_time":"2026-01-14T21:31:23+00:00","og_image":[{"width":1250,"height":1250,"url":"https:\/\/acuariosupremus.com\/wp-content\/uploads\/2022\/04\/espumadores_de_proteinas_db_01.jpg","type":"image\/jpeg"}],"twitter_card":"summary_large_image","twitter_site":"@AcuarioSupremus","twitter_misc":{"Tiempo de lectura":"2 minutos"},"schema":{"@context":"https:\/\/schema.org","@graph":[{"@type":"WebPage","@id":"https:\/\/acuariosupremus.com\/?product=espumador-alto-desempeno-boyu-db-200-desmontable-1000-1200-litros","url":"https:\/\/acuariosupremus.com\/?product=espumador-alto-desempeno-boyu-db-200-desmontable-1000-1200-litros","name":"Espumador alto desempe\u00f1o BOYU DB-200 desmontable, 1000-1200 litros. | Acuario Supremus","isPartOf":{"@id":"https:\/\/acuariosupremus.com\/#website"},"primaryImageOfPage":{"@id":"https:\/\/acuariosupremus.com\/?product=espumador-alto-desempeno-boyu-db-200-desmontable-1000-1200-litros#primaryimage"},"image":{"@id":"https:\/\/acuariosupremus.com\/?product=espumador-alto-desempeno-boyu-db-200-desmontable-1000-1200-litros#primaryimage"},"thumbnailUrl":"https:\/\/acuariosupremus.com\/wp-content\/uploads\/2022\/04\/espumadores_de_proteinas_db_01.jpg","datePublished":"2022-04-30T19:10:17+00:00","dateModified":"2026-01-14T21:31:23+00:00","description":"Alta Tecnolog\u00eda y rendimiento.La l\u00ednea de espumadores Premium de la serie DB es la es la m\u00e1s avanzada e innovadora de la marca BOYU.","breadcrumb":{"@id":"https:\/\/acuariosupremus.com\/?product=espumador-alto-desempeno-boyu-db-200-desmontable-1000-1200-litros#breadcrumb"},"inLanguage":"es","potentialAction":[{"@type":"ReadAction","target":["https:\/\/acuariosupremus.com\/?product=espumador-alto-desempeno-boyu-db-200-desmontable-1000-1200-litros"]}]},{"@type":"ImageObject","inLanguage":"es","@id":"https:\/\/acuariosupremus.com\/?product=espumador-alto-desempeno-boyu-db-200-desmontable-1000-1200-litros#primaryimage","url":"https:\/\/acuariosupremus.com\/wp-content\/uploads\/2022\/04\/espumadores_de_proteinas_db_01.jpg","contentUrl":"https:\/\/acuariosupremus.com\/wp-content\/uploads\/2022\/04\/espumadores_de_proteinas_db_01.jpg","width":1250,"height":1250},{"@type":"BreadcrumbList","@id":"https:\/\/acuariosupremus.com\/?product=espumador-alto-desempeno-boyu-db-200-desmontable-1000-1200-litros#breadcrumb","itemListElement":[{"@type":"ListItem","position":1,"name":"Portada","item":"https:\/\/acuariosupremus.com\/"},{"@type":"ListItem","position":2,"name":"Tienda","item":"https:\/\/acuariosupremus.com\/tienda\/"},{"@type":"ListItem","position":3,"name":"Espumador alto desempe\u00f1o BOYU DB-200 desmontable, 1000-1200 litros."}]},{"@type":"WebSite","@id":"https:\/\/acuariosupremus.com\/#website","url":"https:\/\/acuariosupremus.com\/","name":"Acuario Supremus","description":"Peces, Peceras y Mascotas.","publisher":{"@id":"https:\/\/acuariosupremus.com\/#organization"},"potentialAction":[{"@type":"SearchAction","target":{"@type":"EntryPoint","urlTemplate":"https:\/\/acuariosupremus.com\/?s={search_term_string}"},"query-input":{"@type":"PropertyValueSpecification","valueRequired":true,"valueName":"search_term_string"}}],"inLanguage":"es"},{"@type":"Organization","@id":"https:\/\/acuariosupremus.com\/#organization","name":"Acuario Supremus","url":"https:\/\/acuariosupremus.com\/","logo":{"@type":"ImageObject","inLanguage":"es","@id":"https:\/\/acuariosupremus.com\/#\/schema\/logo\/image\/","url":"https:\/\/acuariosupremus.com\/wp-content\/uploads\/2021\/12\/cropped-logo_acuario_supremus_fn-2.png","contentUrl":"https:\/\/acuariosupremus.com\/wp-content\/uploads\/2021\/12\/cropped-logo_acuario_supremus_fn-2.png","width":1000,"height":318,"caption":"Acuario Supremus"},"image":{"@id":"https:\/\/acuariosupremus.com\/#\/schema\/logo\/image\/"},"sameAs":["https:\/\/www.facebook.com\/AcuarioSupremus","https:\/\/x.com\/AcuarioSupremus","https:\/\/www.instagram.com\/acuariosupremus\/?hl=es"]}]}},"jetpack_sharing_enabled":true,"_links":{"self":[{"href":"https:\/\/acuariosupremus.com\/index.php?rest_route=\/wp\/v2\/product\/8086","targetHints":{"allow":["GET"]}}],"collection":[{"href":"https:\/\/acuariosupremus.com\/index.php?rest_route=\/wp\/v2\/product"}],"about":[{"href":"https:\/\/acuariosupremus.com\/index.php?rest_route=\/wp\/v2\/types\/product"}],"wp:featuredmedia":[{"embeddable":true,"href":"https:\/\/acuariosupremus.com\/index.php?rest_route=\/wp\/v2\/media\/8080"}],"wp:attachment":[{"href":"https:\/\/acuariosupremus.com\/index.php?rest_route=%2Fwp%2Fv2%2Fmedia&parent=8086"}],"wp:term":[{"taxonomy":"product_brand","embeddable":true,"href":"https:\/\/acuariosupremus.com\/index.php?rest_route=%2Fwp%2Fv2%2Fproduct_brand&post=8086"},{"taxonomy":"product_cat","embeddable":true,"href":"https:\/\/acuariosupremus.com\/index.php?rest_route=%2Fwp%2Fv2%2Fproduct_cat&post=8086"},{"taxonomy":"product_tag","embeddable":true,"href":"https:\/\/acuariosupremus.com\/index.php?rest_route=%2Fwp%2Fv2%2Fproduct_tag&post=8086"}],"curies":[{"name":"wp","href":"https:\/\/api.w.org\/{rel}","templated":true}]}}