{"id":8116,"date":"2022-04-30T15:27:54","date_gmt":"2022-04-30T20:27:54","guid":{"rendered":"https:\/\/acuariosupremus.com\/?post_type=product&#038;p=8116"},"modified":"2025-12-25T15:09:49","modified_gmt":"2025-12-25T21:09:49","slug":"espumador-de-albumina-con-ventosa-150-litros-boyu-wg-318b","status":"publish","type":"product","link":"https:\/\/acuariosupremus.com\/?product=espumador-de-albumina-con-ventosa-150-litros-boyu-wg-318b","title":{"rendered":"Espumador de alb\u00famina con ventosa 150 litros, BOYU WG-318B."},"content":{"rendered":"<p>Estos espumadores tienen un dise\u00f1o \u00fanico que combina un flujo a contra-corriente, una bomba situada en la base del reactor y una configuraci\u00f3n del Venturi anterior al rotor atomizador. La ubicaci\u00f3n de la bomba favorece un dise\u00f1o ultra-compacto y desmontable que permite ubicar el espumador casi en cualquier lugar, mientras que el dise\u00f1o de tubos conc\u00e9ntricos de sus reactores genera un \u00f3ptimo balance entre caudal y presi\u00f3n del fluido, al tiempo que maximiza el contacto de las micro-burbujas con el agua. Un eficiente Venturi ubicado antes que la bomba permite que su rotor especial equipado con palas espec\u00edficas pueda fraccionar las burbujas hasta di\u00e1metros muy peque\u00f1os, produciendo una alta densidad de ellas.<\/p>\n<p>Corriente: AC 127v\/60Hz (V\/HZ) Consumo 7.5 (W\/h)\u00a0 Long. Cable 148 (cm) Tipo de enchufe: \u201cA\u201d 2 pines Protecci\u00f3n El\u00e9ctrica: IPX68\u00a0\u00a0 Peso: 615 (grs.) Dimensiones: 88 x 110 x 316 (l x a x h, mm) Dim. embalaje: 80 x 105 x 425 (l x a x h, mm) Peso con embalaje: 700 (Grs)\u00a0 Agua salada: 100-150 (L) Caudal aprox: 150 (l\/h).<\/p>\n","protected":false},"excerpt":{"rendered":"<p>Alta Tecnolog\u00eda y rendimiento.<br \/>\nLa l\u00ednea BOYU de espumadores de la serie WG es la m\u00e1s compacta y eficiente del mercado actual.<\/p>\n","protected":false},"featured_media":8117,"template":"","meta":[],"product_brand":[122],"product_cat":[40,49],"product_tag":[178,636,640,634,185,176],"class_list":{"0":"post-8116","1":"product","2":"type-product","3":"status-publish","4":"has-post-thumbnail","6":"product_brand-boyu","7":"product_cat-peces","8":"product_cat-espumadores-y-desnatadores","9":"product_tag-arrecife","10":"product_tag-espumador","11":"product_tag-espumador-boyu-wg","12":"product_tag-espumador-desmontable","13":"product_tag-peces-marinos","14":"product_tag-skimmer","16":"first","17":"instock","18":"sale","19":"shipping-taxable","20":"purchasable","21":"product-type-simple"},"yoast_head":"<!-- This site is optimized with the Yoast SEO plugin v27.5 - https:\/\/yoast.com\/product\/yoast-seo-wordpress\/ -->\n<title>Espumador de alb\u00famina con ventosa 150 litros, BOYU WG-318B. | Acuario Supremus<\/title>\n<meta name=\"description\" content=\"Alta Tecnolog\u00eda y rendimiento, la l\u00ednea BOYU de espumadores de la serie WG es la m\u00e1s compacta y eficiente del mercado actual.\" \/>\n<meta name=\"robots\" content=\"index, follow, max-snippet:-1, max-image-preview:large, max-video-preview:-1\" \/>\n<link rel=\"canonical\" href=\"https:\/\/acuariosupremus.com\/?product=espumador-de-albumina-con-ventosa-150-litros-boyu-wg-318b\" \/>\n<meta property=\"og:locale\" content=\"es_MX\" \/>\n<meta property=\"og:type\" content=\"article\" \/>\n<meta property=\"og:title\" content=\"Espumador de alb\u00famina con ventosa 150 litros, BOYU WG-318B. | Acuario Supremus\" \/>\n<meta property=\"og:description\" content=\"Alta Tecnolog\u00eda y rendimiento, la l\u00ednea BOYU de espumadores de la serie WG es la m\u00e1s compacta y eficiente del mercado actual.\" \/>\n<meta property=\"og:url\" content=\"https:\/\/acuariosupremus.com\/?product=espumador-de-albumina-con-ventosa-150-litros-boyu-wg-318b\" \/>\n<meta property=\"og:site_name\" content=\"Acuario Supremus\" \/>\n<meta property=\"article:publisher\" content=\"https:\/\/www.facebook.com\/AcuarioSupremus\" \/>\n<meta property=\"article:modified_time\" content=\"2025-12-25T21:09:49+00:00\" \/>\n<meta property=\"og:image\" content=\"https:\/\/acuariosupremus.com\/wp-content\/uploads\/2022\/04\/espumador_de_proteinas_wg-318b_01.jpg\" \/>\n\t<meta property=\"og:image:width\" content=\"1250\" \/>\n\t<meta property=\"og:image:height\" content=\"1250\" \/>\n\t<meta property=\"og:image:type\" content=\"image\/jpeg\" \/>\n<meta name=\"twitter:card\" content=\"summary_large_image\" \/>\n<meta name=\"twitter:site\" content=\"@AcuarioSupremus\" \/>\n<meta name=\"twitter:label1\" content=\"Tiempo de lectura\" \/>\n\t<meta name=\"twitter:data1\" content=\"1 minuto\" \/>\n<script type=\"application\/ld+json\" class=\"yoast-schema-graph\">{\"@context\":\"https:\\\/\\\/schema.org\",\"@graph\":[{\"@type\":\"WebPage\",\"@id\":\"https:\\\/\\\/acuariosupremus.com\\\/?product=espumador-de-albumina-con-ventosa-150-litros-boyu-wg-318b\",\"url\":\"https:\\\/\\\/acuariosupremus.com\\\/?product=espumador-de-albumina-con-ventosa-150-litros-boyu-wg-318b\",\"name\":\"Espumador de alb\u00famina con ventosa 150 litros, BOYU WG-318B. | Acuario Supremus\",\"isPartOf\":{\"@id\":\"https:\\\/\\\/acuariosupremus.com\\\/#website\"},\"primaryImageOfPage\":{\"@id\":\"https:\\\/\\\/acuariosupremus.com\\\/?product=espumador-de-albumina-con-ventosa-150-litros-boyu-wg-318b#primaryimage\"},\"image\":{\"@id\":\"https:\\\/\\\/acuariosupremus.com\\\/?product=espumador-de-albumina-con-ventosa-150-litros-boyu-wg-318b#primaryimage\"},\"thumbnailUrl\":\"https:\\\/\\\/acuariosupremus.com\\\/wp-content\\\/uploads\\\/2022\\\/04\\\/espumador_de_proteinas_wg-318b_01.jpg\",\"datePublished\":\"2022-04-30T20:27:54+00:00\",\"dateModified\":\"2025-12-25T21:09:49+00:00\",\"description\":\"Alta Tecnolog\u00eda y rendimiento, la l\u00ednea BOYU de espumadores de la serie WG es la m\u00e1s compacta y eficiente del mercado actual.\",\"breadcrumb\":{\"@id\":\"https:\\\/\\\/acuariosupremus.com\\\/?product=espumador-de-albumina-con-ventosa-150-litros-boyu-wg-318b#breadcrumb\"},\"inLanguage\":\"es\",\"potentialAction\":[{\"@type\":\"ReadAction\",\"target\":[\"https:\\\/\\\/acuariosupremus.com\\\/?product=espumador-de-albumina-con-ventosa-150-litros-boyu-wg-318b\"]}]},{\"@type\":\"ImageObject\",\"inLanguage\":\"es\",\"@id\":\"https:\\\/\\\/acuariosupremus.com\\\/?product=espumador-de-albumina-con-ventosa-150-litros-boyu-wg-318b#primaryimage\",\"url\":\"https:\\\/\\\/acuariosupremus.com\\\/wp-content\\\/uploads\\\/2022\\\/04\\\/espumador_de_proteinas_wg-318b_01.jpg\",\"contentUrl\":\"https:\\\/\\\/acuariosupremus.com\\\/wp-content\\\/uploads\\\/2022\\\/04\\\/espumador_de_proteinas_wg-318b_01.jpg\",\"width\":1250,\"height\":1250},{\"@type\":\"BreadcrumbList\",\"@id\":\"https:\\\/\\\/acuariosupremus.com\\\/?product=espumador-de-albumina-con-ventosa-150-litros-boyu-wg-318b#breadcrumb\",\"itemListElement\":[{\"@type\":\"ListItem\",\"position\":1,\"name\":\"Portada\",\"item\":\"https:\\\/\\\/acuariosupremus.com\\\/\"},{\"@type\":\"ListItem\",\"position\":2,\"name\":\"Tienda\",\"item\":\"https:\\\/\\\/acuariosupremus.com\\\/tienda\\\/\"},{\"@type\":\"ListItem\",\"position\":3,\"name\":\"Espumador de alb\u00famina con ventosa 150 litros, BOYU WG-318B.\"}]},{\"@type\":\"WebSite\",\"@id\":\"https:\\\/\\\/acuariosupremus.com\\\/#website\",\"url\":\"https:\\\/\\\/acuariosupremus.com\\\/\",\"name\":\"Acuario Supremus\",\"description\":\"Peces, Peceras y Mascotas.\",\"publisher\":{\"@id\":\"https:\\\/\\\/acuariosupremus.com\\\/#organization\"},\"potentialAction\":[{\"@type\":\"SearchAction\",\"target\":{\"@type\":\"EntryPoint\",\"urlTemplate\":\"https:\\\/\\\/acuariosupremus.com\\\/?s={search_term_string}\"},\"query-input\":{\"@type\":\"PropertyValueSpecification\",\"valueRequired\":true,\"valueName\":\"search_term_string\"}}],\"inLanguage\":\"es\"},{\"@type\":\"Organization\",\"@id\":\"https:\\\/\\\/acuariosupremus.com\\\/#organization\",\"name\":\"Acuario Supremus\",\"url\":\"https:\\\/\\\/acuariosupremus.com\\\/\",\"logo\":{\"@type\":\"ImageObject\",\"inLanguage\":\"es\",\"@id\":\"https:\\\/\\\/acuariosupremus.com\\\/#\\\/schema\\\/logo\\\/image\\\/\",\"url\":\"https:\\\/\\\/acuariosupremus.com\\\/wp-content\\\/uploads\\\/2021\\\/12\\\/cropped-logo_acuario_supremus_fn-2.png\",\"contentUrl\":\"https:\\\/\\\/acuariosupremus.com\\\/wp-content\\\/uploads\\\/2021\\\/12\\\/cropped-logo_acuario_supremus_fn-2.png\",\"width\":1000,\"height\":318,\"caption\":\"Acuario Supremus\"},\"image\":{\"@id\":\"https:\\\/\\\/acuariosupremus.com\\\/#\\\/schema\\\/logo\\\/image\\\/\"},\"sameAs\":[\"https:\\\/\\\/www.facebook.com\\\/AcuarioSupremus\",\"https:\\\/\\\/x.com\\\/AcuarioSupremus\",\"https:\\\/\\\/www.instagram.com\\\/acuariosupremus\\\/?hl=es\"]}]}<\/script>\n<!-- \/ Yoast SEO plugin. -->","yoast_head_json":{"title":"Espumador de alb\u00famina con ventosa 150 litros, BOYU WG-318B. | Acuario Supremus","description":"Alta Tecnolog\u00eda y rendimiento, la l\u00ednea BOYU de espumadores de la serie WG es la m\u00e1s compacta y eficiente del mercado actual.","robots":{"index":"index","follow":"follow","max-snippet":"max-snippet:-1","max-image-preview":"max-image-preview:large","max-video-preview":"max-video-preview:-1"},"canonical":"https:\/\/acuariosupremus.com\/?product=espumador-de-albumina-con-ventosa-150-litros-boyu-wg-318b","og_locale":"es_MX","og_type":"article","og_title":"Espumador de alb\u00famina con ventosa 150 litros, BOYU WG-318B. | Acuario Supremus","og_description":"Alta Tecnolog\u00eda y rendimiento, la l\u00ednea BOYU de espumadores de la serie WG es la m\u00e1s compacta y eficiente del mercado actual.","og_url":"https:\/\/acuariosupremus.com\/?product=espumador-de-albumina-con-ventosa-150-litros-boyu-wg-318b","og_site_name":"Acuario Supremus","article_publisher":"https:\/\/www.facebook.com\/AcuarioSupremus","article_modified_time":"2025-12-25T21:09:49+00:00","og_image":[{"width":1250,"height":1250,"url":"https:\/\/acuariosupremus.com\/wp-content\/uploads\/2022\/04\/espumador_de_proteinas_wg-318b_01.jpg","type":"image\/jpeg"}],"twitter_card":"summary_large_image","twitter_site":"@AcuarioSupremus","twitter_misc":{"Tiempo de lectura":"1 minuto"},"schema":{"@context":"https:\/\/schema.org","@graph":[{"@type":"WebPage","@id":"https:\/\/acuariosupremus.com\/?product=espumador-de-albumina-con-ventosa-150-litros-boyu-wg-318b","url":"https:\/\/acuariosupremus.com\/?product=espumador-de-albumina-con-ventosa-150-litros-boyu-wg-318b","name":"Espumador de alb\u00famina con ventosa 150 litros, BOYU WG-318B. | Acuario Supremus","isPartOf":{"@id":"https:\/\/acuariosupremus.com\/#website"},"primaryImageOfPage":{"@id":"https:\/\/acuariosupremus.com\/?product=espumador-de-albumina-con-ventosa-150-litros-boyu-wg-318b#primaryimage"},"image":{"@id":"https:\/\/acuariosupremus.com\/?product=espumador-de-albumina-con-ventosa-150-litros-boyu-wg-318b#primaryimage"},"thumbnailUrl":"https:\/\/acuariosupremus.com\/wp-content\/uploads\/2022\/04\/espumador_de_proteinas_wg-318b_01.jpg","datePublished":"2022-04-30T20:27:54+00:00","dateModified":"2025-12-25T21:09:49+00:00","description":"Alta Tecnolog\u00eda y rendimiento, la l\u00ednea BOYU de espumadores de la serie WG es la m\u00e1s compacta y eficiente del mercado actual.","breadcrumb":{"@id":"https:\/\/acuariosupremus.com\/?product=espumador-de-albumina-con-ventosa-150-litros-boyu-wg-318b#breadcrumb"},"inLanguage":"es","potentialAction":[{"@type":"ReadAction","target":["https:\/\/acuariosupremus.com\/?product=espumador-de-albumina-con-ventosa-150-litros-boyu-wg-318b"]}]},{"@type":"ImageObject","inLanguage":"es","@id":"https:\/\/acuariosupremus.com\/?product=espumador-de-albumina-con-ventosa-150-litros-boyu-wg-318b#primaryimage","url":"https:\/\/acuariosupremus.com\/wp-content\/uploads\/2022\/04\/espumador_de_proteinas_wg-318b_01.jpg","contentUrl":"https:\/\/acuariosupremus.com\/wp-content\/uploads\/2022\/04\/espumador_de_proteinas_wg-318b_01.jpg","width":1250,"height":1250},{"@type":"BreadcrumbList","@id":"https:\/\/acuariosupremus.com\/?product=espumador-de-albumina-con-ventosa-150-litros-boyu-wg-318b#breadcrumb","itemListElement":[{"@type":"ListItem","position":1,"name":"Portada","item":"https:\/\/acuariosupremus.com\/"},{"@type":"ListItem","position":2,"name":"Tienda","item":"https:\/\/acuariosupremus.com\/tienda\/"},{"@type":"ListItem","position":3,"name":"Espumador de alb\u00famina con ventosa 150 litros, BOYU WG-318B."}]},{"@type":"WebSite","@id":"https:\/\/acuariosupremus.com\/#website","url":"https:\/\/acuariosupremus.com\/","name":"Acuario Supremus","description":"Peces, Peceras y Mascotas.","publisher":{"@id":"https:\/\/acuariosupremus.com\/#organization"},"potentialAction":[{"@type":"SearchAction","target":{"@type":"EntryPoint","urlTemplate":"https:\/\/acuariosupremus.com\/?s={search_term_string}"},"query-input":{"@type":"PropertyValueSpecification","valueRequired":true,"valueName":"search_term_string"}}],"inLanguage":"es"},{"@type":"Organization","@id":"https:\/\/acuariosupremus.com\/#organization","name":"Acuario Supremus","url":"https:\/\/acuariosupremus.com\/","logo":{"@type":"ImageObject","inLanguage":"es","@id":"https:\/\/acuariosupremus.com\/#\/schema\/logo\/image\/","url":"https:\/\/acuariosupremus.com\/wp-content\/uploads\/2021\/12\/cropped-logo_acuario_supremus_fn-2.png","contentUrl":"https:\/\/acuariosupremus.com\/wp-content\/uploads\/2021\/12\/cropped-logo_acuario_supremus_fn-2.png","width":1000,"height":318,"caption":"Acuario Supremus"},"image":{"@id":"https:\/\/acuariosupremus.com\/#\/schema\/logo\/image\/"},"sameAs":["https:\/\/www.facebook.com\/AcuarioSupremus","https:\/\/x.com\/AcuarioSupremus","https:\/\/www.instagram.com\/acuariosupremus\/?hl=es"]}]}},"jetpack_sharing_enabled":true,"_links":{"self":[{"href":"https:\/\/acuariosupremus.com\/index.php?rest_route=\/wp\/v2\/product\/8116","targetHints":{"allow":["GET"]}}],"collection":[{"href":"https:\/\/acuariosupremus.com\/index.php?rest_route=\/wp\/v2\/product"}],"about":[{"href":"https:\/\/acuariosupremus.com\/index.php?rest_route=\/wp\/v2\/types\/product"}],"wp:featuredmedia":[{"embeddable":true,"href":"https:\/\/acuariosupremus.com\/index.php?rest_route=\/wp\/v2\/media\/8117"}],"wp:attachment":[{"href":"https:\/\/acuariosupremus.com\/index.php?rest_route=%2Fwp%2Fv2%2Fmedia&parent=8116"}],"wp:term":[{"taxonomy":"product_brand","embeddable":true,"href":"https:\/\/acuariosupremus.com\/index.php?rest_route=%2Fwp%2Fv2%2Fproduct_brand&post=8116"},{"taxonomy":"product_cat","embeddable":true,"href":"https:\/\/acuariosupremus.com\/index.php?rest_route=%2Fwp%2Fv2%2Fproduct_cat&post=8116"},{"taxonomy":"product_tag","embeddable":true,"href":"https:\/\/acuariosupremus.com\/index.php?rest_route=%2Fwp%2Fv2%2Fproduct_tag&post=8116"}],"curies":[{"name":"wp","href":"https:\/\/api.w.org\/{rel}","templated":true}]}}